* [xen-unstable-smoke test] 158453: tolerable all pass - PUSHED
@ 2021-01-16 1:08 osstest service owner
0 siblings, 0 replies; only message in thread
From: osstest service owner @ 2021-01-16 1:08 UTC (permalink / raw)
To: xen-devel, osstest-admin
flight 158453 xen-unstable-smoke real [real]
http://logs.test-lab.xenproject.org/osstest/logs/158453/
Failures :-/ but no regressions.
Tests which did not succeed, but are not blocking:
test-amd64-amd64-libvirt 15 migrate-support-check fail never pass
test-arm64-arm64-xl-xsm 15 migrate-support-check fail never pass
test-arm64-arm64-xl-xsm 16 saverestore-support-check fail never pass
test-armhf-armhf-xl 15 migrate-support-check fail never pass
test-armhf-armhf-xl 16 saverestore-support-check fail never pass
version targeted for testing:
xen db9c4ad1b1abaef3c38027b9b2700d9250d13125
baseline version:
xen 8868a0e3f67436a5fbee750624e24a6533357f52
Last test of basis 158434 2021-01-15 12:01:25 Z 0 days
Failing since 158438 2021-01-15 16:00:25 Z 0 days 4 attempts
Testing same since 158453 2021-01-15 23:00:25 Z 0 days 1 attempts
------------------------------------------------------------
People who touched revisions under test:
Jan Beulich <jbeulich@suse.com>
Julien Grall <jgrall@amazon.com>
Manuel Bouyer <bouyer@netbsd.org>
Stefano Stabellini <sstabellini@kernel.org>
jobs:
build-arm64-xsm pass
build-amd64 pass
build-armhf pass
build-amd64-libvirt pass
test-armhf-armhf-xl pass
test-arm64-arm64-xl-xsm pass
test-amd64-amd64-xl-qemuu-debianhvm-amd64 pass
test-amd64-amd64-libvirt pass
------------------------------------------------------------
sg-report-flight on osstest.test-lab.xenproject.org
logs: /home/logs/logs
images: /home/logs/images
Logs, config files, etc. are available at
http://logs.test-lab.xenproject.org/osstest/logs
Explanation of these reports, and of osstest in general, is at
http://xenbits.xen.org/gitweb/?p=osstest.git;a=blob;f=README.email;hb=master
http://xenbits.xen.org/gitweb/?p=osstest.git;a=blob;f=README;hb=master
Test harness code can be found at
http://xenbits.xen.org/gitweb?p=osstest.git;a=summary
Pushing revision :
To xenbits.xen.org:/home/xen/git/xen.git
8868a0e3f6..db9c4ad1b1 db9c4ad1b1abaef3c38027b9b2700d9250d13125 -> smoke
^ permalink raw reply [flat|nested] only message in thread
only message in thread, other threads:[~2021-01-16 1:08 UTC | newest]
Thread overview: (only message) (download: mbox.gz / follow: Atom feed)
-- links below jump to the message on this page --
2021-01-16 1:08 [xen-unstable-smoke test] 158453: tolerable all pass - PUSHED osstest service owner
This is a public inbox, see mirroring instructions
for how to clone and mirror all data and code used for this inbox;
as well as URLs for NNTP newsgroup(s).