* [xen-unstable-smoke test] 161409: tolerable all pass - PUSHED
@ 2021-04-23 17:17 osstest service owner
0 siblings, 0 replies; only message in thread
From: osstest service owner @ 2021-04-23 17:17 UTC (permalink / raw)
To: xen-devel, osstest-admin
flight 161409 xen-unstable-smoke real [real]
http://logs.test-lab.xenproject.org/osstest/logs/161409/
Failures :-/ but no regressions.
Tests which did not succeed, but are not blocking:
test-amd64-amd64-libvirt 15 migrate-support-check fail never pass
test-arm64-arm64-xl-xsm 15 migrate-support-check fail never pass
test-arm64-arm64-xl-xsm 16 saverestore-support-check fail never pass
test-armhf-armhf-xl 15 migrate-support-check fail never pass
test-armhf-armhf-xl 16 saverestore-support-check fail never pass
version targeted for testing:
xen fc5d0c98076b4c84fa978259eae0f521e95962c7
baseline version:
xen e9b4fe26364950258c9f57f0f68eccb778eeadbb
Last test of basis 161392 2021-04-22 22:00:28 Z 0 days
Testing same since 161409 2021-04-23 14:01:34 Z 0 days 1 attempts
------------------------------------------------------------
People who touched revisions under test:
Jan Beulich <jbeulich@suse.com>
Roger Pau Monné <roger.pau@citrix.com>
jobs:
build-arm64-xsm pass
build-amd64 pass
build-armhf pass
build-amd64-libvirt pass
test-armhf-armhf-xl pass
test-arm64-arm64-xl-xsm pass
test-amd64-amd64-xl-qemuu-debianhvm-amd64 pass
test-amd64-amd64-libvirt pass
------------------------------------------------------------
sg-report-flight on osstest.test-lab.xenproject.org
logs: /home/logs/logs
images: /home/logs/images
Logs, config files, etc. are available at
http://logs.test-lab.xenproject.org/osstest/logs
Explanation of these reports, and of osstest in general, is at
http://xenbits.xen.org/gitweb/?p=osstest.git;a=blob;f=README.email;hb=master
http://xenbits.xen.org/gitweb/?p=osstest.git;a=blob;f=README;hb=master
Test harness code can be found at
http://xenbits.xen.org/gitweb?p=osstest.git;a=summary
Pushing revision :
To xenbits.xen.org:/home/xen/git/xen.git
e9b4fe2636..fc5d0c9807 fc5d0c98076b4c84fa978259eae0f521e95962c7 -> smoke
^ permalink raw reply [flat|nested] only message in thread
only message in thread, other threads:[~2021-04-23 17:17 UTC | newest]
Thread overview: (only message) (download: mbox.gz / follow: Atom feed)
-- links below jump to the message on this page --
2021-04-23 17:17 [xen-unstable-smoke test] 161409: tolerable all pass - PUSHED osstest service owner
This is a public inbox, see mirroring instructions
for how to clone and mirror all data and code used for this inbox;
as well as URLs for NNTP newsgroup(s).