* [qemu-mainline test] 86214: regressions - trouble: broken/fail/pass
@ 2016-03-15 7:31 osstest service owner
0 siblings, 0 replies; only message in thread
From: osstest service owner @ 2016-03-15 7:31 UTC (permalink / raw)
To: xen-devel, osstest-admin
flight 86214 qemu-mainline real [real]
http://logs.test-lab.xenproject.org/osstest/logs/86214/
Regressions :-(
Tests which did not succeed and are blocking,
including tests which could not be run:
test-armhf-armhf-libvirt-xsm 3 host-install(3) broken REGR. vs. 85884
test-armhf-armhf-libvirt-raw 6 xen-boot fail REGR. vs. 85884
test-armhf-armhf-xl-credit2 15 guest-start/debian.repeat fail REGR. vs. 85884
Regressions which are regarded as allowable (not blocking):
test-armhf-armhf-xl-rtds 15 guest-start/debian.repeat fail blocked in 85884
test-amd64-i386-xl-qemuu-win7-amd64 16 guest-stop fail like 85884
test-amd64-amd64-xl-qemuu-win7-amd64 16 guest-stop fail like 85884
Tests which did not succeed, but are not blocking:
test-amd64-amd64-xl-pvh-amd 11 guest-start fail never pass
test-amd64-amd64-xl-pvh-intel 11 guest-start fail never pass
test-armhf-armhf-libvirt 14 guest-saverestore fail never pass
test-armhf-armhf-libvirt 12 migrate-support-check fail never pass
test-amd64-amd64-libvirt-xsm 12 migrate-support-check fail never pass
test-amd64-i386-libvirt 12 migrate-support-check fail never pass
test-amd64-amd64-qemuu-nested-amd 16 debian-hvm-install/l1/l2 fail never pass
test-amd64-i386-libvirt-xsm 12 migrate-support-check fail never pass
test-armhf-armhf-xl-arndale 12 migrate-support-check fail never pass
test-armhf-armhf-xl-arndale 13 saverestore-support-check fail never pass
test-amd64-amd64-libvirt 12 migrate-support-check fail never pass
test-amd64-i386-libvirt-qemuu-debianhvm-amd64-xsm 10 migrate-support-check fail never pass
test-armhf-armhf-xl 12 migrate-support-check fail never pass
test-armhf-armhf-xl 13 saverestore-support-check fail never pass
test-amd64-amd64-libvirt-qemuu-debianhvm-amd64-xsm 10 migrate-support-check fail never pass
test-amd64-amd64-libvirt-vhd 11 migrate-support-check fail never pass
test-armhf-armhf-xl-xsm 13 saverestore-support-check fail never pass
test-armhf-armhf-xl-xsm 12 migrate-support-check fail never pass
test-armhf-armhf-xl-cubietruck 12 migrate-support-check fail never pass
test-armhf-armhf-xl-cubietruck 13 saverestore-support-check fail never pass
test-armhf-armhf-xl-credit2 13 saverestore-support-check fail never pass
test-armhf-armhf-xl-credit2 12 migrate-support-check fail never pass
test-armhf-armhf-libvirt-qcow2 11 migrate-support-check fail never pass
test-armhf-armhf-libvirt-qcow2 13 guest-saverestore fail never pass
test-armhf-armhf-xl-rtds 13 saverestore-support-check fail never pass
test-armhf-armhf-xl-rtds 12 migrate-support-check fail never pass
test-armhf-armhf-xl-multivcpu 13 saverestore-support-check fail never pass
test-armhf-armhf-xl-multivcpu 12 migrate-support-check fail never pass
test-armhf-armhf-xl-vhd 11 migrate-support-check fail never pass
test-armhf-armhf-xl-vhd 12 saverestore-support-check fail never pass
version targeted for testing:
qemuu d1ab9681ac54a01aece0f17f082a7f8677311f51
baseline version:
qemuu a648c137383d84bc4f95696e5293978d9541a26e
Last test of basis 85884 2016-03-10 06:52:36 Z 5 days
Testing same since 86214 2016-03-14 12:20:15 Z 0 days 1 attempts
------------------------------------------------------------
People who touched revisions under test:
Christian Borntraeger <borntraeger@de.ibm.com>
Cornelia Huck <cornelia.huck@de.ibm.com>
Eugene (jno) Dvurechenski <jno@linux.vnet.ibm.com>
Janosch Frank <frankja@linux.vnet.ibm.com>
Matthew Rosato <mjrosato@linux.vnet.ibm.com>
Peter Maydell <peter.maydell@linaro.org>
jobs:
build-amd64-xsm pass
build-armhf-xsm pass
build-i386-xsm pass
build-amd64 pass
build-armhf pass
build-i386 pass
build-amd64-libvirt pass
build-armhf-libvirt pass
build-i386-libvirt pass
build-amd64-pvops pass
build-armhf-pvops pass
build-i386-pvops pass
test-amd64-amd64-xl pass
test-armhf-armhf-xl pass
test-amd64-i386-xl pass
test-amd64-amd64-libvirt-qemuu-debianhvm-amd64-xsm pass
test-amd64-i386-libvirt-qemuu-debianhvm-amd64-xsm pass
test-amd64-amd64-xl-qemuu-debianhvm-amd64-xsm pass
test-amd64-i386-xl-qemuu-debianhvm-amd64-xsm pass
test-amd64-amd64-libvirt-xsm pass
test-armhf-armhf-libvirt-xsm broken
test-amd64-i386-libvirt-xsm pass
test-amd64-amd64-xl-xsm pass
test-armhf-armhf-xl-xsm pass
test-amd64-i386-xl-xsm pass
test-amd64-amd64-qemuu-nested-amd fail
test-amd64-amd64-xl-pvh-amd fail
test-amd64-i386-qemuu-rhel6hvm-amd pass
test-amd64-amd64-xl-qemuu-debianhvm-amd64 pass
test-amd64-i386-xl-qemuu-debianhvm-amd64 pass
test-amd64-i386-freebsd10-amd64 pass
test-amd64-amd64-xl-qemuu-ovmf-amd64 pass
test-amd64-i386-xl-qemuu-ovmf-amd64 pass
test-amd64-amd64-xl-qemuu-win7-amd64 fail
test-amd64-i386-xl-qemuu-win7-amd64 fail
test-armhf-armhf-xl-arndale pass
test-amd64-amd64-xl-credit2 pass
test-armhf-armhf-xl-credit2 fail
test-armhf-armhf-xl-cubietruck pass
test-amd64-i386-freebsd10-i386 pass
test-amd64-amd64-qemuu-nested-intel pass
test-amd64-amd64-xl-pvh-intel fail
test-amd64-i386-qemuu-rhel6hvm-intel pass
test-amd64-amd64-libvirt pass
test-armhf-armhf-libvirt fail
test-amd64-i386-libvirt pass
test-amd64-amd64-xl-multivcpu pass
test-armhf-armhf-xl-multivcpu pass
test-amd64-amd64-pair pass
test-amd64-i386-pair pass
test-amd64-amd64-libvirt-pair pass
test-amd64-i386-libvirt-pair pass
test-amd64-amd64-amd64-pvgrub pass
test-amd64-amd64-i386-pvgrub pass
test-amd64-amd64-pygrub pass
test-armhf-armhf-libvirt-qcow2 fail
test-amd64-amd64-xl-qcow2 pass
test-armhf-armhf-libvirt-raw fail
test-amd64-i386-xl-raw pass
test-amd64-amd64-xl-rtds pass
test-armhf-armhf-xl-rtds fail
test-amd64-i386-xl-qemuu-winxpsp3-vcpus1 pass
test-amd64-amd64-libvirt-vhd pass
test-armhf-armhf-xl-vhd pass
test-amd64-amd64-xl-qemuu-winxpsp3 pass
test-amd64-i386-xl-qemuu-winxpsp3 pass
------------------------------------------------------------
sg-report-flight on osstest.test-lab.xenproject.org
logs: /home/logs/logs
images: /home/logs/images
Logs, config files, etc. are available at
http://logs.test-lab.xenproject.org/osstest/logs
Explanation of these reports, and of osstest in general, is at
http://xenbits.xen.org/gitweb/?p=osstest.git;a=blob;f=README.email;hb=master
http://xenbits.xen.org/gitweb/?p=osstest.git;a=blob;f=README;hb=master
Test harness code can be found at
http://xenbits.xen.org/gitweb?p=osstest.git;a=summary
broken-step test-armhf-armhf-libvirt-xsm host-install(3)
Not pushing.
------------------------------------------------------------
commit d1ab9681ac54a01aece0f17f082a7f8677311f51
Merge: a648c13 75cfb3b
Author: Peter Maydell <peter.maydell@linaro.org>
Date: Mon Mar 14 11:13:11 2016 +0000
Merge remote-tracking branch 'remotes/cohuck/tags/s390x-20160311' into staging
CPU hotplug via cpu-add for s390x, cleanup of the s390x machine
compat code and a bugfix in the s390-ccw bios.
# gpg: Signature made Fri 11 Mar 2016 09:48:02 GMT using RSA key ID C6F02FAF
# gpg: Good signature from "Cornelia Huck <huckc@linux.vnet.ibm.com>"
# gpg: aka "Cornelia Huck <cornelia.huck@de.ibm.com>"
* remotes/cohuck/tags/s390x-20160311:
s390x/cpu: use g_new0
s390x: Introduce S390MachineClass
s390x: Introduce machine definition macros
pc-bios/s390-ccw: fix old bug in ptr increment
s390x/cpu: Allow hotplug of CPUs
s390x/cpu: Add error handling to cpu creation
s390x/cpu: Add CPU property links
s390x/cpu: Tolerate max_cpus
s390x/cpu: Get rid of side effects when creating a vcpu
s390x/cpu: Set initial CPU state in common routine
s390x/cpu: Cleanup init in preparation for hotplug
Signed-off-by: Peter Maydell <peter.maydell@linaro.org>
commit 75cfb3bb41005b1cbba4954057ad5426df83f6d7
Author: Cornelia Huck <cornelia.huck@de.ibm.com>
Date: Thu Mar 10 10:19:46 2016 +0100
s390x/cpu: use g_new0
Let's use g_new0 to allocate cpu_states.
Suggested-by: Thomas Huth <thuth@redhat.com>
Reviewed-by: Thomas Huth <thuth@redhat.com>
Signed-off-by: Cornelia Huck <cornelia.huck@de.ibm.com>
commit 8b8a61ad8cc054e52b5d17c8ba45691d2dc0acbd
Author: Janosch Frank <frankja@linux.vnet.ibm.com>
Date: Mon Mar 7 09:04:21 2016 +0100
s390x: Introduce S390MachineClass
As we now have the new machine definitions, that let us disable/enable
machine options more easily, we need a way to save them and make them
publicly available.
The new s390-virtio-ccw.h header exports the s390 ccw machine state
and class, so they can be easily used in other C files.
Signed-off-by: Janosch Frank <frankja@linux.vnet.ibm.com>
Acked-by: Cornelia Huck <cornelia.huck@de.ibm.com>
Signed-off-by: Cornelia Huck <cornelia.huck@de.ibm.com>
commit 4fca6548723f198ee927470ca4864e8f2f1fbcc5
Author: Janosch Frank <frankja@linux.vnet.ibm.com>
Date: Thu Mar 3 12:48:34 2016 +0100
s390x: Introduce machine definition macros
Most of the machine definition code looks the same between different
machine versions. The new DEFINE_CCW_MACHINE macro makes defining a
new machine easier by inserting standard machine version
definitions. This also makes it possible to propagate values between
machine versions.
The patch is inspired by code from hw/ppc/spapr.c
Signed-off-by: Janosch Frank <frankja@linux.vnet.ibm.com>
Reviewed-by: Cornelia Huck <cornelia.huck@de.ibm.com>
Signed-off-by: Cornelia Huck <cornelia.huck@de.ibm.com>
commit 3a3c752f0ba72e57a2f85e9bdce217673be14700
Author: Eugene (jno) Dvurechenski <jno@linux.vnet.ibm.com>
Date: Mon Feb 15 15:30:25 2016 +0100
pc-bios/s390-ccw: fix old bug in ptr increment
We need to increment by the size of the structure, whereas 'ns' is 'uint8_t *'.
Acked-by: Christian Borntraeger <borntraeger@de.ibm.com>
Acked-by: Cornelia Huck <cornelia.huck@de.ibm.com>
Signed-off-by: Eugene (jno) Dvurechenski <jno@linux.vnet.ibm.com>
Signed-off-by: Cornelia Huck <cornelia.huck@de.ibm.com>
commit a006b67fe4e4954d7f1ca8efbe9082ccefb1ceae
Author: Matthew Rosato <mjrosato@linux.vnet.ibm.com>
Date: Fri Mar 4 12:34:35 2016 -0500
s390x/cpu: Allow hotplug of CPUs
Implement cpu hotplug routine and add the machine hook.
Signed-off-by: Matthew Rosato <mjrosato@linux.vnet.ibm.com>
Reviewed-by: David Hildenbrand <dahi@linux.vnet.ibm.com>
Message-Id: <1457112875-5209-8-git-send-email-mjrosato@linux.vnet.ibm.com>
Signed-off-by: Cornelia Huck <cornelia.huck@de.ibm.com>
commit 96b1a8bb55f1aeb72a943d1001841ff8b0687059
Author: Matthew Rosato <mjrosato@linux.vnet.ibm.com>
Date: Fri Mar 4 12:34:34 2016 -0500
s390x/cpu: Add error handling to cpu creation
Check for and propogate errors during s390 cpu creation.
Signed-off-by: Matthew Rosato <mjrosato@linux.vnet.ibm.com>
Message-Id: <1457112875-5209-7-git-send-email-mjrosato@linux.vnet.ibm.com>
Reviewed-by: David Hildenbrand <dahi@linux.vnet.ibm.com>
Signed-off-by: Cornelia Huck <cornelia.huck@de.ibm.com>
commit 502edbf834a3c86a8ab40b23e040a45198301e1c
Author: Matthew Rosato <mjrosato@linux.vnet.ibm.com>
Date: Fri Mar 4 12:34:33 2016 -0500
s390x/cpu: Add CPU property links
Link each CPUState as property machine/cpu[n] during initialization.
Add a hotplug handler to s390-virtio-ccw machine and set the
state during plug.
Signed-off-by: Matthew Rosato <mjrosato@linux.vnet.ibm.com>
Reviewed-by: David Hildenbrand <dahi@linux.vnet.ibm.com>
Message-Id: <1457112875-5209-6-git-send-email-mjrosato@linux.vnet.ibm.com>
Signed-off-by: Cornelia Huck <cornelia.huck@de.ibm.com>
commit 25637d31f2d76f61c078b151ab7912e8d2246b9e
Author: Matthew Rosato <mjrosato@linux.vnet.ibm.com>
Date: Fri Mar 4 12:34:32 2016 -0500
s390x/cpu: Tolerate max_cpus
Once hotplug is enabled, interrupts may come in for CPUs
with an address > smp_cpus. Allocate for this and allow
search routines to look beyond smp_cpus.
Signed-off-by: Matthew Rosato <mjrosato@linux.vnet.ibm.com>
Message-Id: <1457112875-5209-5-git-send-email-mjrosato@linux.vnet.ibm.com>
Reviewed-by: David Hildenbrand <dahi@linux.vnet.ibm.com>
Signed-off-by: Cornelia Huck <cornelia.huck@de.ibm.com>
commit c6644fc88bed1176f67b4b7a9df691bcf25c0c5b
Author: Matthew Rosato <mjrosato@linux.vnet.ibm.com>
Date: Fri Mar 4 12:34:31 2016 -0500
s390x/cpu: Get rid of side effects when creating a vcpu
In preparation for hotplug, defer some CPU initialization
until the device is actually being realized, including
cpu_exec_init.
Signed-off-by: Matthew Rosato <mjrosato@linux.vnet.ibm.com>
Reviewed-by: David Hildenbrand <dahi@linux.vnet.ibm.com>
Message-Id: <1457112875-5209-4-git-send-email-mjrosato@linux.vnet.ibm.com>
Signed-off-by: Cornelia Huck <cornelia.huck@de.ibm.com>
commit ef3027affc755736f1ee5ec60c52a3b317abbc07
Author: Matthew Rosato <mjrosato@linux.vnet.ibm.com>
Date: Fri Mar 4 12:34:30 2016 -0500
s390x/cpu: Set initial CPU state in common routine
Both initial and hotplugged CPUs need to set the same initial
state.
Signed-off-by: Matthew Rosato <mjrosato@linux.vnet.ibm.com>
Reviewed-by: David Hildenbrand <dahi@linux.vnet.ibm.com>
Message-Id: <1457112875-5209-3-git-send-email-mjrosato@linux.vnet.ibm.com>
Signed-off-by: Cornelia Huck <cornelia.huck@de.ibm.com>
commit d2eae20790e825656b205dbe347826ff991fb3d8
Author: Matthew Rosato <mjrosato@linux.vnet.ibm.com>
Date: Fri Mar 4 12:34:29 2016 -0500
s390x/cpu: Cleanup init in preparation for hotplug
Ensure a valid cpu_model is set upfront by setting the
default value directly into the MachineState when none is
specified. This is needed to ensure hotplugged CPUs share
the same cpu_model.
Signed-off-by: Matthew Rosato <mjrosato@linux.vnet.ibm.com>
Reviewed-by: David Hildenbrand <dahi@linux.vnet.ibm.com>
Message-Id: <1457112875-5209-2-git-send-email-mjrosato@linux.vnet.ibm.com>
Signed-off-by: Cornelia Huck <cornelia.huck@de.ibm.com>
_______________________________________________
Xen-devel mailing list
Xen-devel@lists.xen.org
http://lists.xen.org/xen-devel
^ permalink raw reply [flat|nested] only message in thread
only message in thread, other threads:[~2016-03-15 7:31 UTC | newest]
Thread overview: (only message) (download: mbox.gz / follow: Atom feed)
-- links below jump to the message on this page --
2016-03-15 7:31 [qemu-mainline test] 86214: regressions - trouble: broken/fail/pass osstest service owner
This is a public inbox, see mirroring instructions
for how to clone and mirror all data and code used for this inbox;
as well as URLs for NNTP newsgroup(s).