* [linux-linus test] 88284: regressions - FAIL
@ 2016-04-02 13:55 osstest service owner
0 siblings, 0 replies; only message in thread
From: osstest service owner @ 2016-04-02 13:55 UTC (permalink / raw)
To: xen-devel, osstest-admin
flight 88284 linux-linus real [real]
http://logs.test-lab.xenproject.org/osstest/logs/88284/
Regressions :-(
Tests which did not succeed and are blocking,
including tests which could not be run:
build-i386-rumpuserxen 6 xen-build fail REGR. vs. 59254
test-amd64-amd64-xl-credit2 15 guest-localmigrate fail REGR. vs. 59254
build-amd64-rumpuserxen 6 xen-build fail REGR. vs. 59254
test-amd64-amd64-libvirt-xsm 11 guest-start fail REGR. vs. 59254
test-amd64-amd64-xl 15 guest-localmigrate fail REGR. vs. 59254
test-amd64-i386-xl 15 guest-localmigrate fail REGR. vs. 59254
test-amd64-amd64-xl-xsm 15 guest-localmigrate fail REGR. vs. 59254
test-amd64-i386-xl-xsm 14 guest-saverestore fail REGR. vs. 59254
test-amd64-amd64-xl-multivcpu 14 guest-saverestore fail REGR. vs. 59254
test-armhf-armhf-xl 6 xen-boot fail REGR. vs. 59254
test-armhf-armhf-xl-cubietruck 6 xen-boot fail REGR. vs. 59254
test-armhf-armhf-xl-multivcpu 6 xen-boot fail REGR. vs. 59254
test-amd64-amd64-pair 22 guest-migrate/dst_host/src_host fail REGR. vs. 59254
test-armhf-armhf-xl-credit2 6 xen-boot fail REGR. vs. 59254
test-armhf-armhf-xl-xsm 6 xen-boot fail REGR. vs. 59254
test-amd64-i386-pair 22 guest-migrate/dst_host/src_host fail REGR. vs. 59254
test-amd64-amd64-xl-qemut-win7-amd64 15 guest-localmigrate/x10 fail REGR. vs. 59254
Regressions which are regarded as allowable (not blocking):
test-amd64-amd64-xl-rtds 17 guest-localmigrate/x10 fail REGR. vs. 59254
test-armhf-armhf-xl-rtds 6 xen-boot fail REGR. vs. 59254
test-armhf-armhf-xl-vhd 6 xen-boot fail baseline untested
test-amd64-amd64-libvirt-pair 21 guest-migrate/src_host/dst_host fail baseline untested
test-amd64-i386-libvirt-pair 22 guest-migrate/dst_host/src_host fail baseline untested
test-amd64-i386-libvirt-xsm 15 guest-saverestore.2 fail blocked in 59254
test-amd64-i386-libvirt 15 guest-saverestore.2 fail blocked in 59254
test-amd64-amd64-libvirt 15 guest-saverestore.2 fail blocked in 59254
test-amd64-amd64-xl-qemuu-win7-amd64 16 guest-stop fail like 59254
test-amd64-i386-xl-qemuu-win7-amd64 16 guest-stop fail like 59254
test-amd64-i386-xl-qemut-win7-amd64 16 guest-stop fail like 59254
Tests which did not succeed, but are not blocking:
test-amd64-amd64-rumpuserxen-amd64 1 build-check(1) blocked n/a
test-amd64-i386-rumpuserxen-i386 1 build-check(1) blocked n/a
test-amd64-i386-libvirt-xsm 12 migrate-support-check fail never pass
test-amd64-amd64-xl-pvh-intel 14 guest-saverestore fail never pass
test-amd64-i386-libvirt 12 migrate-support-check fail never pass
test-amd64-amd64-xl-pvh-amd 11 guest-start fail never pass
test-armhf-armhf-libvirt-qcow2 11 migrate-support-check fail never pass
test-armhf-armhf-libvirt-qcow2 13 guest-saverestore fail never pass
test-amd64-amd64-qemuu-nested-intel 13 xen-boot/l1 fail never pass
test-armhf-armhf-libvirt-raw 13 guest-saverestore fail never pass
test-armhf-armhf-libvirt-raw 11 migrate-support-check fail never pass
test-amd64-amd64-libvirt 12 migrate-support-check fail never pass
test-amd64-amd64-libvirt-qemuu-debianhvm-amd64-xsm 10 migrate-support-check fail never pass
test-amd64-amd64-qemuu-nested-amd 13 xen-boot/l1 fail never pass
test-amd64-i386-libvirt-qemuu-debianhvm-amd64-xsm 10 migrate-support-check fail never pass
test-armhf-armhf-libvirt-xsm 12 migrate-support-check fail never pass
test-armhf-armhf-libvirt-xsm 14 guest-saverestore fail never pass
test-armhf-armhf-libvirt 14 guest-saverestore fail never pass
test-armhf-armhf-libvirt 12 migrate-support-check fail never pass
test-amd64-amd64-libvirt-vhd 11 migrate-support-check fail never pass
test-armhf-armhf-xl-arndale 12 migrate-support-check fail never pass
test-armhf-armhf-xl-arndale 13 saverestore-support-check fail never pass
version targeted for testing:
linux 6ddf37da05cd71bf9e43349d607e810b43c9008a
baseline version:
linux 45820c294fe1b1a9df495d57f40585ef2d069a39
Last test of basis 59254 2015-07-09 04:20:48 Z 268 days
Failing since 59348 2015-07-10 04:24:05 Z 267 days 195 attempts
Testing same since 88284 2016-04-01 14:47:46 Z 0 days 1 attempts
------------------------------------------------------------
4839 people touched revisions under test,
not listing them all
jobs:
build-amd64-xsm pass
build-armhf-xsm pass
build-i386-xsm pass
build-amd64 pass
build-armhf pass
build-i386 pass
build-amd64-libvirt pass
build-armhf-libvirt pass
build-i386-libvirt pass
build-amd64-pvops pass
build-armhf-pvops pass
build-i386-pvops pass
build-amd64-rumpuserxen fail
build-i386-rumpuserxen fail
test-amd64-amd64-xl fail
test-armhf-armhf-xl fail
test-amd64-i386-xl fail
test-amd64-amd64-xl-qemut-debianhvm-amd64-xsm pass
test-amd64-i386-xl-qemut-debianhvm-amd64-xsm pass
test-amd64-amd64-libvirt-qemuu-debianhvm-amd64-xsm pass
test-amd64-i386-libvirt-qemuu-debianhvm-amd64-xsm pass
test-amd64-amd64-xl-qemuu-debianhvm-amd64-xsm pass
test-amd64-i386-xl-qemuu-debianhvm-amd64-xsm pass
test-amd64-amd64-xl-qemut-stubdom-debianhvm-amd64-xsm pass
test-amd64-i386-xl-qemut-stubdom-debianhvm-amd64-xsm pass
test-amd64-amd64-libvirt-xsm fail
test-armhf-armhf-libvirt-xsm fail
test-amd64-i386-libvirt-xsm fail
test-amd64-amd64-xl-xsm fail
test-armhf-armhf-xl-xsm fail
test-amd64-i386-xl-xsm fail
test-amd64-amd64-qemuu-nested-amd fail
test-amd64-amd64-xl-pvh-amd fail
test-amd64-i386-qemut-rhel6hvm-amd pass
test-amd64-i386-qemuu-rhel6hvm-amd pass
test-amd64-amd64-xl-qemut-debianhvm-amd64 pass
test-amd64-i386-xl-qemut-debianhvm-amd64 pass
test-amd64-amd64-xl-qemuu-debianhvm-amd64 pass
test-amd64-i386-xl-qemuu-debianhvm-amd64 pass
test-amd64-i386-freebsd10-amd64 pass
test-amd64-amd64-xl-qemuu-ovmf-amd64 pass
test-amd64-i386-xl-qemuu-ovmf-amd64 pass
test-amd64-amd64-rumpuserxen-amd64 blocked
test-amd64-amd64-xl-qemut-win7-amd64 fail
test-amd64-i386-xl-qemut-win7-amd64 fail
test-amd64-amd64-xl-qemuu-win7-amd64 fail
test-amd64-i386-xl-qemuu-win7-amd64 fail
test-armhf-armhf-xl-arndale pass
test-amd64-amd64-xl-credit2 fail
test-armhf-armhf-xl-credit2 fail
test-armhf-armhf-xl-cubietruck fail
test-amd64-i386-freebsd10-i386 pass
test-amd64-i386-rumpuserxen-i386 blocked
test-amd64-amd64-qemuu-nested-intel fail
test-amd64-amd64-xl-pvh-intel fail
test-amd64-i386-qemut-rhel6hvm-intel pass
test-amd64-i386-qemuu-rhel6hvm-intel pass
test-amd64-amd64-libvirt fail
test-armhf-armhf-libvirt fail
test-amd64-i386-libvirt fail
test-amd64-amd64-xl-multivcpu fail
test-armhf-armhf-xl-multivcpu fail
test-amd64-amd64-pair fail
test-amd64-i386-pair fail
test-amd64-amd64-libvirt-pair fail
test-amd64-i386-libvirt-pair fail
test-amd64-amd64-amd64-pvgrub pass
test-amd64-amd64-i386-pvgrub pass
test-amd64-amd64-pygrub pass
test-armhf-armhf-libvirt-qcow2 fail
test-amd64-amd64-xl-qcow2 pass
test-armhf-armhf-libvirt-raw fail
test-amd64-i386-xl-raw pass
test-amd64-amd64-xl-rtds fail
test-armhf-armhf-xl-rtds fail
test-amd64-i386-xl-qemut-winxpsp3-vcpus1 pass
test-amd64-i386-xl-qemuu-winxpsp3-vcpus1 pass
test-amd64-amd64-libvirt-vhd pass
test-armhf-armhf-xl-vhd fail
test-amd64-amd64-xl-qemut-winxpsp3 pass
test-amd64-i386-xl-qemut-winxpsp3 pass
test-amd64-amd64-xl-qemuu-winxpsp3 pass
test-amd64-i386-xl-qemuu-winxpsp3 pass
------------------------------------------------------------
sg-report-flight on osstest.test-lab.xenproject.org
logs: /home/logs/logs
images: /home/logs/images
Logs, config files, etc. are available at
http://logs.test-lab.xenproject.org/osstest/logs
Explanation of these reports, and of osstest in general, is at
http://xenbits.xen.org/gitweb/?p=osstest.git;a=blob;f=README.email;hb=master
http://xenbits.xen.org/gitweb/?p=osstest.git;a=blob;f=README;hb=master
Test harness code can be found at
http://xenbits.xen.org/gitweb?p=osstest.git;a=summary
Not pushing.
(No revision log; it would be 1037425 lines long.)
_______________________________________________
Xen-devel mailing list
Xen-devel@lists.xen.org
http://lists.xen.org/xen-devel
^ permalink raw reply [flat|nested] only message in thread
only message in thread, other threads:[~2016-04-02 13:55 UTC | newest]
Thread overview: (only message) (download: mbox.gz / follow: Atom feed)
-- links below jump to the message on this page --
2016-04-02 13:55 [linux-linus test] 88284: regressions - FAIL osstest service owner
This is a public inbox, see mirroring instructions
for how to clone and mirror all data and code used for this inbox;
as well as URLs for NNTP newsgroup(s).