* [xen-unstable-smoke test] 88326: regressions - FAIL
@ 2016-04-01 23:19 osstest service owner
0 siblings, 0 replies; only message in thread
From: osstest service owner @ 2016-04-01 23:19 UTC (permalink / raw)
To: xen-devel, osstest-admin
[-- Attachment #1: Type: text/plain, Size: 2901 bytes --]
flight 88326 xen-unstable-smoke real [real]
http://logs.test-lab.xenproject.org/osstest/logs/88326/
Regressions :-(
Tests which did not succeed and are blocking,
including tests which could not be run:
build-amd64-libvirt 5 libvirt-build fail REGR. vs. 88144
build-armhf 5 xen-build fail REGR. vs. 88144
Tests which did not succeed, but are not blocking:
test-amd64-amd64-libvirt 1 build-check(1) blocked n/a
test-armhf-armhf-xl 1 build-check(1) blocked n/a
version targeted for testing:
xen d887c19f00c58e67086f3a9885883f470ea35ba2
baseline version:
xen 96ae556569b8eaedc0bb242932842c3277b515d8
Last test of basis 88144 2016-03-31 13:06:39 Z 1 days
Failing since 88279 2016-04-01 14:03:55 Z 0 days 5 attempts
Testing same since 88315 2016-04-01 20:03:45 Z 0 days 2 attempts
------------------------------------------------------------
People who touched revisions under test:
Andrew Cooper <andrew.cooper3@citrix.com>
Changlong Xie <xiecl.fnst@cn.fujitsu.com>
Chong Li <chong.li@wustl.edu>
Dario Faggioli <dario.faggioli@citrix.com>
George Dunlap <george.dunlap@citrix.com>
Ian Campbell <ian.campbell@citrix.com>
Ian Jackson <ian.jackson@eu.citrix.com>
Jan Beulich <jbeulich@suse.com>
Juergen Gross <jgross@suse.com>
Kevin Tian <kevin.tian@intel.com>
Konrad Rzeszutek Wilk <konrad.wilk@oracle.com>
Meng Xu <mengxu@cis.upenn.edu>
Olaf Hering <olaf@aepfle.de>
Paul Durrant <paul.durrant@citrix.com>
Roger Pau Monne <roger.pau@citrix.com>
Roger Pau Monné <roger.pau@citrix.com>
Sisu Xi <xisisu@gmail.com>
Wei Liu <wei.liu2@citrix.com>
Wen Congyang <wency@cn.fujitsu.com>
Yang Hongyang <hongyang.yang@easystack.cn>
jobs:
build-amd64 pass
build-armhf fail
build-amd64-libvirt fail
test-armhf-armhf-xl blocked
test-amd64-amd64-xl-qemuu-debianhvm-i386 pass
test-amd64-amd64-libvirt blocked
------------------------------------------------------------
sg-report-flight on osstest.test-lab.xenproject.org
logs: /home/logs/logs
images: /home/logs/images
Logs, config files, etc. are available at
http://logs.test-lab.xenproject.org/osstest/logs
Explanation of these reports, and of osstest in general, is at
http://xenbits.xen.org/gitweb/?p=osstest.git;a=blob;f=README.email;hb=master
http://xenbits.xen.org/gitweb/?p=osstest.git;a=blob;f=README;hb=master
Test harness code can be found at
http://xenbits.xen.org/gitweb?p=osstest.git;a=summary
Not pushing.
(No revision log; it would be 799 lines long.)
[-- Attachment #2: Type: text/plain, Size: 126 bytes --]
_______________________________________________
Xen-devel mailing list
Xen-devel@lists.xen.org
http://lists.xen.org/xen-devel
^ permalink raw reply [flat|nested] only message in thread
only message in thread, other threads:[~2016-04-01 23:19 UTC | newest]
Thread overview: (only message) (download: mbox.gz / follow: Atom feed)
-- links below jump to the message on this page --
2016-04-01 23:19 [xen-unstable-smoke test] 88326: regressions - FAIL osstest service owner
This is a public inbox, see mirroring instructions
for how to clone and mirror all data and code used for this inbox;
as well as URLs for NNTP newsgroup(s).