* [xen-unstable test] 58745: regressions - FAIL
@ 2015-06-20 6:44 osstest service user
2015-06-20 9:21 ` Roger Pau Monné
0 siblings, 1 reply; 3+ messages in thread
From: osstest service user @ 2015-06-20 6:44 UTC (permalink / raw)
To: xen-devel; +Cc: ian.jackson
[-- Warning: decoded text below may be mangled, UTF-8 assumed --]
[-- Attachment #1: Type: text/plain, Size: 8210 bytes --]
flight 58745 xen-unstable real [real]
http://logs.test-lab.xenproject.org/osstest/logs/58745/
Regressions :-(
Tests which did not succeed and are blocking,
including tests which could not be run:
test-armhf-armhf-xl-multivcpu 6 xen-boot fail REGR. vs. 58663
test-armhf-armhf-xl 6 xen-boot fail REGR. vs. 58663
Regressions which are regarded as allowable (not blocking):
test-amd64-i386-xl-qemuu-win7-amd64 16 guest-stop fail like 58618
test-amd64-i386-libvirt-xsm 11 guest-start fail like 58663
test-amd64-i386-libvirt 11 guest-start fail like 58663
test-amd64-amd64-libvirt-xsm 11 guest-start fail like 58663
test-amd64-amd64-libvirt 11 guest-start fail like 58663
test-amd64-amd64-xl-qemut-win7-amd64 16 guest-stop fail like 58663
test-armhf-armhf-libvirt-xsm 11 guest-start fail like 58663
test-armhf-armhf-libvirt 11 guest-start fail like 58663
Tests which did not succeed, but are not blocking:
test-amd64-i386-xl-qemut-stubdom-debianhvm-amd64-xsm 9 debian-hvm-install fail never pass
test-amd64-amd64-xl-pvh-intel 11 guest-start fail never pass
test-amd64-amd64-xl-pvh-amd 11 guest-start fail never pass
test-armhf-armhf-xl-arndale 12 migrate-support-check fail never pass
test-armhf-armhf-xl-xsm 12 migrate-support-check fail never pass
test-armhf-armhf-xl-credit2 12 migrate-support-check fail never pass
test-amd64-i386-xl-qemut-win7-amd64 16 guest-stop fail never pass
test-armhf-armhf-xl-cubietruck 12 migrate-support-check fail never pass
test-armhf-armhf-xl-sedf-pin 12 migrate-support-check fail never pass
test-armhf-armhf-xl-sedf 12 migrate-support-check fail never pass
test-amd64-amd64-xl-qemuu-win7-amd64 16 guest-stop fail never pass
version targeted for testing:
xen e76ff6c156906b515c2a4300a81c95886ece5d5f
baseline version:
xen fcbfaf9d260adbdb9352d6300b9f63c4ed443d49
------------------------------------------------------------
People who touched revisions under test:
David Scott <dave.scott@citrix.com>
David Vrabel <david.vrabel@citrix.com>
George Dunlap <george.dunlap@eu.citrix.com>
Ian Campbell <ian.campbell@citrix.com>
Jan Beulich <jbeulich@suse.com>
Juergen Gross <jgross@suse.com>
Malcolm Crossley <malcolm.crossley@citrix.com>
Roger Pau Monne <roger.pau@citrix.com>
Roger Pau Monné <roger.pau@citrix.com>
Ross Lagerwall <ross.lagerwall@citrix.com>
Wei Liu <wei.liu2@citrix.com>
Wei Wang <wei.w.wang@intel.com>
------------------------------------------------------------
jobs:
build-amd64-xsm pass
build-armhf-xsm pass
build-i386-xsm pass
build-amd64 pass
build-armhf pass
build-i386 pass
build-amd64-libvirt pass
build-armhf-libvirt pass
build-i386-libvirt pass
build-amd64-oldkern pass
build-i386-oldkern pass
build-amd64-pvops pass
build-armhf-pvops pass
build-i386-pvops pass
build-amd64-rumpuserxen pass
build-i386-rumpuserxen pass
test-amd64-amd64-xl pass
test-armhf-armhf-xl fail
test-amd64-i386-xl pass
test-amd64-amd64-xl-qemut-debianhvm-amd64-xsm pass
test-amd64-i386-xl-qemut-debianhvm-amd64-xsm pass
test-amd64-amd64-xl-qemuu-debianhvm-amd64-xsm pass
test-amd64-i386-xl-qemuu-debianhvm-amd64-xsm pass
test-amd64-amd64-xl-qemut-stubdom-debianhvm-amd64-xsm pass
test-amd64-i386-xl-qemut-stubdom-debianhvm-amd64-xsm fail
test-amd64-amd64-libvirt-xsm fail
test-armhf-armhf-libvirt-xsm fail
test-amd64-i386-libvirt-xsm fail
test-amd64-amd64-xl-xsm pass
test-armhf-armhf-xl-xsm pass
test-amd64-i386-xl-xsm pass
test-amd64-amd64-xl-pvh-amd fail
test-amd64-i386-qemut-rhel6hvm-amd pass
test-amd64-i386-qemuu-rhel6hvm-amd pass
test-amd64-amd64-xl-qemut-debianhvm-amd64 pass
test-amd64-i386-xl-qemut-debianhvm-amd64 pass
test-amd64-amd64-xl-qemuu-debianhvm-amd64 pass
test-amd64-i386-xl-qemuu-debianhvm-amd64 pass
test-amd64-i386-freebsd10-amd64 pass
test-amd64-amd64-xl-qemuu-ovmf-amd64 pass
test-amd64-i386-xl-qemuu-ovmf-amd64 pass
test-amd64-amd64-rumpuserxen-amd64 pass
test-amd64-amd64-xl-qemut-win7-amd64 fail
test-amd64-i386-xl-qemut-win7-amd64 fail
test-amd64-amd64-xl-qemuu-win7-amd64 fail
test-amd64-i386-xl-qemuu-win7-amd64 fail
test-armhf-armhf-xl-arndale pass
test-amd64-amd64-xl-credit2 pass
test-armhf-armhf-xl-credit2 pass
test-armhf-armhf-xl-cubietruck pass
test-amd64-i386-freebsd10-i386 pass
test-amd64-i386-rumpuserxen-i386 pass
test-amd64-amd64-xl-pvh-intel fail
test-amd64-i386-qemut-rhel6hvm-intel pass
test-amd64-i386-qemuu-rhel6hvm-intel pass
test-amd64-amd64-libvirt fail
test-armhf-armhf-libvirt fail
test-amd64-i386-libvirt fail
test-amd64-amd64-xl-multivcpu pass
test-armhf-armhf-xl-multivcpu fail
test-amd64-amd64-pair pass
test-amd64-i386-pair pass
test-amd64-amd64-xl-sedf-pin pass
test-armhf-armhf-xl-sedf-pin pass
test-amd64-amd64-xl-sedf pass
test-armhf-armhf-xl-sedf pass
test-amd64-i386-xl-qemut-winxpsp3-vcpus1 pass
test-amd64-i386-xl-qemuu-winxpsp3-vcpus1 pass
test-amd64-amd64-xl-qemut-winxpsp3 pass
test-amd64-i386-xl-qemut-winxpsp3 pass
test-amd64-amd64-xl-qemuu-winxpsp3 pass
test-amd64-i386-xl-qemuu-winxpsp3 pass
------------------------------------------------------------
sg-report-flight on osstest.test-lab.xenproject.org
logs: /home/logs/logs
images: /home/logs/images
Logs, config files, etc. are available at
http://logs.test-lab.xenproject.org/osstest/logs
Test harness code can be found at
http://xenbits.xen.org/gitweb?p=osstest.git;a=summary
Not pushing.
(No revision log; it would be 357 lines long.)
[-- Attachment #2: Type: text/plain, Size: 126 bytes --]
_______________________________________________
Xen-devel mailing list
Xen-devel@lists.xen.org
http://lists.xen.org/xen-devel
^ permalink raw reply [flat|nested] 3+ messages in thread
* Re: [xen-unstable test] 58745: regressions - FAIL
2015-06-20 6:44 [xen-unstable test] 58745: regressions - FAIL osstest service user
@ 2015-06-20 9:21 ` Roger Pau Monné
2015-06-22 8:58 ` Ian Campbell
0 siblings, 1 reply; 3+ messages in thread
From: Roger Pau Monné @ 2015-06-20 9:21 UTC (permalink / raw)
To: osstest service user, xen-devel; +Cc: ian.jackson
El 20/06/15 a les 8.44, osstest service user ha escrit:
> flight 58745 xen-unstable real [real]
> http://logs.test-lab.xenproject.org/osstest/logs/58745/
>
> Regressions :-(
>
> Tests which did not succeed and are blocking,
> including tests which could not be run:
> test-armhf-armhf-xl-multivcpu 6 xen-boot fail REGR. vs. 58663
> test-armhf-armhf-xl 6 xen-boot fail REGR. vs. 58663
There seems to be some kind of glitch with the network card/connection
in the arndale:
Jun 19 17:39:28.177061 [ 176.445109] asix 1-3.2.4:1.0 eth0: link down
Jun 19 17:39:36.753095 [ 238.140985] asix 1-3.2.4:1.0 eth0: link down
Jun 19 17:40:38.449053 [ 332.220985] asix 1-3.2.4:1.0 eth0: link down
Roger.
^ permalink raw reply [flat|nested] 3+ messages in thread
* Re: [xen-unstable test] 58745: regressions - FAIL
2015-06-20 9:21 ` Roger Pau Monné
@ 2015-06-22 8:58 ` Ian Campbell
0 siblings, 0 replies; 3+ messages in thread
From: Ian Campbell @ 2015-06-22 8:58 UTC (permalink / raw)
To: Roger Pau Monné; +Cc: osstest service user, xen-devel, ian.jackson
On Sat, 2015-06-20 at 11:21 +0200, Roger Pau Monné wrote:
> El 20/06/15 a les 8.44, osstest service user ha escrit:
> > flight 58745 xen-unstable real [real]
> > http://logs.test-lab.xenproject.org/osstest/logs/58745/
> >
> > Regressions :-(
> >
> > Tests which did not succeed and are blocking,
> > including tests which could not be run:
> > test-armhf-armhf-xl-multivcpu 6 xen-boot fail REGR. vs. 58663
> > test-armhf-armhf-xl 6 xen-boot fail REGR. vs. 58663
>
> There seems to be some kind of glitch with the network card/connection
> in the arndale:
>
> Jun 19 17:39:28.177061 [ 176.445109] asix 1-3.2.4:1.0 eth0: link down
> Jun 19 17:39:36.753095 [ 238.140985] asix 1-3.2.4:1.0 eth0: link down
> Jun 19 17:40:38.449053 [ 332.220985] asix 1-3.2.4:1.0 eth0: link down
Yes, they sadly seem to not be 100% reliable :-(
From
http://logs.test-lab.xenproject.org/osstest/results/host/arndale-bluewater.html
http://logs.test-lab.xenproject.org/osstest/results/host/arndale-lakeside.html
http://logs.test-lab.xenproject.org/osstest/results/host/arndale-metrocentre.html
http://logs.test-lab.xenproject.org/osstest/results/host/arndale-westfield.html
it doesn't seem like the incidences of failing xen-boot are critically
high.
In any case I'm not sure what we can do: AFAICT it basically comes down
to the board having an apparently slightly shonky USB Ethernet thing on
it which sometimes can't get a reliable link.
Ian.
_______________________________________________
Xen-devel mailing list
Xen-devel@lists.xen.org
http://lists.xen.org/xen-devel
^ permalink raw reply [flat|nested] 3+ messages in thread
end of thread, other threads:[~2015-06-22 8:58 UTC | newest]
Thread overview: 3+ messages (download: mbox.gz / follow: Atom feed)
-- links below jump to the message on this page --
2015-06-20 6:44 [xen-unstable test] 58745: regressions - FAIL osstest service user
2015-06-20 9:21 ` Roger Pau Monné
2015-06-22 8:58 ` Ian Campbell
This is a public inbox, see mirroring instructions
for how to clone and mirror all data and code used for this inbox;
as well as URLs for NNTP newsgroup(s).