* [xen-4.6-testing test] 135850: regressions - FAIL
@ 2019-05-09 15:15 osstest service owner
2019-05-09 15:15 ` [Xen-devel] " osstest service owner
0 siblings, 1 reply; 2+ messages in thread
From: osstest service owner @ 2019-05-09 15:15 UTC (permalink / raw)
To: xen-devel, osstest-admin
flight 135850 xen-4.6-testing real [real]
http://logs.test-lab.xenproject.org/osstest/logs/135850/
Regressions :-(
Tests which did not succeed and are blocking,
including tests which could not be run:
build-amd64-prev 6 xen-build fail REGR. vs. 127792
build-amd64-xsm 6 xen-build fail REGR. vs. 127792
build-i386-prev 6 xen-build fail REGR. vs. 127792
build-i386-xsm 6 xen-build fail REGR. vs. 127792
build-amd64 6 xen-build fail REGR. vs. 127792
build-i386 6 xen-build fail REGR. vs. 127792
build-armhf 6 xen-build fail REGR. vs. 127792
Tests which did not succeed, but are not blocking:
test-amd64-amd64-xl-qemut-stubdom-debianhvm-amd64-xsm 1 build-check(1) blocked n/a
test-amd64-i386-xl-raw 1 build-check(1) blocked n/a
test-armhf-armhf-xl-arndale 1 build-check(1) blocked n/a
test-armhf-armhf-xl-cubietruck 1 build-check(1) blocked n/a
build-amd64-libvirt 1 build-check(1) blocked n/a
test-amd64-i386-xl-shadow 1 build-check(1) blocked n/a
test-xtf-amd64-amd64-3 1 build-check(1) blocked n/a
test-amd64-amd64-xl-qemuu-debianhvm-i386-xsm 1 build-check(1) blocked n/a
test-amd64-amd64-xl-qemuu-debianhvm-amd64 1 build-check(1) blocked n/a
test-amd64-i386-xl-qemuu-ws16-amd64 1 build-check(1) blocked n/a
test-amd64-amd64-xl-shadow 1 build-check(1) blocked n/a
test-amd64-i386-xl-qemuu-ovmf-amd64 1 build-check(1) blocked n/a
test-amd64-amd64-libvirt-xsm 1 build-check(1) blocked n/a
test-xtf-amd64-amd64-4 1 build-check(1) blocked n/a
test-amd64-amd64-xl-qemuu-ovmf-amd64 1 build-check(1) blocked n/a
test-armhf-armhf-xl-multivcpu 1 build-check(1) blocked n/a
test-amd64-i386-xl-qemut-win10-i386 1 build-check(1) blocked n/a
test-amd64-i386-xl-qemuu-win7-amd64 1 build-check(1) blocked n/a
test-armhf-armhf-xl 1 build-check(1) blocked n/a
test-amd64-amd64-xl-qemut-win7-amd64 1 build-check(1) blocked n/a
test-amd64-amd64-xl-qemuu-win7-amd64 1 build-check(1) blocked n/a
test-amd64-amd64-pair 1 build-check(1) blocked n/a
test-amd64-i386-libvirt-xsm 1 build-check(1) blocked n/a
test-amd64-amd64-xl-credit1 1 build-check(1) blocked n/a
test-armhf-armhf-libvirt-raw 1 build-check(1) blocked n/a
test-amd64-i386-migrupgrade 1 build-check(1) blocked n/a
test-amd64-i386-libvirt-qemuu-debianhvm-amd64-xsm 1 build-check(1) blocked n/a
test-amd64-amd64-amd64-pvgrub 1 build-check(1) blocked n/a
test-armhf-armhf-xl-credit1 1 build-check(1) blocked n/a
test-amd64-amd64-xl-qemut-ws16-amd64 1 build-check(1) blocked n/a
test-amd64-amd64-libvirt 1 build-check(1) blocked n/a
test-amd64-i386-xl-qemuu-debianhvm-amd64 1 build-check(1) blocked n/a
test-amd64-i386-xl-qemuu-debianhvm-amd64-shadow 1 build-check(1) blocked n/a
test-armhf-armhf-xl-vhd 1 build-check(1) blocked n/a
test-xtf-amd64-amd64-1 1 build-check(1) blocked n/a
test-amd64-i386-qemuu-rhel6hvm-amd 1 build-check(1) blocked n/a
test-amd64-amd64-xl-qemuu-ws16-amd64 1 build-check(1) blocked n/a
test-amd64-amd64-xl-rtds 1 build-check(1) blocked n/a
test-amd64-i386-libvirt 1 build-check(1) blocked n/a
test-amd64-amd64-i386-pvgrub 1 build-check(1) blocked n/a
test-amd64-i386-pair 1 build-check(1) blocked n/a
test-armhf-armhf-libvirt 1 build-check(1) blocked n/a
test-amd64-amd64-xl-qemuu-win10-i386 1 build-check(1) blocked n/a
build-armhf-libvirt 1 build-check(1) blocked n/a
test-xtf-amd64-amd64-5 1 build-check(1) blocked n/a
test-amd64-i386-xl-qemuu-win10-i386 1 build-check(1) blocked n/a
test-amd64-amd64-qemuu-nested-intel 1 build-check(1) blocked n/a
test-xtf-amd64-amd64-2 1 build-check(1) blocked n/a
test-amd64-amd64-xl-xsm 1 build-check(1) blocked n/a
test-amd64-amd64-xl-qcow2 1 build-check(1) blocked n/a
test-amd64-i386-xl-qemut-debianhvm-i386-xsm 1 build-check(1) blocked n/a
test-amd64-amd64-libvirt-qemuu-debianhvm-amd64-xsm 1 build-check(1) blocked n/a
test-armhf-armhf-xl-rtds 1 build-check(1) blocked n/a
test-amd64-i386-qemut-rhel6hvm-amd 1 build-check(1) blocked n/a
test-armhf-armhf-xl-credit2 1 build-check(1) blocked n/a
test-amd64-amd64-xl 1 build-check(1) blocked n/a
test-amd64-i386-xl-xsm 1 build-check(1) blocked n/a
test-amd64-amd64-pygrub 1 build-check(1) blocked n/a
test-amd64-i386-xl 1 build-check(1) blocked n/a
test-amd64-i386-freebsd10-i386 1 build-check(1) blocked n/a
test-amd64-i386-xl-qemut-debianhvm-amd64 1 build-check(1) blocked n/a
test-amd64-i386-freebsd10-amd64 1 build-check(1) blocked n/a
test-amd64-amd64-xl-multivcpu 1 build-check(1) blocked n/a
test-amd64-i386-xl-qemuu-debianhvm-i386-xsm 1 build-check(1) blocked n/a
test-amd64-amd64-xl-qemut-debianhvm-amd64 1 build-check(1) blocked n/a
test-amd64-amd64-xl-qemut-debianhvm-i386-xsm 1 build-check(1) blocked n/a
test-amd64-i386-qemuu-rhel6hvm-intel 1 build-check(1) blocked n/a
test-amd64-i386-xl-qemut-win7-amd64 1 build-check(1) blocked n/a
test-amd64-i386-xl-qemut-ws16-amd64 1 build-check(1) blocked n/a
test-amd64-amd64-qemuu-nested-amd 1 build-check(1) blocked n/a
test-amd64-amd64-xl-qemut-win10-i386 1 build-check(1) blocked n/a
test-amd64-i386-xl-qemut-stubdom-debianhvm-amd64-xsm 1 build-check(1) blocked n/a
test-amd64-amd64-xl-credit2 1 build-check(1) blocked n/a
test-amd64-i386-qemut-rhel6hvm-intel 1 build-check(1) blocked n/a
build-i386-libvirt 1 build-check(1) blocked n/a
test-amd64-amd64-migrupgrade 1 build-check(1) blocked n/a
test-amd64-i386-libvirt-pair 1 build-check(1) blocked n/a
test-amd64-amd64-xl-qemuu-debianhvm-amd64-shadow 1 build-check(1) blocked n/a
test-amd64-amd64-libvirt-vhd 1 build-check(1) blocked n/a
test-amd64-amd64-libvirt-pair 1 build-check(1) blocked n/a
version targeted for testing:
xen 6e1b057b63b2e1d04e62e5a072734746310ff987
baseline version:
xen 3636de3f1a9a513ebdcd77555dce0e4d451e198b
Last test of basis 127792 2018-09-19 03:50:41 Z 232 days
Failing since 135433 2019-04-29 15:36:10 Z 9 days 5 attempts
Testing same since 135850 2019-05-07 11:36:17 Z 2 days 1 attempts
------------------------------------------------------------
People who touched revisions under test:
Cédric Bosdonnat <cbosdonnat@suse.com>
Daniel De Graaf <dgdegra@tycho.nsa.gov>
Ian Campbell <ian.campbell@citrix.com>
Quan Xu <xuquan8@huawei.com>
Wei Liu <wei.liu2@citrix.com>
jobs:
build-amd64-xsm fail
build-i386-xsm fail
build-amd64-xtf pass
build-amd64 fail
build-armhf fail
build-i386 fail
build-amd64-libvirt blocked
build-armhf-libvirt blocked
build-i386-libvirt blocked
build-amd64-prev fail
build-i386-prev fail
build-amd64-pvops pass
build-armhf-pvops pass
build-i386-pvops pass
test-xtf-amd64-amd64-1 blocked
test-xtf-amd64-amd64-2 blocked
test-xtf-amd64-amd64-3 blocked
test-xtf-amd64-amd64-4 blocked
test-xtf-amd64-amd64-5 blocked
test-amd64-amd64-xl blocked
test-armhf-armhf-xl blocked
test-amd64-i386-xl blocked
test-amd64-amd64-libvirt-qemuu-debianhvm-amd64-xsm blocked
test-amd64-i386-libvirt-qemuu-debianhvm-amd64-xsm blocked
test-amd64-amd64-xl-qemut-stubdom-debianhvm-amd64-xsm blocked
test-amd64-i386-xl-qemut-stubdom-debianhvm-amd64-xsm blocked
test-amd64-amd64-xl-qemut-debianhvm-i386-xsm blocked
test-amd64-i386-xl-qemut-debianhvm-i386-xsm blocked
test-amd64-amd64-xl-qemuu-debianhvm-i386-xsm blocked
test-amd64-i386-xl-qemuu-debianhvm-i386-xsm blocked
test-amd64-amd64-libvirt-xsm blocked
test-amd64-i386-libvirt-xsm blocked
test-amd64-amd64-xl-xsm blocked
test-amd64-i386-xl-xsm blocked
test-amd64-amd64-qemuu-nested-amd blocked
test-amd64-i386-qemut-rhel6hvm-amd blocked
test-amd64-i386-qemuu-rhel6hvm-amd blocked
test-amd64-amd64-xl-qemut-debianhvm-amd64 blocked
test-amd64-i386-xl-qemut-debianhvm-amd64 blocked
test-amd64-amd64-xl-qemuu-debianhvm-amd64 blocked
test-amd64-i386-xl-qemuu-debianhvm-amd64 blocked
test-amd64-i386-freebsd10-amd64 blocked
test-amd64-amd64-xl-qemuu-ovmf-amd64 blocked
test-amd64-i386-xl-qemuu-ovmf-amd64 blocked
test-amd64-amd64-xl-qemut-win7-amd64 blocked
test-amd64-i386-xl-qemut-win7-amd64 blocked
test-amd64-amd64-xl-qemuu-win7-amd64 blocked
test-amd64-i386-xl-qemuu-win7-amd64 blocked
test-amd64-amd64-xl-qemut-ws16-amd64 blocked
test-amd64-i386-xl-qemut-ws16-amd64 blocked
test-amd64-amd64-xl-qemuu-ws16-amd64 blocked
test-amd64-i386-xl-qemuu-ws16-amd64 blocked
test-armhf-armhf-xl-arndale blocked
test-amd64-amd64-xl-credit1 blocked
test-armhf-armhf-xl-credit1 blocked
test-amd64-amd64-xl-credit2 blocked
test-armhf-armhf-xl-credit2 blocked
test-armhf-armhf-xl-cubietruck blocked
test-amd64-i386-freebsd10-i386 blocked
test-amd64-amd64-xl-qemut-win10-i386 blocked
test-amd64-i386-xl-qemut-win10-i386 blocked
test-amd64-amd64-xl-qemuu-win10-i386 blocked
test-amd64-i386-xl-qemuu-win10-i386 blocked
test-amd64-amd64-qemuu-nested-intel blocked
test-amd64-i386-qemut-rhel6hvm-intel blocked
test-amd64-i386-qemuu-rhel6hvm-intel blocked
test-amd64-amd64-libvirt blocked
test-armhf-armhf-libvirt blocked
test-amd64-i386-libvirt blocked
test-amd64-amd64-migrupgrade blocked
test-amd64-i386-migrupgrade blocked
test-amd64-amd64-xl-multivcpu blocked
test-armhf-armhf-xl-multivcpu blocked
test-amd64-amd64-pair blocked
test-amd64-i386-pair blocked
test-amd64-amd64-libvirt-pair blocked
test-amd64-i386-libvirt-pair blocked
test-amd64-amd64-amd64-pvgrub blocked
test-amd64-amd64-i386-pvgrub blocked
test-amd64-amd64-pygrub blocked
test-amd64-amd64-xl-qcow2 blocked
test-armhf-armhf-libvirt-raw blocked
test-amd64-i386-xl-raw blocked
test-amd64-amd64-xl-rtds blocked
test-armhf-armhf-xl-rtds blocked
test-amd64-amd64-xl-qemuu-debianhvm-amd64-shadow blocked
test-amd64-i386-xl-qemuu-debianhvm-amd64-shadow blocked
test-amd64-amd64-xl-shadow blocked
test-amd64-i386-xl-shadow blocked
test-amd64-amd64-libvirt-vhd blocked
test-armhf-armhf-xl-vhd blocked
------------------------------------------------------------
sg-report-flight on osstest.test-lab.xenproject.org
logs: /home/logs/logs
images: /home/logs/images
Logs, config files, etc. are available at
http://logs.test-lab.xenproject.org/osstest/logs
Explanation of these reports, and of osstest in general, is at
http://xenbits.xen.org/gitweb/?p=osstest.git;a=blob;f=README.email;hb=master
http://xenbits.xen.org/gitweb/?p=osstest.git;a=blob;f=README;hb=master
Test harness code can be found at
http://xenbits.xen.org/gitweb?p=osstest.git;a=summary
Not pushing.
------------------------------------------------------------
commit 6e1b057b63b2e1d04e62e5a072734746310ff987
Author: Cédric Bosdonnat <cbosdonnat@suse.com>
Date: Thu Nov 10 10:23:31 2016 +0100
Fix misleading indentation warnings
Gcc6 build reports misleading indentation as warnings. Fix a few
warnings in stubdom.
Signed-off-by: Cédric Bosdonnat <cbosdonnat@suse.com>
Acked-by: Daniel De Graaf <dgdegra@tycho.nsa.gov>
Acked-by: Quan Xu <xuquan8@huawei.com>
Release-acked-by: Wei Liu <wei.liu2@citrix.com>
(cherry picked from commit 9fdffbbab3ada427bac07076f042f0265e5ae05f)
(cherry picked from commit 7c8db58d3739c805f4c0f773b65157f306b00c2a)
commit e675332d5d049bbf5ce4cf1924a6414b8035963d
Author: Ian Campbell <ian.campbell@citrix.com>
Date: Fri Jan 22 14:27:29 2016 +0000
xenalyze: remove cr3_compare_total
gcc-6 complains:
xenalyze.c:4132:9: error: 'cr3_compare_total' defined but not used [-Werror=unused-function]
int cr3_compare_total(const void *_a, const void *_b) {
^~~~~~~~~~~~~~~~~
I believe it is correct.
Signed-off-by: Ian Campbell <ian.campbell@citrix.com>
Reviewed-by: George Dunlap <george.dunlap@citrix.com>
(cherry picked from commit 87761277d7f079ce278323b45da279f2bd25d31b)
commit 9357fcd085c1dfdf90a689545d21242b0eb3841e
Author: Ian Campbell <ian.campbell@citrix.com>
Date: Fri Jan 22 14:27:28 2016 +0000
xenalyze: fix misleading indentation.
gcc-6 adds -Wmisleading-indentation which found these issues.
xenalyze.c: In function 'weighted_percentile':
xenalyze.c:2136:18: error: statement is indented as if it were guarded by... [-Werror=misleading-indentation]
L=I; L_weight = I_weight;
^~~~~~~~
xenalyze.c:2135:9: note: ...this 'if' clause, but it is not
if(J_weight<K_weight)
^~
xenalyze.c:2138:18: error: statement is indented as if it were guarded by... [-Werror=misleading-indentation]
R=J; R_weight = J_weight;
^~~~~~~~
xenalyze.c:2137:9: note: ...this 'if' clause, but it is not
if(K_weight<I_weight)
^~
xenalyze.c: In function 'self_weighted_percentile':
xenalyze.c:2215:18: error: statement is indented as if it were guarded by... [-Werror=misleading-indentation]
L=I; L_weight = I_weight;
^~~~~~~~
xenalyze.c:2214:9: note: ...this 'if' clause, but it is not
if(J_weight<K_weight)
^~
xenalyze.c:2217:18: error: statement is indented as if it were guarded by... [-Werror=misleading-indentation]
R=J; R_weight = J_weight;
^~~~~~~~
xenalyze.c:2216:9: note: ...this 'if' clause, but it is not
if(K_weight<I_weight)
^~
I've modified according to what I think the intention is, i.e. added braces
rather than moving the line in question out a level.
I have only build tested the result.
Signed-off-by: Ian Campbell <ian.campbell@citrix.com>
Reviewed-by: George Dunlap <george.dunlap@citrix.com>
(cherry picked from commit ebdba150bff1d914805d60efa576337bbef0c305)
commit 59ce6a543f3c00d241ea0e85f932df610cdc25bb
Author: Wei Liu <wei.liu2@citrix.com>
Date: Wed Nov 28 17:43:33 2018 +0000
tools/firmware: update OVMF Makefile, when necessary
[ This is two commits from master aka staging-4.12: ]
OVMF has become dependent on OpenSSL, which is included as a
submodule. Initialise submodules before building.
Signed-off-by: Wei Liu <wei.liu2@citrix.com>
Reviewed-by: Anthony PERARD <anthony.perard@citrix.com>
(cherry picked from commit b16281870e06f5f526029a4e69634a16dc38e8e4)
tools: only call git when necessary in OVMF Makefile
Users may choose to export a snapshot of OVMF and build it
with xen.git supplied ovmf-makefile. In that case we don't
need to call `git submodule`.
Fixes b16281870e.
Reported-by: Olaf Hering <olaf@aepfle.de>
Signed-off-by: Wei Liu <wei.liu2@citrix.com>
Reviewed-by: Anthony PERARD <anthony.perard@citrix.com>
Release-acked-by: Juergen Gross <jgross@suse.com>
(cherry picked from commit 68292c94a60eab24514ab4a8e4772af24dead807)
(cherry picked from commit e983e8ae84efd5e43045a3d20a820f13cb4a75bf)
(cherry picked from commit 5a81de4c6b6036974f29e2330a493f23a8f0c1f0)
(cherry picked from commit 63d9330ba9fdec7c8e9346e6d85360747d61c947)
(cherry picked from commit e9d860f1f657a198d990bdae3e295001bd19223c)
(cherry picked from commit 7835644d5141d0f28ec221eda40fcbf2fc03be23)
(qemu changes not included)
_______________________________________________
Xen-devel mailing list
Xen-devel@lists.xenproject.org
https://lists.xenproject.org/mailman/listinfo/xen-devel
^ permalink raw reply [flat|nested] 2+ messages in thread
* [Xen-devel] [xen-4.6-testing test] 135850: regressions - FAIL
2019-05-09 15:15 [xen-4.6-testing test] 135850: regressions - FAIL osstest service owner
@ 2019-05-09 15:15 ` osstest service owner
0 siblings, 0 replies; 2+ messages in thread
From: osstest service owner @ 2019-05-09 15:15 UTC (permalink / raw)
To: xen-devel, osstest-admin
flight 135850 xen-4.6-testing real [real]
http://logs.test-lab.xenproject.org/osstest/logs/135850/
Regressions :-(
Tests which did not succeed and are blocking,
including tests which could not be run:
build-amd64-prev 6 xen-build fail REGR. vs. 127792
build-amd64-xsm 6 xen-build fail REGR. vs. 127792
build-i386-prev 6 xen-build fail REGR. vs. 127792
build-i386-xsm 6 xen-build fail REGR. vs. 127792
build-amd64 6 xen-build fail REGR. vs. 127792
build-i386 6 xen-build fail REGR. vs. 127792
build-armhf 6 xen-build fail REGR. vs. 127792
Tests which did not succeed, but are not blocking:
test-amd64-amd64-xl-qemut-stubdom-debianhvm-amd64-xsm 1 build-check(1) blocked n/a
test-amd64-i386-xl-raw 1 build-check(1) blocked n/a
test-armhf-armhf-xl-arndale 1 build-check(1) blocked n/a
test-armhf-armhf-xl-cubietruck 1 build-check(1) blocked n/a
build-amd64-libvirt 1 build-check(1) blocked n/a
test-amd64-i386-xl-shadow 1 build-check(1) blocked n/a
test-xtf-amd64-amd64-3 1 build-check(1) blocked n/a
test-amd64-amd64-xl-qemuu-debianhvm-i386-xsm 1 build-check(1) blocked n/a
test-amd64-amd64-xl-qemuu-debianhvm-amd64 1 build-check(1) blocked n/a
test-amd64-i386-xl-qemuu-ws16-amd64 1 build-check(1) blocked n/a
test-amd64-amd64-xl-shadow 1 build-check(1) blocked n/a
test-amd64-i386-xl-qemuu-ovmf-amd64 1 build-check(1) blocked n/a
test-amd64-amd64-libvirt-xsm 1 build-check(1) blocked n/a
test-xtf-amd64-amd64-4 1 build-check(1) blocked n/a
test-amd64-amd64-xl-qemuu-ovmf-amd64 1 build-check(1) blocked n/a
test-armhf-armhf-xl-multivcpu 1 build-check(1) blocked n/a
test-amd64-i386-xl-qemut-win10-i386 1 build-check(1) blocked n/a
test-amd64-i386-xl-qemuu-win7-amd64 1 build-check(1) blocked n/a
test-armhf-armhf-xl 1 build-check(1) blocked n/a
test-amd64-amd64-xl-qemut-win7-amd64 1 build-check(1) blocked n/a
test-amd64-amd64-xl-qemuu-win7-amd64 1 build-check(1) blocked n/a
test-amd64-amd64-pair 1 build-check(1) blocked n/a
test-amd64-i386-libvirt-xsm 1 build-check(1) blocked n/a
test-amd64-amd64-xl-credit1 1 build-check(1) blocked n/a
test-armhf-armhf-libvirt-raw 1 build-check(1) blocked n/a
test-amd64-i386-migrupgrade 1 build-check(1) blocked n/a
test-amd64-i386-libvirt-qemuu-debianhvm-amd64-xsm 1 build-check(1) blocked n/a
test-amd64-amd64-amd64-pvgrub 1 build-check(1) blocked n/a
test-armhf-armhf-xl-credit1 1 build-check(1) blocked n/a
test-amd64-amd64-xl-qemut-ws16-amd64 1 build-check(1) blocked n/a
test-amd64-amd64-libvirt 1 build-check(1) blocked n/a
test-amd64-i386-xl-qemuu-debianhvm-amd64 1 build-check(1) blocked n/a
test-amd64-i386-xl-qemuu-debianhvm-amd64-shadow 1 build-check(1) blocked n/a
test-armhf-armhf-xl-vhd 1 build-check(1) blocked n/a
test-xtf-amd64-amd64-1 1 build-check(1) blocked n/a
test-amd64-i386-qemuu-rhel6hvm-amd 1 build-check(1) blocked n/a
test-amd64-amd64-xl-qemuu-ws16-amd64 1 build-check(1) blocked n/a
test-amd64-amd64-xl-rtds 1 build-check(1) blocked n/a
test-amd64-i386-libvirt 1 build-check(1) blocked n/a
test-amd64-amd64-i386-pvgrub 1 build-check(1) blocked n/a
test-amd64-i386-pair 1 build-check(1) blocked n/a
test-armhf-armhf-libvirt 1 build-check(1) blocked n/a
test-amd64-amd64-xl-qemuu-win10-i386 1 build-check(1) blocked n/a
build-armhf-libvirt 1 build-check(1) blocked n/a
test-xtf-amd64-amd64-5 1 build-check(1) blocked n/a
test-amd64-i386-xl-qemuu-win10-i386 1 build-check(1) blocked n/a
test-amd64-amd64-qemuu-nested-intel 1 build-check(1) blocked n/a
test-xtf-amd64-amd64-2 1 build-check(1) blocked n/a
test-amd64-amd64-xl-xsm 1 build-check(1) blocked n/a
test-amd64-amd64-xl-qcow2 1 build-check(1) blocked n/a
test-amd64-i386-xl-qemut-debianhvm-i386-xsm 1 build-check(1) blocked n/a
test-amd64-amd64-libvirt-qemuu-debianhvm-amd64-xsm 1 build-check(1) blocked n/a
test-armhf-armhf-xl-rtds 1 build-check(1) blocked n/a
test-amd64-i386-qemut-rhel6hvm-amd 1 build-check(1) blocked n/a
test-armhf-armhf-xl-credit2 1 build-check(1) blocked n/a
test-amd64-amd64-xl 1 build-check(1) blocked n/a
test-amd64-i386-xl-xsm 1 build-check(1) blocked n/a
test-amd64-amd64-pygrub 1 build-check(1) blocked n/a
test-amd64-i386-xl 1 build-check(1) blocked n/a
test-amd64-i386-freebsd10-i386 1 build-check(1) blocked n/a
test-amd64-i386-xl-qemut-debianhvm-amd64 1 build-check(1) blocked n/a
test-amd64-i386-freebsd10-amd64 1 build-check(1) blocked n/a
test-amd64-amd64-xl-multivcpu 1 build-check(1) blocked n/a
test-amd64-i386-xl-qemuu-debianhvm-i386-xsm 1 build-check(1) blocked n/a
test-amd64-amd64-xl-qemut-debianhvm-amd64 1 build-check(1) blocked n/a
test-amd64-amd64-xl-qemut-debianhvm-i386-xsm 1 build-check(1) blocked n/a
test-amd64-i386-qemuu-rhel6hvm-intel 1 build-check(1) blocked n/a
test-amd64-i386-xl-qemut-win7-amd64 1 build-check(1) blocked n/a
test-amd64-i386-xl-qemut-ws16-amd64 1 build-check(1) blocked n/a
test-amd64-amd64-qemuu-nested-amd 1 build-check(1) blocked n/a
test-amd64-amd64-xl-qemut-win10-i386 1 build-check(1) blocked n/a
test-amd64-i386-xl-qemut-stubdom-debianhvm-amd64-xsm 1 build-check(1) blocked n/a
test-amd64-amd64-xl-credit2 1 build-check(1) blocked n/a
test-amd64-i386-qemut-rhel6hvm-intel 1 build-check(1) blocked n/a
build-i386-libvirt 1 build-check(1) blocked n/a
test-amd64-amd64-migrupgrade 1 build-check(1) blocked n/a
test-amd64-i386-libvirt-pair 1 build-check(1) blocked n/a
test-amd64-amd64-xl-qemuu-debianhvm-amd64-shadow 1 build-check(1) blocked n/a
test-amd64-amd64-libvirt-vhd 1 build-check(1) blocked n/a
test-amd64-amd64-libvirt-pair 1 build-check(1) blocked n/a
version targeted for testing:
xen 6e1b057b63b2e1d04e62e5a072734746310ff987
baseline version:
xen 3636de3f1a9a513ebdcd77555dce0e4d451e198b
Last test of basis 127792 2018-09-19 03:50:41 Z 232 days
Failing since 135433 2019-04-29 15:36:10 Z 9 days 5 attempts
Testing same since 135850 2019-05-07 11:36:17 Z 2 days 1 attempts
------------------------------------------------------------
People who touched revisions under test:
Cédric Bosdonnat <cbosdonnat@suse.com>
Daniel De Graaf <dgdegra@tycho.nsa.gov>
Ian Campbell <ian.campbell@citrix.com>
Quan Xu <xuquan8@huawei.com>
Wei Liu <wei.liu2@citrix.com>
jobs:
build-amd64-xsm fail
build-i386-xsm fail
build-amd64-xtf pass
build-amd64 fail
build-armhf fail
build-i386 fail
build-amd64-libvirt blocked
build-armhf-libvirt blocked
build-i386-libvirt blocked
build-amd64-prev fail
build-i386-prev fail
build-amd64-pvops pass
build-armhf-pvops pass
build-i386-pvops pass
test-xtf-amd64-amd64-1 blocked
test-xtf-amd64-amd64-2 blocked
test-xtf-amd64-amd64-3 blocked
test-xtf-amd64-amd64-4 blocked
test-xtf-amd64-amd64-5 blocked
test-amd64-amd64-xl blocked
test-armhf-armhf-xl blocked
test-amd64-i386-xl blocked
test-amd64-amd64-libvirt-qemuu-debianhvm-amd64-xsm blocked
test-amd64-i386-libvirt-qemuu-debianhvm-amd64-xsm blocked
test-amd64-amd64-xl-qemut-stubdom-debianhvm-amd64-xsm blocked
test-amd64-i386-xl-qemut-stubdom-debianhvm-amd64-xsm blocked
test-amd64-amd64-xl-qemut-debianhvm-i386-xsm blocked
test-amd64-i386-xl-qemut-debianhvm-i386-xsm blocked
test-amd64-amd64-xl-qemuu-debianhvm-i386-xsm blocked
test-amd64-i386-xl-qemuu-debianhvm-i386-xsm blocked
test-amd64-amd64-libvirt-xsm blocked
test-amd64-i386-libvirt-xsm blocked
test-amd64-amd64-xl-xsm blocked
test-amd64-i386-xl-xsm blocked
test-amd64-amd64-qemuu-nested-amd blocked
test-amd64-i386-qemut-rhel6hvm-amd blocked
test-amd64-i386-qemuu-rhel6hvm-amd blocked
test-amd64-amd64-xl-qemut-debianhvm-amd64 blocked
test-amd64-i386-xl-qemut-debianhvm-amd64 blocked
test-amd64-amd64-xl-qemuu-debianhvm-amd64 blocked
test-amd64-i386-xl-qemuu-debianhvm-amd64 blocked
test-amd64-i386-freebsd10-amd64 blocked
test-amd64-amd64-xl-qemuu-ovmf-amd64 blocked
test-amd64-i386-xl-qemuu-ovmf-amd64 blocked
test-amd64-amd64-xl-qemut-win7-amd64 blocked
test-amd64-i386-xl-qemut-win7-amd64 blocked
test-amd64-amd64-xl-qemuu-win7-amd64 blocked
test-amd64-i386-xl-qemuu-win7-amd64 blocked
test-amd64-amd64-xl-qemut-ws16-amd64 blocked
test-amd64-i386-xl-qemut-ws16-amd64 blocked
test-amd64-amd64-xl-qemuu-ws16-amd64 blocked
test-amd64-i386-xl-qemuu-ws16-amd64 blocked
test-armhf-armhf-xl-arndale blocked
test-amd64-amd64-xl-credit1 blocked
test-armhf-armhf-xl-credit1 blocked
test-amd64-amd64-xl-credit2 blocked
test-armhf-armhf-xl-credit2 blocked
test-armhf-armhf-xl-cubietruck blocked
test-amd64-i386-freebsd10-i386 blocked
test-amd64-amd64-xl-qemut-win10-i386 blocked
test-amd64-i386-xl-qemut-win10-i386 blocked
test-amd64-amd64-xl-qemuu-win10-i386 blocked
test-amd64-i386-xl-qemuu-win10-i386 blocked
test-amd64-amd64-qemuu-nested-intel blocked
test-amd64-i386-qemut-rhel6hvm-intel blocked
test-amd64-i386-qemuu-rhel6hvm-intel blocked
test-amd64-amd64-libvirt blocked
test-armhf-armhf-libvirt blocked
test-amd64-i386-libvirt blocked
test-amd64-amd64-migrupgrade blocked
test-amd64-i386-migrupgrade blocked
test-amd64-amd64-xl-multivcpu blocked
test-armhf-armhf-xl-multivcpu blocked
test-amd64-amd64-pair blocked
test-amd64-i386-pair blocked
test-amd64-amd64-libvirt-pair blocked
test-amd64-i386-libvirt-pair blocked
test-amd64-amd64-amd64-pvgrub blocked
test-amd64-amd64-i386-pvgrub blocked
test-amd64-amd64-pygrub blocked
test-amd64-amd64-xl-qcow2 blocked
test-armhf-armhf-libvirt-raw blocked
test-amd64-i386-xl-raw blocked
test-amd64-amd64-xl-rtds blocked
test-armhf-armhf-xl-rtds blocked
test-amd64-amd64-xl-qemuu-debianhvm-amd64-shadow blocked
test-amd64-i386-xl-qemuu-debianhvm-amd64-shadow blocked
test-amd64-amd64-xl-shadow blocked
test-amd64-i386-xl-shadow blocked
test-amd64-amd64-libvirt-vhd blocked
test-armhf-armhf-xl-vhd blocked
------------------------------------------------------------
sg-report-flight on osstest.test-lab.xenproject.org
logs: /home/logs/logs
images: /home/logs/images
Logs, config files, etc. are available at
http://logs.test-lab.xenproject.org/osstest/logs
Explanation of these reports, and of osstest in general, is at
http://xenbits.xen.org/gitweb/?p=osstest.git;a=blob;f=README.email;hb=master
http://xenbits.xen.org/gitweb/?p=osstest.git;a=blob;f=README;hb=master
Test harness code can be found at
http://xenbits.xen.org/gitweb?p=osstest.git;a=summary
Not pushing.
------------------------------------------------------------
commit 6e1b057b63b2e1d04e62e5a072734746310ff987
Author: Cédric Bosdonnat <cbosdonnat@suse.com>
Date: Thu Nov 10 10:23:31 2016 +0100
Fix misleading indentation warnings
Gcc6 build reports misleading indentation as warnings. Fix a few
warnings in stubdom.
Signed-off-by: Cédric Bosdonnat <cbosdonnat@suse.com>
Acked-by: Daniel De Graaf <dgdegra@tycho.nsa.gov>
Acked-by: Quan Xu <xuquan8@huawei.com>
Release-acked-by: Wei Liu <wei.liu2@citrix.com>
(cherry picked from commit 9fdffbbab3ada427bac07076f042f0265e5ae05f)
(cherry picked from commit 7c8db58d3739c805f4c0f773b65157f306b00c2a)
commit e675332d5d049bbf5ce4cf1924a6414b8035963d
Author: Ian Campbell <ian.campbell@citrix.com>
Date: Fri Jan 22 14:27:29 2016 +0000
xenalyze: remove cr3_compare_total
gcc-6 complains:
xenalyze.c:4132:9: error: 'cr3_compare_total' defined but not used [-Werror=unused-function]
int cr3_compare_total(const void *_a, const void *_b) {
^~~~~~~~~~~~~~~~~
I believe it is correct.
Signed-off-by: Ian Campbell <ian.campbell@citrix.com>
Reviewed-by: George Dunlap <george.dunlap@citrix.com>
(cherry picked from commit 87761277d7f079ce278323b45da279f2bd25d31b)
commit 9357fcd085c1dfdf90a689545d21242b0eb3841e
Author: Ian Campbell <ian.campbell@citrix.com>
Date: Fri Jan 22 14:27:28 2016 +0000
xenalyze: fix misleading indentation.
gcc-6 adds -Wmisleading-indentation which found these issues.
xenalyze.c: In function 'weighted_percentile':
xenalyze.c:2136:18: error: statement is indented as if it were guarded by... [-Werror=misleading-indentation]
L=I; L_weight = I_weight;
^~~~~~~~
xenalyze.c:2135:9: note: ...this 'if' clause, but it is not
if(J_weight<K_weight)
^~
xenalyze.c:2138:18: error: statement is indented as if it were guarded by... [-Werror=misleading-indentation]
R=J; R_weight = J_weight;
^~~~~~~~
xenalyze.c:2137:9: note: ...this 'if' clause, but it is not
if(K_weight<I_weight)
^~
xenalyze.c: In function 'self_weighted_percentile':
xenalyze.c:2215:18: error: statement is indented as if it were guarded by... [-Werror=misleading-indentation]
L=I; L_weight = I_weight;
^~~~~~~~
xenalyze.c:2214:9: note: ...this 'if' clause, but it is not
if(J_weight<K_weight)
^~
xenalyze.c:2217:18: error: statement is indented as if it were guarded by... [-Werror=misleading-indentation]
R=J; R_weight = J_weight;
^~~~~~~~
xenalyze.c:2216:9: note: ...this 'if' clause, but it is not
if(K_weight<I_weight)
^~
I've modified according to what I think the intention is, i.e. added braces
rather than moving the line in question out a level.
I have only build tested the result.
Signed-off-by: Ian Campbell <ian.campbell@citrix.com>
Reviewed-by: George Dunlap <george.dunlap@citrix.com>
(cherry picked from commit ebdba150bff1d914805d60efa576337bbef0c305)
commit 59ce6a543f3c00d241ea0e85f932df610cdc25bb
Author: Wei Liu <wei.liu2@citrix.com>
Date: Wed Nov 28 17:43:33 2018 +0000
tools/firmware: update OVMF Makefile, when necessary
[ This is two commits from master aka staging-4.12: ]
OVMF has become dependent on OpenSSL, which is included as a
submodule. Initialise submodules before building.
Signed-off-by: Wei Liu <wei.liu2@citrix.com>
Reviewed-by: Anthony PERARD <anthony.perard@citrix.com>
(cherry picked from commit b16281870e06f5f526029a4e69634a16dc38e8e4)
tools: only call git when necessary in OVMF Makefile
Users may choose to export a snapshot of OVMF and build it
with xen.git supplied ovmf-makefile. In that case we don't
need to call `git submodule`.
Fixes b16281870e.
Reported-by: Olaf Hering <olaf@aepfle.de>
Signed-off-by: Wei Liu <wei.liu2@citrix.com>
Reviewed-by: Anthony PERARD <anthony.perard@citrix.com>
Release-acked-by: Juergen Gross <jgross@suse.com>
(cherry picked from commit 68292c94a60eab24514ab4a8e4772af24dead807)
(cherry picked from commit e983e8ae84efd5e43045a3d20a820f13cb4a75bf)
(cherry picked from commit 5a81de4c6b6036974f29e2330a493f23a8f0c1f0)
(cherry picked from commit 63d9330ba9fdec7c8e9346e6d85360747d61c947)
(cherry picked from commit e9d860f1f657a198d990bdae3e295001bd19223c)
(cherry picked from commit 7835644d5141d0f28ec221eda40fcbf2fc03be23)
(qemu changes not included)
_______________________________________________
Xen-devel mailing list
Xen-devel@lists.xenproject.org
https://lists.xenproject.org/mailman/listinfo/xen-devel
^ permalink raw reply [flat|nested] 2+ messages in thread
end of thread, other threads:[~2019-05-09 15:16 UTC | newest]
Thread overview: 2+ messages (download: mbox.gz / follow: Atom feed)
-- links below jump to the message on this page --
2019-05-09 15:15 [xen-4.6-testing test] 135850: regressions - FAIL osstest service owner
2019-05-09 15:15 ` [Xen-devel] " osstest service owner
This is a public inbox, see mirroring instructions
for how to clone and mirror all data and code used for this inbox;
as well as URLs for NNTP newsgroup(s).