Xen-Devel Archive on lore.kernel.org
 help / color / Atom feed
* [linux-linus test] 155829: regressions - FAIL
@ 2020-10-15 15:24 osstest service owner
  2020-10-15 15:39 ` Roger Pau Monné
  0 siblings, 1 reply; 2+ messages in thread
From: osstest service owner @ 2020-10-15 15:24 UTC (permalink / raw)
  To: xen-devel, osstest-admin

flight 155829 linux-linus real [real]
http://logs.test-lab.xenproject.org/osstest/logs/155829/

Regressions :-(

Tests which did not succeed and are blocking,
including tests which could not be run:
 test-amd64-i386-xl-qemuu-ws16-amd64  7 xen-install       fail REGR. vs. 152332
 test-amd64-i386-qemut-rhel6hvm-intel  7 xen-install      fail REGR. vs. 152332
 test-amd64-i386-xl-qemut-debianhvm-amd64  7 xen-install  fail REGR. vs. 152332
 test-amd64-i386-xl-xsm        7 xen-install              fail REGR. vs. 152332
 test-amd64-i386-xl-qemuu-dmrestrict-amd64-dmrestrict 7 xen-install fail REGR. vs. 152332
 test-amd64-i386-xl-qemuu-debianhvm-amd64-shadow 7 xen-install fail REGR. vs. 152332
 test-amd64-i386-qemuu-rhel6hvm-intel  7 xen-install      fail REGR. vs. 152332
 test-amd64-i386-examine       6 xen-install              fail REGR. vs. 152332
 test-amd64-i386-xl-qemuu-debianhvm-i386-xsm 7 xen-install fail REGR. vs. 152332
 test-amd64-i386-libvirt       7 xen-install              fail REGR. vs. 152332
 test-amd64-i386-pair         10 xen-install/src_host     fail REGR. vs. 152332
 test-amd64-i386-pair         11 xen-install/dst_host     fail REGR. vs. 152332
 test-amd64-i386-qemut-rhel6hvm-amd  7 xen-install        fail REGR. vs. 152332
 test-amd64-coresched-i386-xl  7 xen-install              fail REGR. vs. 152332
 test-amd64-i386-qemuu-rhel6hvm-amd  7 xen-install        fail REGR. vs. 152332
 test-amd64-i386-xl-qemuu-debianhvm-amd64  7 xen-install  fail REGR. vs. 152332
 test-amd64-i386-xl            7 xen-install              fail REGR. vs. 152332
 test-amd64-i386-libvirt-xsm   7 xen-install              fail REGR. vs. 152332
 test-amd64-i386-xl-qemut-ws16-amd64  7 xen-install       fail REGR. vs. 152332
 test-amd64-i386-libvirt-qemuu-debianhvm-amd64-xsm 7 xen-install fail REGR. vs. 152332
 test-amd64-i386-xl-pvshim     7 xen-install              fail REGR. vs. 152332
 test-amd64-i386-xl-raw        7 xen-install              fail REGR. vs. 152332
 test-amd64-i386-xl-qemut-debianhvm-i386-xsm 7 xen-install fail REGR. vs. 152332
 test-amd64-i386-freebsd10-amd64  7 xen-install           fail REGR. vs. 152332
 test-amd64-i386-freebsd10-i386  7 xen-install            fail REGR. vs. 152332
 test-amd64-i386-xl-qemuu-win7-amd64  7 xen-install       fail REGR. vs. 152332
 test-amd64-i386-xl-shadow     7 xen-install              fail REGR. vs. 152332
 test-amd64-i386-xl-qemut-win7-amd64  7 xen-install       fail REGR. vs. 152332
 test-amd64-i386-xl-qemuu-ovmf-amd64  7 xen-install       fail REGR. vs. 152332
 test-amd64-i386-xl-qemut-stubdom-debianhvm-amd64-xsm 7 xen-install fail REGR. vs. 152332
 test-amd64-i386-libvirt-pair 10 xen-install/src_host     fail REGR. vs. 152332
 test-amd64-i386-libvirt-pair 11 xen-install/dst_host     fail REGR. vs. 152332
 test-arm64-arm64-xl-seattle   8 xen-boot                 fail REGR. vs. 152332
 test-arm64-arm64-examine      8 reboot                   fail REGR. vs. 152332
 test-arm64-arm64-xl          12 debian-install           fail REGR. vs. 152332
 test-amd64-amd64-xl-multivcpu 23 guest-start.2           fail REGR. vs. 152332
 test-armhf-armhf-xl-credit2   8 xen-boot                 fail REGR. vs. 152332
 test-armhf-armhf-xl-vhd       8 xen-boot                 fail REGR. vs. 152332
 test-armhf-armhf-xl-cubietruck  8 xen-boot               fail REGR. vs. 152332
 test-armhf-armhf-libvirt      8 xen-boot                 fail REGR. vs. 152332
 test-armhf-armhf-examine      8 reboot                   fail REGR. vs. 152332
 test-armhf-armhf-xl-multivcpu  8 xen-boot                fail REGR. vs. 152332
 test-arm64-arm64-xl-xsm       8 xen-boot                 fail REGR. vs. 152332
 test-armhf-armhf-xl-credit1   8 xen-boot                 fail REGR. vs. 152332
 test-armhf-armhf-xl           8 xen-boot                 fail REGR. vs. 152332
 test-armhf-armhf-libvirt-raw  8 xen-boot                 fail REGR. vs. 152332

Regressions which are regarded as allowable (not blocking):
 test-armhf-armhf-xl-rtds      8 xen-boot                 fail REGR. vs. 152332

Tests which did not succeed, but are not blocking:
 test-arm64-arm64-xl-credit2  11 leak-check/basis(11)    fail blocked in 152332
 test-arm64-arm64-xl-credit1  11 leak-check/basis(11)    fail blocked in 152332
 test-arm64-arm64-libvirt-xsm 11 leak-check/basis(11)    fail blocked in 152332
 test-amd64-amd64-xl-qemut-win7-amd64 19 guest-stop            fail like 152332
 test-amd64-amd64-xl-qemuu-win7-amd64 19 guest-stop            fail like 152332
 test-amd64-amd64-xl-qemut-ws16-amd64 19 guest-stop            fail like 152332
 test-amd64-amd64-xl-qemuu-ws16-amd64 19 guest-stop            fail like 152332
 test-amd64-amd64-libvirt     15 migrate-support-check        fail   never pass
 test-amd64-amd64-libvirt-xsm 15 migrate-support-check        fail   never pass
 test-amd64-amd64-libvirt-qemuu-debianhvm-amd64-xsm 13 migrate-support-check fail never pass
 test-amd64-amd64-libvirt-vhd 14 migrate-support-check        fail   never pass
 test-arm64-arm64-xl-thunderx 15 migrate-support-check        fail   never pass
 test-arm64-arm64-xl-thunderx 16 saverestore-support-check    fail   never pass
 test-armhf-armhf-xl-arndale  15 migrate-support-check        fail   never pass
 test-armhf-armhf-xl-arndale  16 saverestore-support-check    fail   never pass
 test-amd64-amd64-qemuu-nested-amd 20 debian-hvm-install/l1/l2  fail never pass

version targeted for testing:
 linux                3e4fb4346c781068610d03c12b16c0cfb0fd24a3
baseline version:
 linux                deacdb3e3979979016fcd0ffd518c320a62ad166

Last test of basis   152332  2020-07-31 19:41:23 Z   75 days
Failing since        152366  2020-08-01 20:49:34 Z   74 days  127 attempts
Testing same since   155829  2020-10-15 04:03:41 Z    0 days    1 attempts

------------------------------------------------------------
2788 people touched revisions under test,
not listing them all

jobs:
 build-amd64-xsm                                              pass    
 build-arm64-xsm                                              pass    
 build-i386-xsm                                               pass    
 build-amd64                                                  pass    
 build-arm64                                                  pass    
 build-armhf                                                  pass    
 build-i386                                                   pass    
 build-amd64-libvirt                                          pass    
 build-arm64-libvirt                                          pass    
 build-armhf-libvirt                                          pass    
 build-i386-libvirt                                           pass    
 build-amd64-pvops                                            pass    
 build-arm64-pvops                                            pass    
 build-armhf-pvops                                            pass    
 build-i386-pvops                                             pass    
 test-amd64-amd64-xl                                          pass    
 test-amd64-coresched-amd64-xl                                pass    
 test-arm64-arm64-xl                                          fail    
 test-armhf-armhf-xl                                          fail    
 test-amd64-i386-xl                                           fail    
 test-amd64-coresched-i386-xl                                 fail    
 test-amd64-amd64-libvirt-qemuu-debianhvm-amd64-xsm           pass    
 test-amd64-i386-libvirt-qemuu-debianhvm-amd64-xsm            fail    
 test-amd64-amd64-xl-qemut-stubdom-debianhvm-amd64-xsm        pass    
 test-amd64-i386-xl-qemut-stubdom-debianhvm-amd64-xsm         fail    
 test-amd64-amd64-xl-qemut-debianhvm-i386-xsm                 pass    
 test-amd64-i386-xl-qemut-debianhvm-i386-xsm                  fail    
 test-amd64-amd64-xl-qemuu-debianhvm-i386-xsm                 pass    
 test-amd64-i386-xl-qemuu-debianhvm-i386-xsm                  fail    
 test-amd64-amd64-libvirt-xsm                                 pass    
 test-arm64-arm64-libvirt-xsm                                 fail    
 test-amd64-i386-libvirt-xsm                                  fail    
 test-amd64-amd64-xl-xsm                                      pass    
 test-arm64-arm64-xl-xsm                                      fail    
 test-amd64-i386-xl-xsm                                       fail    
 test-amd64-amd64-qemuu-nested-amd                            fail    
 test-amd64-amd64-xl-pvhv2-amd                                pass    
 test-amd64-i386-qemut-rhel6hvm-amd                           fail    
 test-amd64-i386-qemuu-rhel6hvm-amd                           fail    
 test-amd64-amd64-dom0pvh-xl-amd                              pass    
 test-amd64-amd64-xl-qemut-debianhvm-amd64                    pass    
 test-amd64-i386-xl-qemut-debianhvm-amd64                     fail    
 test-amd64-amd64-xl-qemuu-debianhvm-amd64                    pass    
 test-amd64-i386-xl-qemuu-debianhvm-amd64                     fail    
 test-amd64-i386-freebsd10-amd64                              fail    
 test-amd64-amd64-qemuu-freebsd11-amd64                       pass    
 test-amd64-amd64-qemuu-freebsd12-amd64                       pass    
 test-amd64-amd64-xl-qemuu-ovmf-amd64                         pass    
 test-amd64-i386-xl-qemuu-ovmf-amd64                          fail    
 test-amd64-amd64-xl-qemut-win7-amd64                         fail    
 test-amd64-i386-xl-qemut-win7-amd64                          fail    
 test-amd64-amd64-xl-qemuu-win7-amd64                         fail    
 test-amd64-i386-xl-qemuu-win7-amd64                          fail    
 test-amd64-amd64-xl-qemut-ws16-amd64                         fail    
 test-amd64-i386-xl-qemut-ws16-amd64                          fail    
 test-amd64-amd64-xl-qemuu-ws16-amd64                         fail    
 test-amd64-i386-xl-qemuu-ws16-amd64                          fail    
 test-armhf-armhf-xl-arndale                                  pass    
 test-amd64-amd64-xl-credit1                                  pass    
 test-arm64-arm64-xl-credit1                                  fail    
 test-armhf-armhf-xl-credit1                                  fail    
 test-amd64-amd64-xl-credit2                                  pass    
 test-arm64-arm64-xl-credit2                                  fail    
 test-armhf-armhf-xl-credit2                                  fail    
 test-armhf-armhf-xl-cubietruck                               fail    
 test-amd64-amd64-xl-qemuu-dmrestrict-amd64-dmrestrict        pass    
 test-amd64-i386-xl-qemuu-dmrestrict-amd64-dmrestrict         fail    
 test-amd64-amd64-examine                                     pass    
 test-arm64-arm64-examine                                     fail    
 test-armhf-armhf-examine                                     fail    
 test-amd64-i386-examine                                      fail    
 test-amd64-i386-freebsd10-i386                               fail    
 test-amd64-amd64-qemuu-nested-intel                          pass    
 test-amd64-amd64-xl-pvhv2-intel                              pass    
 test-amd64-i386-qemut-rhel6hvm-intel                         fail    
 test-amd64-i386-qemuu-rhel6hvm-intel                         fail    
 test-amd64-amd64-dom0pvh-xl-intel                            pass    
 test-amd64-amd64-libvirt                                     pass    
 test-armhf-armhf-libvirt                                     fail    
 test-amd64-i386-libvirt                                      fail    
 test-amd64-amd64-xl-multivcpu                                fail    
 test-armhf-armhf-xl-multivcpu                                fail    
 test-amd64-amd64-pair                                        pass    
 test-amd64-i386-pair                                         fail    
 test-amd64-amd64-libvirt-pair                                pass    
 test-amd64-i386-libvirt-pair                                 fail    
 test-amd64-amd64-amd64-pvgrub                                pass    
 test-amd64-amd64-i386-pvgrub                                 pass    
 test-amd64-amd64-xl-pvshim                                   pass    
 test-amd64-i386-xl-pvshim                                    fail    
 test-amd64-amd64-pygrub                                      pass    
 test-amd64-amd64-xl-qcow2                                    pass    
 test-armhf-armhf-libvirt-raw                                 fail    
 test-amd64-i386-xl-raw                                       fail    
 test-amd64-amd64-xl-rtds                                     pass    
 test-armhf-armhf-xl-rtds                                     fail    
 test-arm64-arm64-xl-seattle                                  fail    
 test-amd64-amd64-xl-qemuu-debianhvm-amd64-shadow             pass    
 test-amd64-i386-xl-qemuu-debianhvm-amd64-shadow              fail    
 test-amd64-amd64-xl-shadow                                   pass    
 test-amd64-i386-xl-shadow                                    fail    
 test-arm64-arm64-xl-thunderx                                 pass    
 test-amd64-amd64-libvirt-vhd                                 pass    
 test-armhf-armhf-xl-vhd                                      fail    


------------------------------------------------------------
sg-report-flight on osstest.test-lab.xenproject.org
logs: /home/logs/logs
images: /home/logs/images

Logs, config files, etc. are available at
    http://logs.test-lab.xenproject.org/osstest/logs

Explanation of these reports, and of osstest in general, is at
    http://xenbits.xen.org/gitweb/?p=osstest.git;a=blob;f=README.email;hb=master
    http://xenbits.xen.org/gitweb/?p=osstest.git;a=blob;f=README;hb=master

Test harness code can be found at
    http://xenbits.xen.org/gitweb?p=osstest.git;a=summary


Not pushing.

(No revision log; it would be 424158 lines long.)


^ permalink raw reply	[flat|nested] 2+ messages in thread

* Re: [linux-linus test] 155829: regressions - FAIL
  2020-10-15 15:24 [linux-linus test] 155829: regressions - FAIL osstest service owner
@ 2020-10-15 15:39 ` Roger Pau Monné
  0 siblings, 0 replies; 2+ messages in thread
From: Roger Pau Monné @ 2020-10-15 15:39 UTC (permalink / raw)
  To: Ian Jackson, Jürgen Groß; +Cc: xen-devel

On Thu, Oct 15, 2020 at 03:24:34PM +0000, osstest service owner wrote:
> flight 155829 linux-linus real [real]
> http://logs.test-lab.xenproject.org/osstest/logs/155829/
> 
> Regressions :-(
> 
> Tests which did not succeed and are blocking,
> including tests which could not be run:
>  test-amd64-i386-xl-qemuu-ws16-amd64  7 xen-install       fail REGR. vs. 152332
>  test-amd64-i386-qemut-rhel6hvm-intel  7 xen-install      fail REGR. vs. 152332
>  test-amd64-i386-xl-qemut-debianhvm-amd64  7 xen-install  fail REGR. vs. 152332
>  test-amd64-i386-xl-xsm        7 xen-install              fail REGR. vs. 152332
>  test-amd64-i386-xl-qemuu-dmrestrict-amd64-dmrestrict 7 xen-install fail REGR. vs. 152332
>  test-amd64-i386-xl-qemuu-debianhvm-amd64-shadow 7 xen-install fail REGR. vs. 152332
>  test-amd64-i386-qemuu-rhel6hvm-intel  7 xen-install      fail REGR. vs. 152332
>  test-amd64-i386-examine       6 xen-install              fail REGR. vs. 152332
>  test-amd64-i386-xl-qemuu-debianhvm-i386-xsm 7 xen-install fail REGR. vs. 152332
>  test-amd64-i386-libvirt       7 xen-install              fail REGR. vs. 152332
>  test-amd64-i386-pair         10 xen-install/src_host     fail REGR. vs. 152332
>  test-amd64-i386-pair         11 xen-install/dst_host     fail REGR. vs. 152332
>  test-amd64-i386-qemut-rhel6hvm-amd  7 xen-install        fail REGR. vs. 152332
>  test-amd64-coresched-i386-xl  7 xen-install              fail REGR. vs. 152332
>  test-amd64-i386-qemuu-rhel6hvm-amd  7 xen-install        fail REGR. vs. 152332
>  test-amd64-i386-xl-qemuu-debianhvm-amd64  7 xen-install  fail REGR. vs. 152332
>  test-amd64-i386-xl            7 xen-install              fail REGR. vs. 152332
>  test-amd64-i386-libvirt-xsm   7 xen-install              fail REGR. vs. 152332
>  test-amd64-i386-xl-qemut-ws16-amd64  7 xen-install       fail REGR. vs. 152332
>  test-amd64-i386-libvirt-qemuu-debianhvm-amd64-xsm 7 xen-install fail REGR. vs. 152332
>  test-amd64-i386-xl-pvshim     7 xen-install              fail REGR. vs. 152332
>  test-amd64-i386-xl-raw        7 xen-install              fail REGR. vs. 152332
>  test-amd64-i386-xl-qemut-debianhvm-i386-xsm 7 xen-install fail REGR. vs. 152332
>  test-amd64-i386-freebsd10-amd64  7 xen-install           fail REGR. vs. 152332
>  test-amd64-i386-freebsd10-i386  7 xen-install            fail REGR. vs. 152332
>  test-amd64-i386-xl-qemuu-win7-amd64  7 xen-install       fail REGR. vs. 152332
>  test-amd64-i386-xl-shadow     7 xen-install              fail REGR. vs. 152332
>  test-amd64-i386-xl-qemut-win7-amd64  7 xen-install       fail REGR. vs. 152332
>  test-amd64-i386-xl-qemuu-ovmf-amd64  7 xen-install       fail REGR. vs. 152332
>  test-amd64-i386-xl-qemut-stubdom-debianhvm-amd64-xsm 7 xen-install fail REGR. vs. 152332
>  test-amd64-i386-libvirt-pair 10 xen-install/src_host     fail REGR. vs. 152332
>  test-amd64-i386-libvirt-pair 11 xen-install/dst_host     fail REGR. vs. 152332

All the above is likely fallout from the removal of i386 PV support?

I'm not sure how to deal with this, should the jobs be gated on the
kernel version under test? Would that cause issues to osstest, as
different Linux kernel hashes would generate different test
matrices?

Roger.


^ permalink raw reply	[flat|nested] 2+ messages in thread

end of thread, back to index

Thread overview: 2+ messages (download: mbox.gz / follow: Atom feed)
-- links below jump to the message on this page --
2020-10-15 15:24 [linux-linus test] 155829: regressions - FAIL osstest service owner
2020-10-15 15:39 ` Roger Pau Monné

Xen-Devel Archive on lore.kernel.org

Archives are clonable:
	git clone --mirror https://lore.kernel.org/xen-devel/0 xen-devel/git/0.git
	git clone --mirror https://lore.kernel.org/xen-devel/1 xen-devel/git/1.git

	# If you have public-inbox 1.1+ installed, you may
	# initialize and index your mirror using the following commands:
	public-inbox-init -V2 xen-devel xen-devel/ https://lore.kernel.org/xen-devel \
		xen-devel@lists.xenproject.org xen-devel@lists.xen.org
	public-inbox-index xen-devel

Example config snippet for mirrors

Newsgroup available over NNTP:
	nntp://nntp.lore.kernel.org/org.xenproject.lists.xen-devel


AGPL code for this site: git clone https://public-inbox.org/public-inbox.git