* [xen-unstable test] 59721: regressions - trouble: broken/fail/pass
@ 2015-07-19 10:19 osstest service owner
2015-07-20 8:48 ` Ian Campbell
0 siblings, 1 reply; 4+ messages in thread
From: osstest service owner @ 2015-07-19 10:19 UTC (permalink / raw)
To: xen-devel, osstest-admin
[-- Warning: decoded text below may be mangled, UTF-8 assumed --]
[-- Attachment #1: Type: text/plain, Size: 12002 bytes --]
flight 59721 xen-unstable real [real]
http://logs.test-lab.xenproject.org/osstest/logs/59721/
Regressions :-(
Tests which did not succeed and are blocking,
including tests which could not be run:
test-amd64-i386-xl-qemut-stubdom-debianhvm-amd64-xsm 9 debian-hvm-install fail REGR. vs. 58965
Tests which are failing intermittently (not blocking):
test-amd64-i386-freebsd10-i386 3 host-install(3) broken pass in 59699
test-amd64-i386-qemuu-rhel6hvm-amd 3 host-install(3) broken pass in 59699
test-amd64-i386-rumpuserxen-i386 3 host-install(3) broken pass in 59699
test-amd64-i386-qemut-rhel6hvm-intel 3 host-install(3) broken pass in 59699
test-amd64-amd64-xl-qemut-stubdom-debianhvm-amd64-xsm 3 host-install(3) broken pass in 59699
test-amd64-i386-xl 3 host-install(3) broken pass in 59699
test-amd64-i386-xl-qemut-debianhvm-amd64 3 host-install(3) broken pass in 59699
test-amd64-i386-xl-qemuu-debianhvm-amd64-xsm 3 host-install(3) broken pass in 59699
test-amd64-i386-xl-qemuu-winxpsp3-vcpus1 3 host-install(3) broken pass in 59699
test-amd64-i386-xl-qemut-win7-amd64 3 host-install(3) broken pass in 59699
test-amd64-i386-xl-qemuu-win7-amd64 3 host-install(3) broken pass in 59699
test-amd64-i386-xl-qemut-winxpsp3 3 host-install(3) broken pass in 59699
test-amd64-i386-xl-qemuu-winxpsp3 3 host-install(3) broken pass in 59699
test-armhf-armhf-xl-multivcpu 14 guest-start.2 fail in 59699 pass in 59721
test-amd64-amd64-xl 9 debian-install fail pass in 59699
Regressions which are regarded as allowable (not blocking):
test-amd64-amd64-xl-qemut-stubdom-debianhvm-amd64-xsm 12 guest-localmigrate fail in 59699 like 58965
test-amd64-i386-xl-qemuu-win7-amd64 16 guest-stop fail in 59699 like 58965
test-armhf-armhf-xl-rtds 11 guest-start fail like 58965
test-amd64-amd64-xl-qemut-win7-amd64 16 guest-stop fail like 58965
Tests which did not succeed, but are not blocking:
test-amd64-i386-xl-qemut-win7-amd64 16 guest-stop fail in 59699 never pass
test-amd64-i386-libvirt 12 migrate-support-check fail never pass
test-amd64-amd64-xl-pvh-amd 11 guest-start fail never pass
test-amd64-amd64-libvirt 12 migrate-support-check fail never pass
test-amd64-i386-libvirt-xsm 12 migrate-support-check fail never pass
test-armhf-armhf-xl-credit2 12 migrate-support-check fail never pass
test-armhf-armhf-xl-xsm 12 migrate-support-check fail never pass
test-armhf-armhf-xl-arndale 12 migrate-support-check fail never pass
test-amd64-amd64-xl-pvh-intel 11 guest-start fail never pass
test-armhf-armhf-xl 12 migrate-support-check fail never pass
test-armhf-armhf-libvirt 12 migrate-support-check fail never pass
test-amd64-amd64-libvirt-xsm 12 migrate-support-check fail never pass
test-armhf-armhf-xl-multivcpu 12 migrate-support-check fail never pass
test-armhf-armhf-libvirt-xsm 12 migrate-support-check fail never pass
test-armhf-armhf-xl-cubietruck 12 migrate-support-check fail never pass
test-amd64-amd64-xl-qemuu-win7-amd64 16 guest-stop fail never pass
version targeted for testing:
xen 21d9b079e53805b68047d60d28cde224d09bbb40
baseline version:
xen c40317f11b3f05e7c06a2213560c8471081f2662
Last test of basis 58965 2015-06-29 02:08:30 Z 20 days
Failing since 58974 2015-06-29 15:11:59 Z 19 days 25 attempts
Testing same since 59681 2015-07-18 00:10:50 Z 1 days 3 attempts
------------------------------------------------------------
People who touched revisions under test:
Andrew Cooper <andrew.cooper3@citrix.com>
Anthony PERARD <anthony.perard@citrix.com>
Ard Biesheuvel <ard@linaro.org>
Ben Catterall <Ben.Catterall@citrix.com>
Boris Ostrovsky <boris.ostrovsky@oracle.com>
Chao Peng <chao.p.peng@linux.intel.com>
Chen Baozi <baozich@gmail.com>
Daniel De Graaf <dgdegra@tycho.nsa.gov>
Dario Faggioli <dario.faggioli@citrix.com>
David Scott <dave.scott@citrix.com>
David Vrabel <david.vrabel@citrix.com>
Dietmar Hahn <dietmar.hahn@ts.fujitsu.com>
Elena Ufimtseva <elena.ufimtseva@oracle.com>
Eric Shelton <eshelton@pobox.com>
Euan Harris <euan.harris@citrix.com>
Fabio Fantoni <fabio.fantoni@m2r.biz>
Feng Wu <feng.wu@intel.com>
George Dunlap <george.dunlap@eu.citrix.com>
Ian Campbell <ian,campbell@citrix.com>
Ian Campbell <ian.campbell@citrix.com>
Ian Jackson <Ian.Jackson@eu.citrix.com>
Jan Beulich <jbeulich@suse.com>
Jennifer Herbert <jennifer.herbert@citrix.com>
Jim Fehlig <jfehlig@suse.com>
Juergen Gross <jgross@suse.com>
Julien Grall <julien.grall@citrix.com>
Julien Grall <julien.grall@linaro.org>
Kevin Tian <kevin.tian@intel.com>
Liang Li <liang.z.li@intel.com>
Paul Durrant <paul.durrant@citrix.com>
Razvan Cojocaru <rcojocaru@bitdefender.com>
Rob Hoes <rob.hoes@citrix.com>
Roger Pau Monné <roger.pau@citrix.com>
Ross Lagerwall <ross.lagerwall@citrix.com>
Samuel Thibault <samuel.thibault@ens-lyon.org>
Sander Eikelenboom <linux@eikelenboom.it>
Tamas K Lengyel <tlengyel@novetta.com>
Thomas Leonard <talex5@gmail.com>
Tiejun Chen <tiejun.chen@intel.com>
Tim Deegan <tim@xen.org>
Vitaly Kuznetsov <vkuznets@redhat.com>
Wei Liu <wei.liu2@citrix.com>
Wen Congyang <wency@cn.fujitsu.com>
Yang Hongyang <yanghy@cn.fujitsu.com>
Yang Zhang <yang.z.zhang@intel.com>
jobs:
build-amd64-xsm pass
build-armhf-xsm pass
build-i386-xsm pass
build-amd64 pass
build-armhf pass
build-i386 pass
build-amd64-libvirt pass
build-armhf-libvirt pass
build-i386-libvirt pass
build-amd64-oldkern pass
build-i386-oldkern pass
build-amd64-pvops pass
build-armhf-pvops pass
build-i386-pvops pass
build-amd64-rumpuserxen pass
build-i386-rumpuserxen pass
test-amd64-amd64-xl fail
test-armhf-armhf-xl pass
test-amd64-i386-xl broken
test-amd64-amd64-xl-qemut-debianhvm-amd64-xsm pass
test-amd64-i386-xl-qemut-debianhvm-amd64-xsm pass
test-amd64-amd64-xl-qemuu-debianhvm-amd64-xsm pass
test-amd64-i386-xl-qemuu-debianhvm-amd64-xsm broken
test-amd64-amd64-xl-qemut-stubdom-debianhvm-amd64-xsm broken
test-amd64-i386-xl-qemut-stubdom-debianhvm-amd64-xsm fail
test-amd64-amd64-libvirt-xsm pass
test-armhf-armhf-libvirt-xsm pass
test-amd64-i386-libvirt-xsm pass
test-amd64-amd64-xl-xsm pass
test-armhf-armhf-xl-xsm pass
test-amd64-i386-xl-xsm pass
test-amd64-amd64-xl-pvh-amd fail
test-amd64-i386-qemut-rhel6hvm-amd pass
test-amd64-i386-qemuu-rhel6hvm-amd broken
test-amd64-amd64-xl-qemut-debianhvm-amd64 pass
test-amd64-i386-xl-qemut-debianhvm-amd64 broken
test-amd64-amd64-xl-qemuu-debianhvm-amd64 pass
test-amd64-i386-xl-qemuu-debianhvm-amd64 pass
test-amd64-i386-freebsd10-amd64 pass
test-amd64-amd64-xl-qemuu-ovmf-amd64 pass
test-amd64-i386-xl-qemuu-ovmf-amd64 pass
test-amd64-amd64-rumpuserxen-amd64 pass
test-amd64-amd64-xl-qemut-win7-amd64 fail
test-amd64-i386-xl-qemut-win7-amd64 broken
test-amd64-amd64-xl-qemuu-win7-amd64 fail
test-amd64-i386-xl-qemuu-win7-amd64 broken
test-armhf-armhf-xl-arndale pass
test-amd64-amd64-xl-credit2 pass
test-armhf-armhf-xl-credit2 pass
test-armhf-armhf-xl-cubietruck pass
test-amd64-i386-freebsd10-i386 broken
test-amd64-i386-rumpuserxen-i386 broken
test-amd64-amd64-xl-pvh-intel fail
test-amd64-i386-qemut-rhel6hvm-intel broken
test-amd64-i386-qemuu-rhel6hvm-intel pass
test-amd64-amd64-libvirt pass
test-armhf-armhf-libvirt pass
test-amd64-i386-libvirt pass
test-amd64-amd64-xl-multivcpu pass
test-armhf-armhf-xl-multivcpu pass
test-amd64-amd64-pair pass
test-amd64-i386-pair pass
test-amd64-amd64-xl-rtds pass
test-armhf-armhf-xl-rtds fail
test-amd64-i386-xl-qemut-winxpsp3-vcpus1 pass
test-amd64-i386-xl-qemuu-winxpsp3-vcpus1 broken
test-amd64-amd64-xl-qemut-winxpsp3 pass
test-amd64-i386-xl-qemut-winxpsp3 broken
test-amd64-amd64-xl-qemuu-winxpsp3 pass
test-amd64-i386-xl-qemuu-winxpsp3 broken
------------------------------------------------------------
sg-report-flight on osstest.test-lab.xenproject.org
logs: /home/logs/logs
images: /home/logs/images
Logs, config files, etc. are available at
http://logs.test-lab.xenproject.org/osstest/logs
Explanation of these reports, and of osstest in general, is at
http://xenbits.xen.org/gitweb/?p=osstest.git;a=blob;f=README.email;hb=master
http://xenbits.xen.org/gitweb/?p=osstest.git;a=blob;f=README;hb=master
Test harness code can be found at
http://xenbits.xen.org/gitweb?p=osstest.git;a=summary
broken-step test-amd64-i386-freebsd10-i386 host-install(3)
broken-step test-amd64-i386-qemuu-rhel6hvm-amd host-install(3)
broken-step test-amd64-i386-rumpuserxen-i386 host-install(3)
broken-step test-amd64-i386-qemut-rhel6hvm-intel host-install(3)
broken-step test-amd64-amd64-xl-qemut-stubdom-debianhvm-amd64-xsm host-install(3)
broken-step test-amd64-i386-xl host-install(3)
broken-step test-amd64-i386-xl-qemut-debianhvm-amd64 host-install(3)
broken-step test-amd64-i386-xl-qemuu-debianhvm-amd64-xsm host-install(3)
broken-step test-amd64-i386-xl-qemuu-winxpsp3-vcpus1 host-install(3)
broken-step test-amd64-i386-xl-qemut-win7-amd64 host-install(3)
broken-step test-amd64-i386-xl-qemuu-win7-amd64 host-install(3)
broken-step test-amd64-i386-xl-qemut-winxpsp3 host-install(3)
broken-step test-amd64-i386-xl-qemuu-winxpsp3 host-install(3)
Not pushing.
(No revision log; it would be 4359 lines long.)
[-- Attachment #2: Type: text/plain, Size: 126 bytes --]
_______________________________________________
Xen-devel mailing list
Xen-devel@lists.xen.org
http://lists.xen.org/xen-devel
^ permalink raw reply [flat|nested] 4+ messages in thread
* Re: [xen-unstable test] 59721: regressions - trouble: broken/fail/pass
2015-07-19 10:19 [xen-unstable test] 59721: regressions - trouble: broken/fail/pass osstest service owner
@ 2015-07-20 8:48 ` Ian Campbell
2015-07-20 8:59 ` Jan Beulich
2015-07-20 12:22 ` Ian Campbell
0 siblings, 2 replies; 4+ messages in thread
From: Ian Campbell @ 2015-07-20 8:48 UTC (permalink / raw)
To: osstest service owner, Ian Jackson, Wei Liu; +Cc: xen-devel
On Sun, 2015-07-19 at 10:19 +0000, osstest service owner wrote:
> flight 59721 xen-unstable real [real]
> http://logs.test-lab.xenproject.org/osstest/logs/59721/
>
> Regressions :-(
>
> Tests which did not succeed and are blocking,
> including tests which could not be run:
> test-amd64-i386-xl-qemut-stubdom-debianhvm-amd64-xsm 9 debian-hvm-install fail REGR. vs. 58965
I think we have considered discounting i386 qemu-dm as a thing we care
about, in which case we could force push this change since this was the
only fail..
>
> Tests which are failing intermittently (not blocking):
> test-amd64-i386-freebsd10-i386 3 host-install(3) broken pass in 59699
> test-amd64-i386-qemuu-rhel6hvm-amd 3 host-install(3) broken pass in 59699
> test-amd64-i386-rumpuserxen-i386 3 host-install(3) broken pass in 59699
> test-amd64-i386-qemut-rhel6hvm-intel 3 host-install(3) broken pass in 59699
> test-amd64-amd64-xl-qemut-stubdom-debianhvm-amd64-xsm 3 host-install(3) broken pass in 59699
> test-amd64-i386-xl 3 host-install(3) broken pass in 59699
> test-amd64-i386-xl-qemut-debianhvm-amd64 3 host-install(3) broken pass in 59699
> test-amd64-i386-xl-qemuu-debianhvm-amd64-xsm 3 host-install(3) broken pass in 59699
> test-amd64-i386-xl-qemuu-winxpsp3-vcpus1 3 host-install(3) broken pass in 59699
> test-amd64-i386-xl-qemut-win7-amd64 3 host-install(3) broken pass in 59699
> test-amd64-i386-xl-qemuu-win7-amd64 3 host-install(3) broken pass in 59699
> test-amd64-i386-xl-qemut-winxpsp3 3 host-install(3) broken pass in 59699
> test-amd64-i386-xl-qemuu-winxpsp3 3 host-install(3) broken pass in 59699
> test-armhf-armhf-xl-multivcpu 14 guest-start.2 fail in 59699 pass in 59721
> test-amd64-amd64-xl 9 debian-install fail pass in 59699
Some of these host-install fails are a bit worrying, but not a blocker
to a forced push IMHO.
> version targeted for testing:
> xen 21d9b079e53805b68047d60d28cde224d09bbb40
> baseline version:
> xen c40317f11b3f05e7c06a2213560c8471081f2662
>
> Last test of basis 58965 2015-06-29 02:08:30 Z 20 days
> Failing since 58974 2015-06-29 15:11:59 Z 19 days 25 attempts
> Testing same since 59681 2015-07-18 00:10:50 Z 1 days 3 attempts
Ian.
^ permalink raw reply [flat|nested] 4+ messages in thread
* Re: [xen-unstable test] 59721: regressions - trouble: broken/fail/pass
2015-07-20 8:48 ` Ian Campbell
@ 2015-07-20 8:59 ` Jan Beulich
2015-07-20 12:22 ` Ian Campbell
1 sibling, 0 replies; 4+ messages in thread
From: Jan Beulich @ 2015-07-20 8:59 UTC (permalink / raw)
To: Ian Campbell, Wei Liu, Ian Jackson; +Cc: xen-devel
>>> On 20.07.15 at 10:48, <ian.campbell@citrix.com> wrote:
> On Sun, 2015-07-19 at 10:19 +0000, osstest service owner wrote:
>> flight 59721 xen-unstable real [real]
>> http://logs.test-lab.xenproject.org/osstest/logs/59721/
>>
>> Regressions :-(
>>
>> Tests which did not succeed and are blocking,
>> including tests which could not be run:
>> test-amd64-i386-xl-qemut-stubdom-debianhvm-amd64-xsm 9 debian-hvm-install fail REGR.
> vs. 58965
>
> I think we have considered discounting i386 qemu-dm as a thing we care
> about, in which case we could force push this change since this was the
> only fail..
Right, together with 59699 - as also just said be Wei - I agree:
please go ahead.
Jan
^ permalink raw reply [flat|nested] 4+ messages in thread
* Re: [xen-unstable test] 59721: regressions - trouble: broken/fail/pass
2015-07-20 8:48 ` Ian Campbell
2015-07-20 8:59 ` Jan Beulich
@ 2015-07-20 12:22 ` Ian Campbell
1 sibling, 0 replies; 4+ messages in thread
From: Ian Campbell @ 2015-07-20 12:22 UTC (permalink / raw)
To: osstest service owner; +Cc: Wei Liu, xen-devel, Ian Jackson
On Mon, 2015-07-20 at 09:48 +0100, Ian Campbell wrote:
> > version targeted for testing:
> > xen 21d9b079e53805b68047d60d28cde224d09bbb40
> > baseline version:
> > xen c40317f11b3f05e7c06a2213560c8471081f2662
Based on feedback from Wei and Jan I've now gone ahead and done this
force push.
osstest@osstest:~/branches/for-xen-unstable.git$ OSSTEST_CONFIG=production-config ./ap-push xen-unstable 21d9b079e53805b68047d60d28cde224d09bbb40
+ branch=xen-unstable
+ revision=21d9b079e53805b68047d60d28cde224d09bbb40
+ . cri-lock-repos
++ . cri-common
+++ . cri-getconfig
+++ umask 002
+++ getrepos
++++ getconfig Repos
++++ perl -e '
use Osstest;
readglobalconfig();
print $c{"Repos"} or die $!;
'
+++ local repos=/home/osstest/repos
+++ '[' -z /home/osstest/repos ']'
+++ '[' '!' -d /home/osstest/repos ']'
+++ echo /home/osstest/repos
++ repos=/home/osstest/repos
++ repos_lock=/home/osstest/repos/lock
++ '[' x '!=' x/home/osstest/repos/lock ']'
++ OSSTEST_REPOS_LOCK_LOCKED=/home/osstest/repos/lock
++ exec with-lock-ex -w /home/osstest/repos/lock ./ap-push xen-unstable 21d9b079e53805b68047d60d28cde224d09bbb40
+ branch=xen-unstable
+ revision=21d9b079e53805b68047d60d28cde224d09bbb40
+ . cri-lock-repos
++ . cri-common
+++ . cri-getconfig
+++ umask 002
+++ getrepos
++++ getconfig Repos
++++ perl -e '
use Osstest;
readglobalconfig();
print $c{"Repos"} or die $!;
'
+++ local repos=/home/osstest/repos
+++ '[' -z /home/osstest/repos ']'
+++ '[' '!' -d /home/osstest/repos ']'
+++ echo /home/osstest/repos
++ repos=/home/osstest/repos
++ repos_lock=/home/osstest/repos/lock
++ '[' x/home/osstest/repos/lock '!=' x/home/osstest/repos/lock ']'
+ . cri-common
++ . cri-getconfig
++ umask 002
+ select_xenbranch
+ case "$branch" in
+ tree=xen
+ xenbranch=xen-unstable
+ '[' xxen = xlinux ']'
+ linuxbranch=
+ '[' x = x ']'
+ qemuubranch=qemu-upstream-unstable
+ : tested/2.6.39.x
+ . ap-common
++ : osstest@xenbits.xen.org
+++ getconfig OsstestUpstream
+++ perl -e '
use Osstest;
readglobalconfig();
print $c{"OsstestUpstream"} or die $!;
'
++ :
++ : git://xenbits.xen.org/xen.git
++ : osstest@xenbits.xen.org:/home/xen/git/xen.git
++ : git://xenbits.xen.org/staging/qemu-xen-unstable.git
++ : git://git.kernel.org
++ : git://git.kernel.org/pub/scm/linux/kernel/git
++ : git
++ : git://libvirt.org/libvirt.git
++ : osstest@xenbits.xen.org:/home/xen/git/libvirt.git
++ : git://xenbits.xen.org/libvirt.git
++ : https://github.com/rumpkernel/rumprun-xen
++ : git
++ : git://xenbits.xen.org/rumpuser-xen.git
++ : osstest@xenbits.xen.org:/home/xen/git/rumpuser-xen.git
+++ besteffort_repo https://github.com/rumpkernel/rumpkernel-netbsd-src
+++ local repo=https://github.com/rumpkernel/rumpkernel-netbsd-src
+++ cached_repo https://github.com/rumpkernel/rumpkernel-netbsd-src '[fetch=try]'
+++ local repo=https://github.com/rumpkernel/rumpkernel-netbsd-src
+++ local 'options=[fetch=try]'
++++ getconfig GitCacheProxy
++++ perl -e '
use Osstest;
readglobalconfig();
print $c{"GitCacheProxy"} or die $!;
'
+++ local cache=git://cache:9419/
+++ '[' xgit://cache:9419/ '!=' x ']'
+++ echo 'git://cache:9419/https://github.com/rumpkernel/rumpkernel-netbsd-src%20[fetch=try]'
++ : 'git://cache:9419/https://github.com/rumpkernel/rumpkernel-netbsd-src%20[fetch=try]'
++ : git
++ : git://git.seabios.org/seabios.git
++ : osstest@xenbits.xen.org:/home/xen/git/osstest/seabios.git
++ : git://xenbits.xen.org/osstest/seabios.git
++ : https://github.com/tianocore/edk2.git
++ : osstest@xenbits.xen.org:/home/xen/git/osstest/ovmf.git
++ : git://xenbits.xen.org/osstest/ovmf.git
++ : git://xenbits.xen.org/osstest/linux-firmware.git
++ : osstest@xenbits.xen.org:/home/osstest/ext/linux-firmware.git
++ : git://git.kernel.org/pub/scm/linux/kernel/git/firmware/linux-firmware.git
++ : osstest@xenbits.xen.org:/home/xen/git/linux-pvops.git
++ : git://xenbits.xen.org/linux-pvops.git
++ : tested/linux-3.14
++ : tested/linux-arm-xen
++ '[' x = x ']'
++ : git://xenbits.xen.org/linux-pvops.git
++ : tested/linux-3.14
++ '[' x = x ']'
++ : git://xenbits.xen.org/linux-pvops.git
++ : tested/linux-arm-xen
++ : git://git.kernel.org/pub/scm/linux/kernel/git/konrad/xen.git
++ : tested/2.6.39.x
++ : daily-cron.xen-unstable
++ : daily-cron.xen-unstable
++ : daily-cron.xen-unstable
++ : daily-cron.xen-unstable
++ : daily-cron.xen-unstable
++ : daily-cron.xen-unstable
++ : http://hg.uk.xensource.com/carbon/trunk/linux-2.6.27
++ : git://xenbits.xen.org/staging/qemu-upstream-unstable.git
++ : daily-cron.xen-unstable
++ : git://git.qemu.org/qemu.git
++ : git://xenbits.xen.org/osstest/qemu.git
++ : osstest@xenbits.xen.org:/home/xen/git/osstest/qemu.git
++ : daily-cron.xen-unstable
+ TREE_LINUX=osstest@xenbits.xen.org:/home/xen/git/linux-pvops.git
+ TREE_QEMU_MAINLINE=osstest@xenbits.xen.org:/home/xen/git/osstest/qemu.git
+ TREE_QEMU_UPSTREAM=osstest@xenbits.xen.org:/home/xen/git/qemu-upstream-unstable.git
+ TREE_XEN=osstest@xenbits.xen.org:/home/xen/git/xen.git
+ TREE_LIBVIRT=osstest@xenbits.xen.org:/home/xen/git/libvirt.git
+ TREE_RUMPUSERXEN=osstest@xenbits.xen.org:/home/xen/git/rumpuser-xen.git
+ TREE_SEABIOS=osstest@xenbits.xen.org:/home/xen/git/osstest/seabios.git
+ TREE_OVMF=osstest@xenbits.xen.org:/home/xen/git/osstest/ovmf.git
+ info_linux_tree xen-unstable
+ case $1 in
+ return 1
+ case "$branch" in
+ cd /home/osstest/repos/xen
+ git push osstest@xenbits.xen.org:/home/xen/git/xen.git 21d9b079e53805b68047d60d28cde224d09bbb40:master
Total 0 (delta 0), reused 0 (delta 0)
To osstest@xenbits.xen.org:/home/xen/git/xen.git
c40317f..21d9b07 21d9b079e53805b68047d60d28cde224d09bbb40 -> master
osstest@osstest:~/branches/for-xen-unstable.git$
^ permalink raw reply [flat|nested] 4+ messages in thread
end of thread, other threads:[~2015-07-20 12:22 UTC | newest]
Thread overview: 4+ messages (download: mbox.gz / follow: Atom feed)
-- links below jump to the message on this page --
2015-07-19 10:19 [xen-unstable test] 59721: regressions - trouble: broken/fail/pass osstest service owner
2015-07-20 8:48 ` Ian Campbell
2015-07-20 8:59 ` Jan Beulich
2015-07-20 12:22 ` Ian Campbell
This is a public inbox, see mirroring instructions
for how to clone and mirror all data and code used for this inbox;
as well as URLs for NNTP newsgroup(s).