* [Xen-devel] [xen-unstable test] 146578: regressions - FAIL
@ 2020-01-30 3:56 osstest service owner
2020-01-30 9:12 ` Jan Beulich
0 siblings, 1 reply; 4+ messages in thread
From: osstest service owner @ 2020-01-30 3:56 UTC (permalink / raw)
To: xen-devel, osstest-admin
flight 146578 xen-unstable real [real]
http://logs.test-lab.xenproject.org/osstest/logs/146578/
Regressions :-(
Tests which did not succeed and are blocking,
including tests which could not be run:
test-amd64-amd64-xl-qemuu-win7-amd64 7 xen-boot fail REGR. vs. 146563
test-amd64-amd64-xl-qemuu-dmrestrict-amd64-dmrestrict 15 depriv-audit-qemu/create fail REGR. vs. 146563
Tests which did not succeed, but are not blocking:
test-amd64-amd64-xl-rtds 18 guest-localmigrate/x10 fail blocked in 146563
test-amd64-amd64-xl-qemut-win7-amd64 17 guest-stop fail like 146563
test-amd64-i386-xl-qemut-win7-amd64 17 guest-stop fail like 146563
test-amd64-amd64-qemuu-nested-intel 17 debian-hvm-install/l1/l2 fail like 146563
test-armhf-armhf-libvirt-raw 13 saverestore-support-check fail like 146563
test-amd64-i386-xl-qemuu-win7-amd64 17 guest-stop fail like 146563
test-armhf-armhf-libvirt 14 saverestore-support-check fail like 146563
test-amd64-amd64-xl-qemuu-ws16-amd64 17 guest-stop fail like 146563
test-amd64-amd64-xl-qemut-ws16-amd64 17 guest-stop fail like 146563
test-amd64-i386-xl-qemuu-ws16-amd64 17 guest-stop fail like 146563
test-amd64-i386-xl-pvshim 12 guest-start fail never pass
test-amd64-amd64-libvirt-xsm 13 migrate-support-check fail never pass
test-amd64-amd64-libvirt 13 migrate-support-check fail never pass
test-amd64-i386-libvirt 13 migrate-support-check fail never pass
test-amd64-i386-libvirt-xsm 13 migrate-support-check fail never pass
test-arm64-arm64-xl-seattle 13 migrate-support-check fail never pass
test-arm64-arm64-xl-seattle 14 saverestore-support-check fail never pass
test-amd64-amd64-libvirt-qemuu-debianhvm-amd64-xsm 11 migrate-support-check fail never pass
test-amd64-i386-libvirt-qemuu-debianhvm-amd64-xsm 11 migrate-support-check fail never pass
test-amd64-amd64-qemuu-nested-amd 17 debian-hvm-install/l1/l2 fail never pass
test-arm64-arm64-libvirt-xsm 13 migrate-support-check fail never pass
test-arm64-arm64-libvirt-xsm 14 saverestore-support-check fail never pass
test-arm64-arm64-xl-thunderx 13 migrate-support-check fail never pass
test-arm64-arm64-xl-thunderx 14 saverestore-support-check fail never pass
test-arm64-arm64-xl-credit1 13 migrate-support-check fail never pass
test-arm64-arm64-xl 13 migrate-support-check fail never pass
test-arm64-arm64-xl 14 saverestore-support-check fail never pass
test-arm64-arm64-xl-credit1 14 saverestore-support-check fail never pass
test-arm64-arm64-xl-credit2 13 migrate-support-check fail never pass
test-arm64-arm64-xl-credit2 14 saverestore-support-check fail never pass
test-arm64-arm64-xl-xsm 13 migrate-support-check fail never pass
test-arm64-arm64-xl-xsm 14 saverestore-support-check fail never pass
test-amd64-amd64-libvirt-vhd 12 migrate-support-check fail never pass
test-armhf-armhf-xl 13 migrate-support-check fail never pass
test-armhf-armhf-xl 14 saverestore-support-check fail never pass
test-armhf-armhf-xl-rtds 13 migrate-support-check fail never pass
test-armhf-armhf-xl-rtds 14 saverestore-support-check fail never pass
test-armhf-armhf-xl-credit1 13 migrate-support-check fail never pass
test-armhf-armhf-xl-credit1 14 saverestore-support-check fail never pass
test-armhf-armhf-libvirt-raw 12 migrate-support-check fail never pass
test-armhf-armhf-xl-multivcpu 13 migrate-support-check fail never pass
test-armhf-armhf-xl-multivcpu 14 saverestore-support-check fail never pass
test-armhf-armhf-xl-cubietruck 13 migrate-support-check fail never pass
test-armhf-armhf-xl-cubietruck 14 saverestore-support-check fail never pass
test-armhf-armhf-libvirt 13 migrate-support-check fail never pass
test-armhf-armhf-xl-arndale 13 migrate-support-check fail never pass
test-armhf-armhf-xl-arndale 14 saverestore-support-check fail never pass
test-armhf-armhf-xl-credit2 13 migrate-support-check fail never pass
test-armhf-armhf-xl-credit2 14 saverestore-support-check fail never pass
test-armhf-armhf-xl-vhd 12 migrate-support-check fail never pass
test-armhf-armhf-xl-vhd 13 saverestore-support-check fail never pass
test-amd64-i386-xl-qemut-ws16-amd64 17 guest-stop fail never pass
version targeted for testing:
xen a29f19f7476a13cd6d7757b3aa5eb26ffd9e3c54
baseline version:
xen f910c3ebc6a178c5cbbc0868134be536fae7f7cf
Last test of basis 146563 2020-01-29 01:55:30 Z 1 days
Testing same since 146578 2020-01-29 17:06:19 Z 0 days 1 attempts
------------------------------------------------------------
People who touched revisions under test:
Jan Beulich <jbeulich@suse.com>
Olaf Hering <olaf@aepfle.de>
Roger Pau Monné <roger.pau@citrix.com>
Tamas K Lengyel <tamas.lengyel@intel.com>
Wei Liu <wl@xen.org>
jobs:
build-amd64-xsm pass
build-arm64-xsm pass
build-i386-xsm pass
build-amd64-xtf pass
build-amd64 pass
build-arm64 pass
build-armhf pass
build-i386 pass
build-amd64-libvirt pass
build-arm64-libvirt pass
build-armhf-libvirt pass
build-i386-libvirt pass
build-amd64-prev pass
build-i386-prev pass
build-amd64-pvops pass
build-arm64-pvops pass
build-armhf-pvops pass
build-i386-pvops pass
test-xtf-amd64-amd64-1 pass
test-xtf-amd64-amd64-2 pass
test-xtf-amd64-amd64-3 pass
test-xtf-amd64-amd64-4 pass
test-xtf-amd64-amd64-5 pass
test-amd64-amd64-xl pass
test-arm64-arm64-xl pass
test-armhf-armhf-xl pass
test-amd64-i386-xl pass
test-amd64-amd64-libvirt-qemuu-debianhvm-amd64-xsm pass
test-amd64-i386-libvirt-qemuu-debianhvm-amd64-xsm pass
test-amd64-amd64-xl-qemut-stubdom-debianhvm-amd64-xsm pass
test-amd64-i386-xl-qemut-stubdom-debianhvm-amd64-xsm pass
test-amd64-amd64-xl-qemut-debianhvm-i386-xsm pass
test-amd64-i386-xl-qemut-debianhvm-i386-xsm pass
test-amd64-amd64-xl-qemuu-debianhvm-i386-xsm pass
test-amd64-i386-xl-qemuu-debianhvm-i386-xsm pass
test-amd64-amd64-libvirt-xsm pass
test-arm64-arm64-libvirt-xsm pass
test-amd64-i386-libvirt-xsm pass
test-amd64-amd64-xl-xsm pass
test-arm64-arm64-xl-xsm pass
test-amd64-i386-xl-xsm pass
test-amd64-amd64-qemuu-nested-amd fail
test-amd64-amd64-xl-pvhv2-amd pass
test-amd64-i386-qemut-rhel6hvm-amd pass
test-amd64-i386-qemuu-rhel6hvm-amd pass
test-amd64-amd64-xl-qemut-debianhvm-amd64 pass
test-amd64-i386-xl-qemut-debianhvm-amd64 pass
test-amd64-amd64-xl-qemuu-debianhvm-amd64 pass
test-amd64-i386-xl-qemuu-debianhvm-amd64 pass
test-amd64-i386-freebsd10-amd64 pass
test-amd64-amd64-xl-qemuu-ovmf-amd64 pass
test-amd64-i386-xl-qemuu-ovmf-amd64 pass
test-amd64-amd64-xl-qemut-win7-amd64 fail
test-amd64-i386-xl-qemut-win7-amd64 fail
test-amd64-amd64-xl-qemuu-win7-amd64 fail
test-amd64-i386-xl-qemuu-win7-amd64 fail
test-amd64-amd64-xl-qemut-ws16-amd64 fail
test-amd64-i386-xl-qemut-ws16-amd64 fail
test-amd64-amd64-xl-qemuu-ws16-amd64 fail
test-amd64-i386-xl-qemuu-ws16-amd64 fail
test-armhf-armhf-xl-arndale pass
test-amd64-amd64-xl-credit1 pass
test-arm64-arm64-xl-credit1 pass
test-armhf-armhf-xl-credit1 pass
test-amd64-amd64-xl-credit2 pass
test-arm64-arm64-xl-credit2 pass
test-armhf-armhf-xl-credit2 pass
test-armhf-armhf-xl-cubietruck pass
test-amd64-amd64-xl-qemuu-dmrestrict-amd64-dmrestrict fail
test-amd64-i386-xl-qemuu-dmrestrict-amd64-dmrestrict pass
test-amd64-amd64-examine pass
test-arm64-arm64-examine pass
test-armhf-armhf-examine pass
test-amd64-i386-examine pass
test-amd64-i386-freebsd10-i386 pass
test-amd64-amd64-qemuu-nested-intel fail
test-amd64-amd64-xl-pvhv2-intel pass
test-amd64-i386-qemut-rhel6hvm-intel pass
test-amd64-i386-qemuu-rhel6hvm-intel pass
test-amd64-amd64-libvirt pass
test-armhf-armhf-libvirt pass
test-amd64-i386-libvirt pass
test-amd64-amd64-livepatch pass
test-amd64-i386-livepatch pass
test-amd64-amd64-migrupgrade pass
test-amd64-i386-migrupgrade pass
test-amd64-amd64-xl-multivcpu pass
test-armhf-armhf-xl-multivcpu pass
test-amd64-amd64-pair pass
test-amd64-i386-pair pass
test-amd64-amd64-libvirt-pair pass
test-amd64-i386-libvirt-pair pass
test-amd64-amd64-amd64-pvgrub pass
test-amd64-amd64-i386-pvgrub pass
test-amd64-amd64-xl-pvshim pass
test-amd64-i386-xl-pvshim fail
test-amd64-amd64-pygrub pass
test-amd64-amd64-xl-qcow2 pass
test-armhf-armhf-libvirt-raw pass
test-amd64-i386-xl-raw pass
test-amd64-amd64-xl-rtds fail
test-armhf-armhf-xl-rtds pass
test-arm64-arm64-xl-seattle pass
test-amd64-amd64-xl-qemuu-debianhvm-amd64-shadow pass
test-amd64-i386-xl-qemuu-debianhvm-amd64-shadow pass
test-amd64-amd64-xl-shadow pass
test-amd64-i386-xl-shadow pass
test-arm64-arm64-xl-thunderx pass
test-amd64-amd64-libvirt-vhd pass
test-armhf-armhf-xl-vhd pass
------------------------------------------------------------
sg-report-flight on osstest.test-lab.xenproject.org
logs: /home/logs/logs
images: /home/logs/images
Logs, config files, etc. are available at
http://logs.test-lab.xenproject.org/osstest/logs
Explanation of these reports, and of osstest in general, is at
http://xenbits.xen.org/gitweb/?p=osstest.git;a=blob;f=README.email;hb=master
http://xenbits.xen.org/gitweb/?p=osstest.git;a=blob;f=README;hb=master
Test harness code can be found at
http://xenbits.xen.org/gitweb?p=osstest.git;a=summary
Not pushing.
------------------------------------------------------------
commit a29f19f7476a13cd6d7757b3aa5eb26ffd9e3c54
Author: Olaf Hering <olaf@aepfle.de>
Date: Wed Jan 29 14:48:54 2020 +0100
x86/domctl: fix typo in comment
The array is named msr_policy.
Fixes commit 60529dfeca1
Signed-off-by: Olaf Hering <olaf@aepfle.de>
Acked-by: Wei Liu <wl@xen.org>
commit 81a3080a3f292e845ff5c1f9c3726219e9a5da2b
Author: Tamas K Lengyel <tamas.lengyel@intel.com>
Date: Wed Jan 29 14:48:15 2020 +0100
x86/mem_sharing: replace MEM_SHARING_DEBUG with gdprintk
Using XENLOG_ERR level since this is only used in debug paths (ie. it's
expected the user already has loglvl=all set). Also use %pd to print the domain
ids.
Signed-off-by: Tamas K Lengyel <tamas.lengyel@intel.com>
Acked-by: Jan Beulich <jbeulich@suse.com>
commit 782b48b7f7319c07b044606d67a60875e53dd05b
Author: Roger Pau Monné <roger.pau@citrix.com>
Date: Wed Jan 29 14:47:00 2020 +0100
x86/apic: fix disabling LVT0 in disconnect_bsp_APIC
The Intel SDM states:
"When an illegal vector value (0 to 15) is written to a LVT entry and
the delivery mode is Fixed (bits 8-11 equal 0), the APIC may signal an
illegal vector error, without regard to whether the mask bit is set or
whether an interrupt is actually seen on the input."
And that's exactly what's currently done in disconnect_bsp_APIC when
virt_wire_setup is true and LVT LINT0 is being masked. By writing only
APIC_LVT_MASKED Xen is actually setting the vector to 0 and the
delivery mode to Fixed (0), and hence it triggers an APIC error even
when the LVT entry is masked.
This would usually manifest when Xen is being shut down, as that's
where disconnect_bsp_APIC is called:
(XEN) APIC error on CPU0: 40(00)
Fix this by calling clear_local_APIC prior to setting the LVT LINT
registers which already clear LVT LINT0, and hence the troublesome
write can be avoided as the register is already cleared.
Reported-by: Andrew Cooper <andrew.cooper3@citrix.com>
Signed-off-by: Roger Pau Monné <roger.pau@citrix.com>
Reviewed-by: Jan Beulich <jbeulich@suse.com>
(qemu changes not included)
_______________________________________________
Xen-devel mailing list
Xen-devel@lists.xenproject.org
https://lists.xenproject.org/mailman/listinfo/xen-devel
^ permalink raw reply [flat|nested] 4+ messages in thread
* Re: [Xen-devel] [xen-unstable test] 146578: regressions - FAIL
2020-01-30 3:56 [Xen-devel] [xen-unstable test] 146578: regressions - FAIL osstest service owner
@ 2020-01-30 9:12 ` Jan Beulich
2020-01-30 9:18 ` Roger Pau Monné
0 siblings, 1 reply; 4+ messages in thread
From: Jan Beulich @ 2020-01-30 9:12 UTC (permalink / raw)
To: osstest service owner; +Cc: xen-devel
On 30.01.2020 04:56, osstest service owner wrote:
> flight 146578 xen-unstable real [real]
> http://logs.test-lab.xenproject.org/osstest/logs/146578/
>
> Regressions :-(
>
> Tests which did not succeed and are blocking,
> including tests which could not be run:
> test-amd64-amd64-xl-qemuu-win7-amd64 7 xen-boot fail REGR. vs. 146563
Afaict it is not "xen-boot" which failed here, but the going
down of the prior native kernel which was used to do the
install:
Jan 29 23:19:34.370663 [ 182.472073] e1000e: eth0 NIC Link is Down
Jan 29 23:19:36.470587 [ 182.476728] kvm: exiting hardware virtualization
Jan 29 23:19:36.470660 [ 182.481574] sd 3:0:0:0: [sdb] Synchronizing SCSI cache
Jan 29 23:19:36.482617 [ 182.486874] sd 2:0:0:0: [sda] Synchronizing SCSI cache
Jan 29 23:19:36.482683 [ 182.528263] e1000e: EEE TX LPI TIMER: 00000000
Jan 29 23:19:36.530516 [ 182.537036] e1000e: EEE TX LPI TIMER: 00000000
Jan 29 23:19:36.530582 [ 182.544504] usb 6-2: USB disconnect, device number 2
Jan 29 23:19:36.542579 [ 182.624125] reboot: Restarting system
Jan 29 23:19:36.614554 [ 182.625527] AMD-Vi: Event logged [
Jan 29 23:19:36.626671 [ 182.625527] IO_PAGE_FAULT device=00:13.1 domain=0x0006 address=0x0000000000000080 flags=0x0020]
These last two lines then look to repeat indefinitely. Is
there a new kernel version in use which has regressed on this
particular hardware?
Jan
_______________________________________________
Xen-devel mailing list
Xen-devel@lists.xenproject.org
https://lists.xenproject.org/mailman/listinfo/xen-devel
^ permalink raw reply [flat|nested] 4+ messages in thread
* Re: [Xen-devel] [xen-unstable test] 146578: regressions - FAIL
2020-01-30 9:12 ` Jan Beulich
@ 2020-01-30 9:18 ` Roger Pau Monné
2020-01-30 15:34 ` Jan Beulich
0 siblings, 1 reply; 4+ messages in thread
From: Roger Pau Monné @ 2020-01-30 9:18 UTC (permalink / raw)
To: Jan Beulich; +Cc: xen-devel, osstest service owner
On Thu, Jan 30, 2020 at 10:12:39AM +0100, Jan Beulich wrote:
> On 30.01.2020 04:56, osstest service owner wrote:
> > flight 146578 xen-unstable real [real]
> > http://logs.test-lab.xenproject.org/osstest/logs/146578/
> >
> > Regressions :-(
> >
> > Tests which did not succeed and are blocking,
> > including tests which could not be run:
> > test-amd64-amd64-xl-qemuu-win7-amd64 7 xen-boot fail REGR. vs. 146563
>
> Afaict it is not "xen-boot" which failed here, but the going
> down of the prior native kernel which was used to do the
> install:
>
> Jan 29 23:19:34.370663 [ 182.472073] e1000e: eth0 NIC Link is Down
> Jan 29 23:19:36.470587 [ 182.476728] kvm: exiting hardware virtualization
> Jan 29 23:19:36.470660 [ 182.481574] sd 3:0:0:0: [sdb] Synchronizing SCSI cache
> Jan 29 23:19:36.482617 [ 182.486874] sd 2:0:0:0: [sda] Synchronizing SCSI cache
> Jan 29 23:19:36.482683 [ 182.528263] e1000e: EEE TX LPI TIMER: 00000000
> Jan 29 23:19:36.530516 [ 182.537036] e1000e: EEE TX LPI TIMER: 00000000
> Jan 29 23:19:36.530582 [ 182.544504] usb 6-2: USB disconnect, device number 2
> Jan 29 23:19:36.542579 [ 182.624125] reboot: Restarting system
> Jan 29 23:19:36.614554 [ 182.625527] AMD-Vi: Event logged [
> Jan 29 23:19:36.626671 [ 182.625527] IO_PAGE_FAULT device=00:13.1 domain=0x0006 address=0x0000000000000080 flags=0x0020]
>
> These last two lines then look to repeat indefinitely. Is
> there a new kernel version in use which has regressed on this
> particular hardware?
osstest was recently upgraded to use Linux 4.19, but that seems to be
a sporadic failure, other tests from the xen-unstable branch seem to
work fine:
http://logs.test-lab.xenproject.org/osstest/results/host/pinot0.html
Maybe we could disable the iommu on the Linux command line to
workarouund this?
Roger.
_______________________________________________
Xen-devel mailing list
Xen-devel@lists.xenproject.org
https://lists.xenproject.org/mailman/listinfo/xen-devel
^ permalink raw reply [flat|nested] 4+ messages in thread
* Re: [Xen-devel] [xen-unstable test] 146578: regressions - FAIL
2020-01-30 9:18 ` Roger Pau Monné
@ 2020-01-30 15:34 ` Jan Beulich
0 siblings, 0 replies; 4+ messages in thread
From: Jan Beulich @ 2020-01-30 15:34 UTC (permalink / raw)
To: Roger Pau Monné; +Cc: xen-devel, osstest service owner
On 30.01.2020 10:18, Roger Pau Monné wrote:
> On Thu, Jan 30, 2020 at 10:12:39AM +0100, Jan Beulich wrote:
>> On 30.01.2020 04:56, osstest service owner wrote:
>>> flight 146578 xen-unstable real [real]
>>> http://logs.test-lab.xenproject.org/osstest/logs/146578/
>>>
>>> Regressions :-(
>>>
>>> Tests which did not succeed and are blocking,
>>> including tests which could not be run:
>>> test-amd64-amd64-xl-qemuu-win7-amd64 7 xen-boot fail REGR. vs. 146563
>>
>> Afaict it is not "xen-boot" which failed here, but the going
>> down of the prior native kernel which was used to do the
>> install:
>>
>> Jan 29 23:19:34.370663 [ 182.472073] e1000e: eth0 NIC Link is Down
>> Jan 29 23:19:36.470587 [ 182.476728] kvm: exiting hardware virtualization
>> Jan 29 23:19:36.470660 [ 182.481574] sd 3:0:0:0: [sdb] Synchronizing SCSI cache
>> Jan 29 23:19:36.482617 [ 182.486874] sd 2:0:0:0: [sda] Synchronizing SCSI cache
>> Jan 29 23:19:36.482683 [ 182.528263] e1000e: EEE TX LPI TIMER: 00000000
>> Jan 29 23:19:36.530516 [ 182.537036] e1000e: EEE TX LPI TIMER: 00000000
>> Jan 29 23:19:36.530582 [ 182.544504] usb 6-2: USB disconnect, device number 2
>> Jan 29 23:19:36.542579 [ 182.624125] reboot: Restarting system
>> Jan 29 23:19:36.614554 [ 182.625527] AMD-Vi: Event logged [
>> Jan 29 23:19:36.626671 [ 182.625527] IO_PAGE_FAULT device=00:13.1 domain=0x0006 address=0x0000000000000080 flags=0x0020]
>>
>> These last two lines then look to repeat indefinitely. Is
>> there a new kernel version in use which has regressed on this
>> particular hardware?
>
> osstest was recently upgraded to use Linux 4.19, but that seems to be
> a sporadic failure, other tests from the xen-unstable branch seem to
> work fine:
>
> http://logs.test-lab.xenproject.org/osstest/results/host/pinot0.html
>
> Maybe we could disable the iommu on the Linux command line to
> workarouund this?
Well, I don't know in how far there is control over it. It's after
all not something actually mattering for the intended testing. But
yes, if there is such control, then this might be a (n ugly) option.
Jan
_______________________________________________
Xen-devel mailing list
Xen-devel@lists.xenproject.org
https://lists.xenproject.org/mailman/listinfo/xen-devel
^ permalink raw reply [flat|nested] 4+ messages in thread
end of thread, other threads:[~2020-01-30 15:35 UTC | newest]
Thread overview: 4+ messages (download: mbox.gz / follow: Atom feed)
-- links below jump to the message on this page --
2020-01-30 3:56 [Xen-devel] [xen-unstable test] 146578: regressions - FAIL osstest service owner
2020-01-30 9:12 ` Jan Beulich
2020-01-30 9:18 ` Roger Pau Monné
2020-01-30 15:34 ` Jan Beulich
This is a public inbox, see mirroring instructions
for how to clone and mirror all data and code used for this inbox;
as well as URLs for NNTP newsgroup(s).