* [linux-3.10 test] 101680: regressions - FAIL
@ 2016-10-27 3:24 osstest service owner
0 siblings, 0 replies; only message in thread
From: osstest service owner @ 2016-10-27 3:24 UTC (permalink / raw)
To: xen-devel, osstest-admin
flight 101680 linux-3.10 real [real]
http://logs.test-lab.xenproject.org/osstest/logs/101680/
Regressions :-(
Tests which did not succeed and are blocking,
including tests which could not be run:
test-amd64-i386-xl-xsm 6 xen-boot fail REGR. vs. 100648
test-amd64-amd64-amd64-pvgrub 6 xen-boot fail REGR. vs. 100648
test-amd64-i386-qemut-rhel6hvm-intel 6 xen-boot fail REGR. vs. 100648
test-amd64-amd64-xl-credit2 6 xen-boot fail REGR. vs. 100648
test-amd64-amd64-xl 6 xen-boot fail REGR. vs. 100648
test-amd64-amd64-xl-qemut-debianhvm-amd64-xsm 6 xen-boot fail REGR. vs. 100648
test-amd64-i386-xl 6 xen-boot fail REGR. vs. 100648
test-amd64-i386-xl-qemuu-ovmf-amd64 6 xen-boot fail REGR. vs. 100648
Tests which are failing intermittently (not blocking):
test-amd64-i386-xl-qemuu-win7-amd64 16 guest-stop fail pass in 101576
test-amd64-amd64-xl-qemut-win7-amd64 16 guest-stop fail pass in 101594
test-amd64-i386-xl-qemut-stubdom-debianhvm-amd64-xsm 6 xen-boot fail pass in 101663
Regressions which are regarded as allowable (not blocking):
test-amd64-amd64-xl-qemut-stubdom-debianhvm-amd64-xsm 15 guest-localmigrate/x10 fail in 101594 like 100646
build-amd64-rumprun 5 rumprun-build fail in 101663 baseline untested
build-i386-rumprun 5 rumprun-build fail in 101663 baseline untested
test-amd64-amd64-xl-qemuu-win7-amd64 16 guest-stop fail like 100648
test-amd64-i386-xl-qemut-win7-amd64 16 guest-stop fail like 100648
Tests which did not succeed, but are not blocking:
test-amd64-amd64-rumprun-amd64 1 build-check(1) blocked n/a
test-amd64-i386-rumprun-i386 1 build-check(1) blocked n/a
build-amd64-rumprun 7 xen-build fail never pass
build-i386-rumprun 7 xen-build fail never pass
test-amd64-amd64-xl-pvh-intel 11 guest-start fail never pass
test-amd64-amd64-libvirt-xsm 12 migrate-support-check fail never pass
test-amd64-i386-libvirt 12 migrate-support-check fail never pass
test-amd64-amd64-libvirt 12 migrate-support-check fail never pass
test-amd64-amd64-xl-pvh-amd 11 guest-start fail never pass
test-amd64-i386-libvirt-xsm 12 migrate-support-check fail never pass
test-amd64-amd64-libvirt-qemuu-debianhvm-amd64-xsm 10 migrate-support-check fail never pass
test-amd64-i386-libvirt-qemuu-debianhvm-amd64-xsm 10 migrate-support-check fail never pass
test-amd64-amd64-qemuu-nested-amd 16 debian-hvm-install/l1/l2 fail never pass
test-amd64-amd64-libvirt-vhd 11 migrate-support-check fail never pass
version targeted for testing:
linux 7828a9658951301a3fd83daa4ed0a607d370399e
baseline version:
linux 2ecaf1d025af0f481d00b3701ffbcc600dcab076
Last test of basis 100648 2016-08-28 23:14:14 Z 59 days
Testing same since 101576 2016-10-21 10:51:14 Z 5 days 9 attempts
------------------------------------------------------------
People who touched revisions under test:
Andrea Arcangeli <aarcange@redhat.com>
Andrew Morton <akpm@linux-foundation.org>
Bjorn Helgaas <bhelgaas@google.com>
Casey Schaufler <casey@schaufler-ca.com>
Dan Carpenter <dan.carpenter@oracle.com>
Dave Carroll <david.carroll@microsemi.com>
Greg Kroah-Hartman <gregkh@linuxfoundation.org>
Herbert Xu <herbert@gondor.apana.org.au>
Hugh Dickins <hughd@google.com>
Ian Abbott <abbotti@mev.co.uk>
James Hogan <james.hogan@imgtec.com>
Jann Horn <jann@thejh.net>
Jason S. McMullan <jason.mcmullan@netronome.com>
Jiri Slaby <jslaby@suse.cz>
Kashyap Desai <kashyap.desai@broadcom.com>
Kees Cook <keescook@chromium.org>
Linus Torvalds <torvalds@linux-foundation.org>
Martin K. Petersen <martin.petersen@oracle.com>
Paolo Bonzini <pbonzini@redhat.com>
Philipp Hahn <hahn@univention.de>
Rafael J. Wysocki <rafael.j.wysocki@intel.com>
Simon Horman <simon.horman@netronome.com>
Wei Liu <wei.liu2@citrix.com>
Willy Tarreau <w@1wt.eu>
Yinghai Lu <yinghai@kernel.org>
jobs:
build-amd64-xsm pass
build-i386-xsm pass
build-amd64 pass
build-i386 pass
build-amd64-libvirt pass
build-i386-libvirt pass
build-amd64-pvops pass
build-i386-pvops pass
build-amd64-rumprun fail
build-i386-rumprun fail
test-amd64-amd64-xl fail
test-amd64-i386-xl fail
test-amd64-amd64-xl-qemut-debianhvm-amd64-xsm fail
test-amd64-i386-xl-qemut-debianhvm-amd64-xsm pass
test-amd64-amd64-libvirt-qemuu-debianhvm-amd64-xsm pass
test-amd64-i386-libvirt-qemuu-debianhvm-amd64-xsm pass
test-amd64-amd64-xl-qemuu-debianhvm-amd64-xsm pass
test-amd64-i386-xl-qemuu-debianhvm-amd64-xsm pass
test-amd64-amd64-xl-qemut-stubdom-debianhvm-amd64-xsm pass
test-amd64-i386-xl-qemut-stubdom-debianhvm-amd64-xsm fail
test-amd64-amd64-libvirt-xsm pass
test-amd64-i386-libvirt-xsm pass
test-amd64-amd64-xl-xsm pass
test-amd64-i386-xl-xsm fail
test-amd64-amd64-qemuu-nested-amd fail
test-amd64-amd64-xl-pvh-amd fail
test-amd64-i386-qemut-rhel6hvm-amd pass
test-amd64-i386-qemuu-rhel6hvm-amd pass
test-amd64-amd64-xl-qemut-debianhvm-amd64 pass
test-amd64-i386-xl-qemut-debianhvm-amd64 pass
test-amd64-amd64-xl-qemuu-debianhvm-amd64 pass
test-amd64-i386-xl-qemuu-debianhvm-amd64 pass
test-amd64-i386-freebsd10-amd64 pass
test-amd64-amd64-xl-qemuu-ovmf-amd64 pass
test-amd64-i386-xl-qemuu-ovmf-amd64 fail
test-amd64-amd64-rumprun-amd64 blocked
test-amd64-amd64-xl-qemut-win7-amd64 fail
test-amd64-i386-xl-qemut-win7-amd64 fail
test-amd64-amd64-xl-qemuu-win7-amd64 fail
test-amd64-i386-xl-qemuu-win7-amd64 fail
test-amd64-amd64-xl-credit2 fail
test-amd64-i386-freebsd10-i386 pass
test-amd64-i386-rumprun-i386 blocked
test-amd64-amd64-qemuu-nested-intel pass
test-amd64-amd64-xl-pvh-intel fail
test-amd64-i386-qemut-rhel6hvm-intel fail
test-amd64-i386-qemuu-rhel6hvm-intel pass
test-amd64-amd64-libvirt pass
test-amd64-i386-libvirt pass
test-amd64-amd64-xl-multivcpu pass
test-amd64-amd64-pair pass
test-amd64-i386-pair pass
test-amd64-amd64-libvirt-pair pass
test-amd64-i386-libvirt-pair pass
test-amd64-amd64-amd64-pvgrub fail
test-amd64-amd64-i386-pvgrub pass
test-amd64-amd64-pygrub pass
test-amd64-amd64-xl-qcow2 pass
test-amd64-i386-xl-raw pass
test-amd64-amd64-xl-rtds pass
test-amd64-i386-xl-qemut-winxpsp3-vcpus1 pass
test-amd64-i386-xl-qemuu-winxpsp3-vcpus1 pass
test-amd64-amd64-libvirt-vhd pass
test-amd64-amd64-xl-qemut-winxpsp3 pass
test-amd64-i386-xl-qemut-winxpsp3 pass
test-amd64-amd64-xl-qemuu-winxpsp3 pass
test-amd64-i386-xl-qemuu-winxpsp3 pass
------------------------------------------------------------
sg-report-flight on osstest.test-lab.xenproject.org
logs: /home/logs/logs
images: /home/logs/images
Logs, config files, etc. are available at
http://logs.test-lab.xenproject.org/osstest/logs
Explanation of these reports, and of osstest in general, is at
http://xenbits.xen.org/gitweb/?p=osstest.git;a=blob;f=README.email;hb=master
http://xenbits.xen.org/gitweb/?p=osstest.git;a=blob;f=README;hb=master
Test harness code can be found at
http://xenbits.xen.org/gitweb?p=osstest.git;a=summary
Not pushing.
(No revision log; it would be 471 lines long.)
_______________________________________________
Xen-devel mailing list
Xen-devel@lists.xen.org
https://lists.xen.org/xen-devel
^ permalink raw reply [flat|nested] only message in thread
only message in thread, other threads:[~2016-10-27 3:24 UTC | newest]
Thread overview: (only message) (download: mbox.gz / follow: Atom feed)
-- links below jump to the message on this page --
2016-10-27 3:24 [linux-3.10 test] 101680: regressions - FAIL osstest service owner
This is a public inbox, see mirroring instructions
for how to clone and mirror all data and code used for this inbox;
as well as URLs for NNTP newsgroup(s).