* [linux-3.18 test] 136559: regressions - FAIL
@ 2019-05-21 23:46 osstest service owner
2019-05-21 23:46 ` [Xen-devel] " osstest service owner
0 siblings, 1 reply; 2+ messages in thread
From: osstest service owner @ 2019-05-21 23:46 UTC (permalink / raw)
To: xen-devel, osstest-admin
flight 136559 linux-3.18 real [real]
http://logs.test-lab.xenproject.org/osstest/logs/136559/
Regressions :-(
Tests which did not succeed and are blocking,
including tests which could not be run:
test-amd64-amd64-xl-credit2 7 xen-boot fail REGR. vs. 128858
test-amd64-i386-xl-qemuu-debianhvm-amd64 7 xen-boot fail REGR. vs. 128858
test-amd64-i386-examine 8 reboot fail REGR. vs. 128858
test-amd64-amd64-xl-qemuu-debianhvm-amd64 7 xen-boot fail REGR. vs. 128858
test-amd64-amd64-xl-pvshim 7 xen-boot fail REGR. vs. 128858
test-amd64-amd64-xl-xsm 7 xen-boot fail REGR. vs. 128858
test-amd64-amd64-xl 7 xen-boot fail REGR. vs. 128858
test-amd64-amd64-qemuu-nested-intel 7 xen-boot fail REGR. vs. 128858
test-amd64-amd64-i386-pvgrub 7 xen-boot fail REGR. vs. 128858
test-amd64-amd64-xl-qemuu-ovmf-amd64 7 xen-boot fail REGR. vs. 128858
test-amd64-amd64-amd64-pvgrub 7 xen-boot fail REGR. vs. 128858
test-amd64-amd64-xl-shadow 7 xen-boot fail REGR. vs. 128858
test-amd64-amd64-xl-credit1 7 xen-boot fail REGR. vs. 128858
test-amd64-amd64-xl-multivcpu 7 xen-boot fail REGR. vs. 128858
test-amd64-amd64-libvirt 7 xen-boot fail REGR. vs. 128858
test-amd64-amd64-libvirt-xsm 7 xen-boot fail REGR. vs. 128858
test-amd64-i386-xl-qemuu-debianhvm-amd64-shadow 7 xen-boot fail REGR. vs. 128858
test-amd64-i386-libvirt-qemuu-debianhvm-amd64-xsm 7 xen-boot fail REGR. vs. 128858
test-amd64-i386-libvirt 7 xen-boot fail REGR. vs. 128858
test-amd64-i386-xl-xsm 7 xen-boot fail REGR. vs. 128858
test-amd64-i386-libvirt-pair 11 xen-boot/dst_host fail REGR. vs. 128858
test-amd64-i386-libvirt-xsm 7 xen-boot fail REGR. vs. 128858
test-amd64-i386-pair 10 xen-boot/src_host fail REGR. vs. 128858
test-amd64-i386-pair 11 xen-boot/dst_host fail REGR. vs. 128858
test-amd64-i386-xl-raw 7 xen-boot fail REGR. vs. 128858
test-amd64-amd64-xl-qcow2 11 guest-start fail REGR. vs. 128858
test-amd64-amd64-libvirt-vhd 11 guest-start fail REGR. vs. 128858
test-armhf-armhf-xl-vhd 11 guest-start fail in 136390 REGR. vs. 128858
Tests which are failing intermittently (not blocking):
test-amd64-i386-qemuu-rhel6hvm-intel 12 guest-start/redhat.repeat fail in 136390 pass in 136559
test-amd64-amd64-pair 10 xen-boot/src_host fail pass in 136390
test-amd64-amd64-pair 11 xen-boot/dst_host fail pass in 136390
test-amd64-i386-libvirt-pair 10 xen-boot/src_host fail pass in 136390
test-armhf-armhf-xl-vhd 7 xen-boot fail pass in 136390
test-armhf-armhf-libvirt 16 guest-start/debian.repeat fail pass in 136390
Regressions which are regarded as allowable (not blocking):
test-amd64-amd64-xl-rtds 7 xen-boot fail REGR. vs. 128858
Tests which did not succeed, but are not blocking:
test-arm64-arm64-libvirt-xsm 1 build-check(1) blocked n/a
test-arm64-arm64-xl-credit2 1 build-check(1) blocked n/a
test-arm64-arm64-xl-xsm 1 build-check(1) blocked n/a
test-arm64-arm64-xl 1 build-check(1) blocked n/a
test-arm64-arm64-xl-credit1 1 build-check(1) blocked n/a
test-arm64-arm64-examine 1 build-check(1) blocked n/a
test-amd64-i386-xl-qemuu-debianhvm-i386-xsm 7 xen-boot fail baseline untested
test-armhf-armhf-libvirt-raw 13 saverestore-support-check fail in 136390 like 128858
test-armhf-armhf-libvirt-raw 12 migrate-support-check fail in 136390 never pass
test-armhf-armhf-libvirt-raw 10 debian-di-install fail like 128841
test-armhf-armhf-libvirt 14 saverestore-support-check fail like 128858
test-amd64-amd64-xl-qemut-win7-amd64 17 guest-stop fail like 128858
test-amd64-amd64-xl-qemuu-win7-amd64 17 guest-stop fail like 128858
test-amd64-i386-xl-qemuu-win7-amd64 17 guest-stop fail like 128858
test-amd64-i386-xl-qemut-win7-amd64 17 guest-stop fail like 128858
test-amd64-amd64-xl-qemuu-dmrestrict-amd64-dmrestrict 10 debian-hvm-install fail never pass
test-amd64-i386-xl-qemuu-dmrestrict-amd64-dmrestrict 10 debian-hvm-install fail never pass
test-amd64-amd64-xl-pvhv2-intel 12 guest-start fail never pass
test-amd64-amd64-xl-pvhv2-amd 12 guest-start fail never pass
test-amd64-i386-xl-pvshim 12 guest-start fail never pass
test-amd64-amd64-libvirt-qemuu-debianhvm-amd64-xsm 11 migrate-support-check fail never pass
test-amd64-amd64-qemuu-nested-amd 17 debian-hvm-install/l1/l2 fail never pass
build-arm64-pvops 6 kernel-build fail never pass
test-armhf-armhf-xl-arndale 13 migrate-support-check fail never pass
test-armhf-armhf-xl-arndale 14 saverestore-support-check fail never pass
test-armhf-armhf-libvirt 13 migrate-support-check fail never pass
test-armhf-armhf-xl-rtds 13 migrate-support-check fail never pass
test-armhf-armhf-xl-rtds 14 saverestore-support-check fail never pass
test-armhf-armhf-xl-credit2 13 migrate-support-check fail never pass
test-armhf-armhf-xl-credit2 14 saverestore-support-check fail never pass
test-armhf-armhf-xl-multivcpu 13 migrate-support-check fail never pass
test-armhf-armhf-xl-multivcpu 14 saverestore-support-check fail never pass
test-armhf-armhf-xl-credit1 13 migrate-support-check fail never pass
test-armhf-armhf-xl-credit1 14 saverestore-support-check fail never pass
test-armhf-armhf-xl-cubietruck 13 migrate-support-check fail never pass
test-armhf-armhf-xl-cubietruck 14 saverestore-support-check fail never pass
test-armhf-armhf-xl 13 migrate-support-check fail never pass
test-armhf-armhf-xl 14 saverestore-support-check fail never pass
test-amd64-amd64-xl-qemuu-ws16-amd64 17 guest-stop fail never pass
test-amd64-i386-xl-qemut-ws16-amd64 17 guest-stop fail never pass
test-amd64-amd64-xl-qemut-ws16-amd64 17 guest-stop fail never pass
test-amd64-i386-xl-qemuu-ws16-amd64 17 guest-stop fail never pass
test-amd64-amd64-xl-qemut-win10-i386 10 windows-install fail never pass
test-amd64-amd64-xl-qemuu-win10-i386 10 windows-install fail never pass
test-amd64-i386-xl-qemuu-win10-i386 10 windows-install fail never pass
test-amd64-i386-xl-qemut-win10-i386 10 windows-install fail never pass
version targeted for testing:
linux 6b1ae527b1fdee86e81da0cb26ced75731c6c0fa
baseline version:
linux 0d63979c1bc9c85578be4c589768a13dc0a7c5eb
Last test of basis 128858 2018-10-17 21:47:39 Z 216 days
Failing since 129760 2018-11-10 16:17:30 Z 192 days 108 attempts
Testing same since 136390 2019-05-16 18:24:58 Z 5 days 2 attempts
------------------------------------------------------------
851 people touched revisions under test,
not listing them all
jobs:
build-amd64-xsm pass
build-arm64-xsm pass
build-i386-xsm pass
build-amd64 pass
build-arm64 pass
build-armhf pass
build-i386 pass
build-amd64-libvirt pass
build-arm64-libvirt pass
build-armhf-libvirt pass
build-i386-libvirt pass
build-amd64-pvops pass
build-arm64-pvops fail
build-armhf-pvops pass
build-i386-pvops pass
test-amd64-amd64-xl fail
test-arm64-arm64-xl blocked
test-armhf-armhf-xl pass
test-amd64-i386-xl pass
test-amd64-amd64-libvirt-qemuu-debianhvm-amd64-xsm pass
test-amd64-i386-libvirt-qemuu-debianhvm-amd64-xsm fail
test-amd64-amd64-xl-qemut-stubdom-debianhvm-amd64-xsm pass
test-amd64-i386-xl-qemut-stubdom-debianhvm-amd64-xsm pass
test-amd64-amd64-xl-qemut-debianhvm-i386-xsm pass
test-amd64-i386-xl-qemut-debianhvm-i386-xsm pass
test-amd64-amd64-xl-qemuu-debianhvm-i386-xsm pass
test-amd64-i386-xl-qemuu-debianhvm-i386-xsm fail
test-amd64-amd64-libvirt-xsm fail
test-arm64-arm64-libvirt-xsm blocked
test-amd64-i386-libvirt-xsm fail
test-amd64-amd64-xl-xsm fail
test-arm64-arm64-xl-xsm blocked
test-amd64-i386-xl-xsm fail
test-amd64-amd64-qemuu-nested-amd fail
test-amd64-amd64-xl-pvhv2-amd fail
test-amd64-i386-qemut-rhel6hvm-amd pass
test-amd64-i386-qemuu-rhel6hvm-amd pass
test-amd64-amd64-xl-qemut-debianhvm-amd64 pass
test-amd64-i386-xl-qemut-debianhvm-amd64 pass
test-amd64-amd64-xl-qemuu-debianhvm-amd64 fail
test-amd64-i386-xl-qemuu-debianhvm-amd64 fail
test-amd64-i386-freebsd10-amd64 pass
test-amd64-amd64-xl-qemuu-ovmf-amd64 fail
test-amd64-i386-xl-qemuu-ovmf-amd64 pass
test-amd64-amd64-xl-qemut-win7-amd64 fail
test-amd64-i386-xl-qemut-win7-amd64 fail
test-amd64-amd64-xl-qemuu-win7-amd64 fail
test-amd64-i386-xl-qemuu-win7-amd64 fail
test-amd64-amd64-xl-qemut-ws16-amd64 fail
test-amd64-i386-xl-qemut-ws16-amd64 fail
test-amd64-amd64-xl-qemuu-ws16-amd64 fail
test-amd64-i386-xl-qemuu-ws16-amd64 fail
test-armhf-armhf-xl-arndale pass
test-amd64-amd64-xl-credit1 fail
test-arm64-arm64-xl-credit1 blocked
test-armhf-armhf-xl-credit1 pass
test-amd64-amd64-xl-credit2 fail
test-arm64-arm64-xl-credit2 blocked
test-armhf-armhf-xl-credit2 pass
test-armhf-armhf-xl-cubietruck pass
test-amd64-amd64-xl-qemuu-dmrestrict-amd64-dmrestrict fail
test-amd64-i386-xl-qemuu-dmrestrict-amd64-dmrestrict fail
test-amd64-amd64-examine pass
test-arm64-arm64-examine blocked
test-armhf-armhf-examine pass
test-amd64-i386-examine fail
test-amd64-i386-freebsd10-i386 pass
test-amd64-amd64-xl-qemut-win10-i386 fail
test-amd64-i386-xl-qemut-win10-i386 fail
test-amd64-amd64-xl-qemuu-win10-i386 fail
test-amd64-i386-xl-qemuu-win10-i386 fail
test-amd64-amd64-qemuu-nested-intel fail
test-amd64-amd64-xl-pvhv2-intel fail
test-amd64-i386-qemut-rhel6hvm-intel pass
test-amd64-i386-qemuu-rhel6hvm-intel pass
test-amd64-amd64-libvirt fail
test-armhf-armhf-libvirt fail
test-amd64-i386-libvirt fail
test-amd64-amd64-xl-multivcpu fail
test-armhf-armhf-xl-multivcpu pass
test-amd64-amd64-pair fail
test-amd64-i386-pair fail
test-amd64-amd64-libvirt-pair pass
test-amd64-i386-libvirt-pair fail
test-amd64-amd64-amd64-pvgrub fail
test-amd64-amd64-i386-pvgrub fail
test-amd64-amd64-xl-pvshim fail
test-amd64-i386-xl-pvshim fail
test-amd64-amd64-pygrub pass
test-amd64-amd64-xl-qcow2 fail
test-armhf-armhf-libvirt-raw fail
test-amd64-i386-xl-raw fail
test-amd64-amd64-xl-rtds fail
test-armhf-armhf-xl-rtds pass
test-amd64-amd64-xl-qemuu-debianhvm-amd64-shadow pass
test-amd64-i386-xl-qemuu-debianhvm-amd64-shadow fail
test-amd64-amd64-xl-shadow fail
test-amd64-i386-xl-shadow pass
test-amd64-amd64-libvirt-vhd fail
test-armhf-armhf-xl-vhd fail
------------------------------------------------------------
sg-report-flight on osstest.test-lab.xenproject.org
logs: /home/logs/logs
images: /home/logs/images
Logs, config files, etc. are available at
http://logs.test-lab.xenproject.org/osstest/logs
Explanation of these reports, and of osstest in general, is at
http://xenbits.xen.org/gitweb/?p=osstest.git;a=blob;f=README.email;hb=master
http://xenbits.xen.org/gitweb/?p=osstest.git;a=blob;f=README;hb=master
Test harness code can be found at
http://xenbits.xen.org/gitweb?p=osstest.git;a=summary
Not pushing.
(No revision log; it would be 34324 lines long.)
_______________________________________________
Xen-devel mailing list
Xen-devel@lists.xenproject.org
https://lists.xenproject.org/mailman/listinfo/xen-devel
^ permalink raw reply [flat|nested] 2+ messages in thread
* [Xen-devel] [linux-3.18 test] 136559: regressions - FAIL
2019-05-21 23:46 [linux-3.18 test] 136559: regressions - FAIL osstest service owner
@ 2019-05-21 23:46 ` osstest service owner
0 siblings, 0 replies; 2+ messages in thread
From: osstest service owner @ 2019-05-21 23:46 UTC (permalink / raw)
To: xen-devel, osstest-admin
flight 136559 linux-3.18 real [real]
http://logs.test-lab.xenproject.org/osstest/logs/136559/
Regressions :-(
Tests which did not succeed and are blocking,
including tests which could not be run:
test-amd64-amd64-xl-credit2 7 xen-boot fail REGR. vs. 128858
test-amd64-i386-xl-qemuu-debianhvm-amd64 7 xen-boot fail REGR. vs. 128858
test-amd64-i386-examine 8 reboot fail REGR. vs. 128858
test-amd64-amd64-xl-qemuu-debianhvm-amd64 7 xen-boot fail REGR. vs. 128858
test-amd64-amd64-xl-pvshim 7 xen-boot fail REGR. vs. 128858
test-amd64-amd64-xl-xsm 7 xen-boot fail REGR. vs. 128858
test-amd64-amd64-xl 7 xen-boot fail REGR. vs. 128858
test-amd64-amd64-qemuu-nested-intel 7 xen-boot fail REGR. vs. 128858
test-amd64-amd64-i386-pvgrub 7 xen-boot fail REGR. vs. 128858
test-amd64-amd64-xl-qemuu-ovmf-amd64 7 xen-boot fail REGR. vs. 128858
test-amd64-amd64-amd64-pvgrub 7 xen-boot fail REGR. vs. 128858
test-amd64-amd64-xl-shadow 7 xen-boot fail REGR. vs. 128858
test-amd64-amd64-xl-credit1 7 xen-boot fail REGR. vs. 128858
test-amd64-amd64-xl-multivcpu 7 xen-boot fail REGR. vs. 128858
test-amd64-amd64-libvirt 7 xen-boot fail REGR. vs. 128858
test-amd64-amd64-libvirt-xsm 7 xen-boot fail REGR. vs. 128858
test-amd64-i386-xl-qemuu-debianhvm-amd64-shadow 7 xen-boot fail REGR. vs. 128858
test-amd64-i386-libvirt-qemuu-debianhvm-amd64-xsm 7 xen-boot fail REGR. vs. 128858
test-amd64-i386-libvirt 7 xen-boot fail REGR. vs. 128858
test-amd64-i386-xl-xsm 7 xen-boot fail REGR. vs. 128858
test-amd64-i386-libvirt-pair 11 xen-boot/dst_host fail REGR. vs. 128858
test-amd64-i386-libvirt-xsm 7 xen-boot fail REGR. vs. 128858
test-amd64-i386-pair 10 xen-boot/src_host fail REGR. vs. 128858
test-amd64-i386-pair 11 xen-boot/dst_host fail REGR. vs. 128858
test-amd64-i386-xl-raw 7 xen-boot fail REGR. vs. 128858
test-amd64-amd64-xl-qcow2 11 guest-start fail REGR. vs. 128858
test-amd64-amd64-libvirt-vhd 11 guest-start fail REGR. vs. 128858
test-armhf-armhf-xl-vhd 11 guest-start fail in 136390 REGR. vs. 128858
Tests which are failing intermittently (not blocking):
test-amd64-i386-qemuu-rhel6hvm-intel 12 guest-start/redhat.repeat fail in 136390 pass in 136559
test-amd64-amd64-pair 10 xen-boot/src_host fail pass in 136390
test-amd64-amd64-pair 11 xen-boot/dst_host fail pass in 136390
test-amd64-i386-libvirt-pair 10 xen-boot/src_host fail pass in 136390
test-armhf-armhf-xl-vhd 7 xen-boot fail pass in 136390
test-armhf-armhf-libvirt 16 guest-start/debian.repeat fail pass in 136390
Regressions which are regarded as allowable (not blocking):
test-amd64-amd64-xl-rtds 7 xen-boot fail REGR. vs. 128858
Tests which did not succeed, but are not blocking:
test-arm64-arm64-libvirt-xsm 1 build-check(1) blocked n/a
test-arm64-arm64-xl-credit2 1 build-check(1) blocked n/a
test-arm64-arm64-xl-xsm 1 build-check(1) blocked n/a
test-arm64-arm64-xl 1 build-check(1) blocked n/a
test-arm64-arm64-xl-credit1 1 build-check(1) blocked n/a
test-arm64-arm64-examine 1 build-check(1) blocked n/a
test-amd64-i386-xl-qemuu-debianhvm-i386-xsm 7 xen-boot fail baseline untested
test-armhf-armhf-libvirt-raw 13 saverestore-support-check fail in 136390 like 128858
test-armhf-armhf-libvirt-raw 12 migrate-support-check fail in 136390 never pass
test-armhf-armhf-libvirt-raw 10 debian-di-install fail like 128841
test-armhf-armhf-libvirt 14 saverestore-support-check fail like 128858
test-amd64-amd64-xl-qemut-win7-amd64 17 guest-stop fail like 128858
test-amd64-amd64-xl-qemuu-win7-amd64 17 guest-stop fail like 128858
test-amd64-i386-xl-qemuu-win7-amd64 17 guest-stop fail like 128858
test-amd64-i386-xl-qemut-win7-amd64 17 guest-stop fail like 128858
test-amd64-amd64-xl-qemuu-dmrestrict-amd64-dmrestrict 10 debian-hvm-install fail never pass
test-amd64-i386-xl-qemuu-dmrestrict-amd64-dmrestrict 10 debian-hvm-install fail never pass
test-amd64-amd64-xl-pvhv2-intel 12 guest-start fail never pass
test-amd64-amd64-xl-pvhv2-amd 12 guest-start fail never pass
test-amd64-i386-xl-pvshim 12 guest-start fail never pass
test-amd64-amd64-libvirt-qemuu-debianhvm-amd64-xsm 11 migrate-support-check fail never pass
test-amd64-amd64-qemuu-nested-amd 17 debian-hvm-install/l1/l2 fail never pass
build-arm64-pvops 6 kernel-build fail never pass
test-armhf-armhf-xl-arndale 13 migrate-support-check fail never pass
test-armhf-armhf-xl-arndale 14 saverestore-support-check fail never pass
test-armhf-armhf-libvirt 13 migrate-support-check fail never pass
test-armhf-armhf-xl-rtds 13 migrate-support-check fail never pass
test-armhf-armhf-xl-rtds 14 saverestore-support-check fail never pass
test-armhf-armhf-xl-credit2 13 migrate-support-check fail never pass
test-armhf-armhf-xl-credit2 14 saverestore-support-check fail never pass
test-armhf-armhf-xl-multivcpu 13 migrate-support-check fail never pass
test-armhf-armhf-xl-multivcpu 14 saverestore-support-check fail never pass
test-armhf-armhf-xl-credit1 13 migrate-support-check fail never pass
test-armhf-armhf-xl-credit1 14 saverestore-support-check fail never pass
test-armhf-armhf-xl-cubietruck 13 migrate-support-check fail never pass
test-armhf-armhf-xl-cubietruck 14 saverestore-support-check fail never pass
test-armhf-armhf-xl 13 migrate-support-check fail never pass
test-armhf-armhf-xl 14 saverestore-support-check fail never pass
test-amd64-amd64-xl-qemuu-ws16-amd64 17 guest-stop fail never pass
test-amd64-i386-xl-qemut-ws16-amd64 17 guest-stop fail never pass
test-amd64-amd64-xl-qemut-ws16-amd64 17 guest-stop fail never pass
test-amd64-i386-xl-qemuu-ws16-amd64 17 guest-stop fail never pass
test-amd64-amd64-xl-qemut-win10-i386 10 windows-install fail never pass
test-amd64-amd64-xl-qemuu-win10-i386 10 windows-install fail never pass
test-amd64-i386-xl-qemuu-win10-i386 10 windows-install fail never pass
test-amd64-i386-xl-qemut-win10-i386 10 windows-install fail never pass
version targeted for testing:
linux 6b1ae527b1fdee86e81da0cb26ced75731c6c0fa
baseline version:
linux 0d63979c1bc9c85578be4c589768a13dc0a7c5eb
Last test of basis 128858 2018-10-17 21:47:39 Z 216 days
Failing since 129760 2018-11-10 16:17:30 Z 192 days 108 attempts
Testing same since 136390 2019-05-16 18:24:58 Z 5 days 2 attempts
------------------------------------------------------------
851 people touched revisions under test,
not listing them all
jobs:
build-amd64-xsm pass
build-arm64-xsm pass
build-i386-xsm pass
build-amd64 pass
build-arm64 pass
build-armhf pass
build-i386 pass
build-amd64-libvirt pass
build-arm64-libvirt pass
build-armhf-libvirt pass
build-i386-libvirt pass
build-amd64-pvops pass
build-arm64-pvops fail
build-armhf-pvops pass
build-i386-pvops pass
test-amd64-amd64-xl fail
test-arm64-arm64-xl blocked
test-armhf-armhf-xl pass
test-amd64-i386-xl pass
test-amd64-amd64-libvirt-qemuu-debianhvm-amd64-xsm pass
test-amd64-i386-libvirt-qemuu-debianhvm-amd64-xsm fail
test-amd64-amd64-xl-qemut-stubdom-debianhvm-amd64-xsm pass
test-amd64-i386-xl-qemut-stubdom-debianhvm-amd64-xsm pass
test-amd64-amd64-xl-qemut-debianhvm-i386-xsm pass
test-amd64-i386-xl-qemut-debianhvm-i386-xsm pass
test-amd64-amd64-xl-qemuu-debianhvm-i386-xsm pass
test-amd64-i386-xl-qemuu-debianhvm-i386-xsm fail
test-amd64-amd64-libvirt-xsm fail
test-arm64-arm64-libvirt-xsm blocked
test-amd64-i386-libvirt-xsm fail
test-amd64-amd64-xl-xsm fail
test-arm64-arm64-xl-xsm blocked
test-amd64-i386-xl-xsm fail
test-amd64-amd64-qemuu-nested-amd fail
test-amd64-amd64-xl-pvhv2-amd fail
test-amd64-i386-qemut-rhel6hvm-amd pass
test-amd64-i386-qemuu-rhel6hvm-amd pass
test-amd64-amd64-xl-qemut-debianhvm-amd64 pass
test-amd64-i386-xl-qemut-debianhvm-amd64 pass
test-amd64-amd64-xl-qemuu-debianhvm-amd64 fail
test-amd64-i386-xl-qemuu-debianhvm-amd64 fail
test-amd64-i386-freebsd10-amd64 pass
test-amd64-amd64-xl-qemuu-ovmf-amd64 fail
test-amd64-i386-xl-qemuu-ovmf-amd64 pass
test-amd64-amd64-xl-qemut-win7-amd64 fail
test-amd64-i386-xl-qemut-win7-amd64 fail
test-amd64-amd64-xl-qemuu-win7-amd64 fail
test-amd64-i386-xl-qemuu-win7-amd64 fail
test-amd64-amd64-xl-qemut-ws16-amd64 fail
test-amd64-i386-xl-qemut-ws16-amd64 fail
test-amd64-amd64-xl-qemuu-ws16-amd64 fail
test-amd64-i386-xl-qemuu-ws16-amd64 fail
test-armhf-armhf-xl-arndale pass
test-amd64-amd64-xl-credit1 fail
test-arm64-arm64-xl-credit1 blocked
test-armhf-armhf-xl-credit1 pass
test-amd64-amd64-xl-credit2 fail
test-arm64-arm64-xl-credit2 blocked
test-armhf-armhf-xl-credit2 pass
test-armhf-armhf-xl-cubietruck pass
test-amd64-amd64-xl-qemuu-dmrestrict-amd64-dmrestrict fail
test-amd64-i386-xl-qemuu-dmrestrict-amd64-dmrestrict fail
test-amd64-amd64-examine pass
test-arm64-arm64-examine blocked
test-armhf-armhf-examine pass
test-amd64-i386-examine fail
test-amd64-i386-freebsd10-i386 pass
test-amd64-amd64-xl-qemut-win10-i386 fail
test-amd64-i386-xl-qemut-win10-i386 fail
test-amd64-amd64-xl-qemuu-win10-i386 fail
test-amd64-i386-xl-qemuu-win10-i386 fail
test-amd64-amd64-qemuu-nested-intel fail
test-amd64-amd64-xl-pvhv2-intel fail
test-amd64-i386-qemut-rhel6hvm-intel pass
test-amd64-i386-qemuu-rhel6hvm-intel pass
test-amd64-amd64-libvirt fail
test-armhf-armhf-libvirt fail
test-amd64-i386-libvirt fail
test-amd64-amd64-xl-multivcpu fail
test-armhf-armhf-xl-multivcpu pass
test-amd64-amd64-pair fail
test-amd64-i386-pair fail
test-amd64-amd64-libvirt-pair pass
test-amd64-i386-libvirt-pair fail
test-amd64-amd64-amd64-pvgrub fail
test-amd64-amd64-i386-pvgrub fail
test-amd64-amd64-xl-pvshim fail
test-amd64-i386-xl-pvshim fail
test-amd64-amd64-pygrub pass
test-amd64-amd64-xl-qcow2 fail
test-armhf-armhf-libvirt-raw fail
test-amd64-i386-xl-raw fail
test-amd64-amd64-xl-rtds fail
test-armhf-armhf-xl-rtds pass
test-amd64-amd64-xl-qemuu-debianhvm-amd64-shadow pass
test-amd64-i386-xl-qemuu-debianhvm-amd64-shadow fail
test-amd64-amd64-xl-shadow fail
test-amd64-i386-xl-shadow pass
test-amd64-amd64-libvirt-vhd fail
test-armhf-armhf-xl-vhd fail
------------------------------------------------------------
sg-report-flight on osstest.test-lab.xenproject.org
logs: /home/logs/logs
images: /home/logs/images
Logs, config files, etc. are available at
http://logs.test-lab.xenproject.org/osstest/logs
Explanation of these reports, and of osstest in general, is at
http://xenbits.xen.org/gitweb/?p=osstest.git;a=blob;f=README.email;hb=master
http://xenbits.xen.org/gitweb/?p=osstest.git;a=blob;f=README;hb=master
Test harness code can be found at
http://xenbits.xen.org/gitweb?p=osstest.git;a=summary
Not pushing.
(No revision log; it would be 34324 lines long.)
_______________________________________________
Xen-devel mailing list
Xen-devel@lists.xenproject.org
https://lists.xenproject.org/mailman/listinfo/xen-devel
^ permalink raw reply [flat|nested] 2+ messages in thread
end of thread, other threads:[~2019-05-21 23:47 UTC | newest]
Thread overview: 2+ messages (download: mbox.gz / follow: Atom feed)
-- links below jump to the message on this page --
2019-05-21 23:46 [linux-3.18 test] 136559: regressions - FAIL osstest service owner
2019-05-21 23:46 ` [Xen-devel] " osstest service owner
This is a public inbox, see mirroring instructions
for how to clone and mirror all data and code used for this inbox;
as well as URLs for NNTP newsgroup(s).