* [linux-4.19 test] 136597: regressions - FAIL
@ 2019-05-22 16:39 osstest service owner
2019-05-22 16:39 ` [Xen-devel] " osstest service owner
0 siblings, 1 reply; 2+ messages in thread
From: osstest service owner @ 2019-05-22 16:39 UTC (permalink / raw)
To: xen-devel, osstest-admin
flight 136597 linux-4.19 real [real]
http://logs.test-lab.xenproject.org/osstest/logs/136597/
Regressions :-(
Tests which did not succeed and are blocking,
including tests which could not be run:
build-armhf-pvops 6 kernel-build fail REGR. vs. 129313
Tests which did not succeed, but are not blocking:
test-armhf-armhf-xl-credit2 1 build-check(1) blocked n/a
test-armhf-armhf-libvirt 1 build-check(1) blocked n/a
test-armhf-armhf-xl-cubietruck 1 build-check(1) blocked n/a
test-armhf-armhf-examine 1 build-check(1) blocked n/a
test-armhf-armhf-xl-rtds 1 build-check(1) blocked n/a
test-armhf-armhf-xl 1 build-check(1) blocked n/a
test-armhf-armhf-xl-vhd 1 build-check(1) blocked n/a
test-armhf-armhf-xl-credit1 1 build-check(1) blocked n/a
test-armhf-armhf-libvirt-raw 1 build-check(1) blocked n/a
test-armhf-armhf-xl-arndale 1 build-check(1) blocked n/a
test-armhf-armhf-xl-multivcpu 1 build-check(1) blocked n/a
test-amd64-i386-xl-pvshim 12 guest-start fail never pass
test-amd64-i386-libvirt-xsm 13 migrate-support-check fail never pass
test-amd64-i386-libvirt 13 migrate-support-check fail never pass
test-amd64-amd64-libvirt-xsm 13 migrate-support-check fail never pass
test-amd64-amd64-libvirt 13 migrate-support-check fail never pass
test-amd64-i386-libvirt-qemuu-debianhvm-amd64-xsm 11 migrate-support-check fail never pass
test-amd64-amd64-libvirt-qemuu-debianhvm-amd64-xsm 11 migrate-support-check fail never pass
test-amd64-amd64-libvirt-vhd 12 migrate-support-check fail never pass
test-amd64-amd64-qemuu-nested-amd 17 debian-hvm-install/l1/l2 fail never pass
test-arm64-arm64-xl-credit1 13 migrate-support-check fail never pass
test-arm64-arm64-xl-credit1 14 saverestore-support-check fail never pass
test-arm64-arm64-xl-credit2 13 migrate-support-check fail never pass
test-arm64-arm64-xl-credit2 14 saverestore-support-check fail never pass
test-arm64-arm64-xl-xsm 13 migrate-support-check fail never pass
test-arm64-arm64-xl-xsm 14 saverestore-support-check fail never pass
test-arm64-arm64-libvirt-xsm 13 migrate-support-check fail never pass
test-arm64-arm64-libvirt-xsm 14 saverestore-support-check fail never pass
test-arm64-arm64-xl 13 migrate-support-check fail never pass
test-arm64-arm64-xl 14 saverestore-support-check fail never pass
test-amd64-amd64-xl-qemuu-win7-amd64 17 guest-stop fail never pass
test-amd64-i386-xl-qemuu-win7-amd64 17 guest-stop fail never pass
test-amd64-amd64-xl-qemut-win7-amd64 17 guest-stop fail never pass
test-amd64-i386-xl-qemut-ws16-amd64 17 guest-stop fail never pass
test-amd64-amd64-xl-qemuu-ws16-amd64 17 guest-stop fail never pass
test-amd64-i386-xl-qemut-win7-amd64 17 guest-stop fail never pass
test-amd64-i386-xl-qemuu-ws16-amd64 17 guest-stop fail never pass
test-amd64-amd64-xl-qemut-ws16-amd64 17 guest-stop fail never pass
test-amd64-amd64-xl-qemut-win10-i386 10 windows-install fail never pass
test-amd64-i386-xl-qemut-win10-i386 10 windows-install fail never pass
test-amd64-amd64-xl-qemuu-win10-i386 10 windows-install fail never pass
test-amd64-i386-xl-qemuu-win10-i386 10 windows-install fail never pass
version targeted for testing:
linux dafc674bbcb11c6a5c63b75be5873b118e2add17
baseline version:
linux 84df9525b0c27f3ebc2ebb1864fa62a97fdedb7d
Last test of basis 129313 2018-11-02 05:39:08 Z 201 days
Failing since 129412 2018-11-04 14:10:15 Z 199 days 122 attempts
Testing same since 136452 2019-05-17 16:01:07 Z 5 days 2 attempts
------------------------------------------------------------
1980 people touched revisions under test,
not listing them all
jobs:
build-amd64-xsm pass
build-arm64-xsm pass
build-i386-xsm pass
build-amd64 pass
build-arm64 pass
build-armhf pass
build-i386 pass
build-amd64-libvirt pass
build-arm64-libvirt pass
build-armhf-libvirt pass
build-i386-libvirt pass
build-amd64-pvops pass
build-arm64-pvops pass
build-armhf-pvops fail
build-i386-pvops pass
test-amd64-amd64-xl pass
test-arm64-arm64-xl pass
test-armhf-armhf-xl blocked
test-amd64-i386-xl pass
test-amd64-amd64-libvirt-qemuu-debianhvm-amd64-xsm pass
test-amd64-i386-libvirt-qemuu-debianhvm-amd64-xsm pass
test-amd64-amd64-xl-qemut-stubdom-debianhvm-amd64-xsm pass
test-amd64-i386-xl-qemut-stubdom-debianhvm-amd64-xsm pass
test-amd64-amd64-xl-qemut-debianhvm-i386-xsm pass
test-amd64-i386-xl-qemut-debianhvm-i386-xsm pass
test-amd64-amd64-xl-qemuu-debianhvm-i386-xsm pass
test-amd64-i386-xl-qemuu-debianhvm-i386-xsm pass
test-amd64-amd64-libvirt-xsm pass
test-arm64-arm64-libvirt-xsm pass
test-amd64-i386-libvirt-xsm pass
test-amd64-amd64-xl-xsm pass
test-arm64-arm64-xl-xsm pass
test-amd64-i386-xl-xsm pass
test-amd64-amd64-qemuu-nested-amd fail
test-amd64-amd64-xl-pvhv2-amd pass
test-amd64-i386-qemut-rhel6hvm-amd pass
test-amd64-i386-qemuu-rhel6hvm-amd pass
test-amd64-amd64-xl-qemut-debianhvm-amd64 pass
test-amd64-i386-xl-qemut-debianhvm-amd64 pass
test-amd64-amd64-xl-qemuu-debianhvm-amd64 pass
test-amd64-i386-xl-qemuu-debianhvm-amd64 pass
test-amd64-i386-freebsd10-amd64 pass
test-amd64-amd64-xl-qemuu-ovmf-amd64 pass
test-amd64-i386-xl-qemuu-ovmf-amd64 pass
test-amd64-amd64-xl-qemut-win7-amd64 fail
test-amd64-i386-xl-qemut-win7-amd64 fail
test-amd64-amd64-xl-qemuu-win7-amd64 fail
test-amd64-i386-xl-qemuu-win7-amd64 fail
test-amd64-amd64-xl-qemut-ws16-amd64 fail
test-amd64-i386-xl-qemut-ws16-amd64 fail
test-amd64-amd64-xl-qemuu-ws16-amd64 fail
test-amd64-i386-xl-qemuu-ws16-amd64 fail
test-armhf-armhf-xl-arndale blocked
test-amd64-amd64-xl-credit1 pass
test-arm64-arm64-xl-credit1 pass
test-armhf-armhf-xl-credit1 blocked
test-amd64-amd64-xl-credit2 pass
test-arm64-arm64-xl-credit2 pass
test-armhf-armhf-xl-credit2 blocked
test-armhf-armhf-xl-cubietruck blocked
test-amd64-amd64-xl-qemuu-dmrestrict-amd64-dmrestrict pass
test-amd64-i386-xl-qemuu-dmrestrict-amd64-dmrestrict pass
test-amd64-amd64-examine pass
test-arm64-arm64-examine pass
test-armhf-armhf-examine blocked
test-amd64-i386-examine pass
test-amd64-i386-freebsd10-i386 pass
test-amd64-amd64-xl-qemut-win10-i386 fail
test-amd64-i386-xl-qemut-win10-i386 fail
test-amd64-amd64-xl-qemuu-win10-i386 fail
test-amd64-i386-xl-qemuu-win10-i386 fail
test-amd64-amd64-qemuu-nested-intel pass
test-amd64-amd64-xl-pvhv2-intel pass
test-amd64-i386-qemut-rhel6hvm-intel pass
test-amd64-i386-qemuu-rhel6hvm-intel pass
test-amd64-amd64-libvirt pass
test-armhf-armhf-libvirt blocked
test-amd64-i386-libvirt pass
test-amd64-amd64-xl-multivcpu pass
test-armhf-armhf-xl-multivcpu blocked
test-amd64-amd64-pair pass
test-amd64-i386-pair pass
test-amd64-amd64-libvirt-pair pass
test-amd64-i386-libvirt-pair pass
test-amd64-amd64-amd64-pvgrub pass
test-amd64-amd64-i386-pvgrub pass
test-amd64-amd64-xl-pvshim pass
test-amd64-i386-xl-pvshim fail
test-amd64-amd64-pygrub pass
test-amd64-amd64-xl-qcow2 pass
test-armhf-armhf-libvirt-raw blocked
test-amd64-i386-xl-raw pass
test-amd64-amd64-xl-rtds pass
test-armhf-armhf-xl-rtds blocked
test-amd64-amd64-xl-qemuu-debianhvm-amd64-shadow pass
test-amd64-i386-xl-qemuu-debianhvm-amd64-shadow pass
test-amd64-amd64-xl-shadow pass
test-amd64-i386-xl-shadow pass
test-amd64-amd64-libvirt-vhd pass
test-armhf-armhf-xl-vhd blocked
------------------------------------------------------------
sg-report-flight on osstest.test-lab.xenproject.org
logs: /home/logs/logs
images: /home/logs/images
Logs, config files, etc. are available at
http://logs.test-lab.xenproject.org/osstest/logs
Explanation of these reports, and of osstest in general, is at
http://xenbits.xen.org/gitweb/?p=osstest.git;a=blob;f=README.email;hb=master
http://xenbits.xen.org/gitweb/?p=osstest.git;a=blob;f=README;hb=master
Test harness code can be found at
http://xenbits.xen.org/gitweb?p=osstest.git;a=summary
Not pushing.
(No revision log; it would be 145963 lines long.)
_______________________________________________
Xen-devel mailing list
Xen-devel@lists.xenproject.org
https://lists.xenproject.org/mailman/listinfo/xen-devel
^ permalink raw reply [flat|nested] 2+ messages in thread
* [Xen-devel] [linux-4.19 test] 136597: regressions - FAIL
2019-05-22 16:39 [linux-4.19 test] 136597: regressions - FAIL osstest service owner
@ 2019-05-22 16:39 ` osstest service owner
0 siblings, 0 replies; 2+ messages in thread
From: osstest service owner @ 2019-05-22 16:39 UTC (permalink / raw)
To: xen-devel, osstest-admin
flight 136597 linux-4.19 real [real]
http://logs.test-lab.xenproject.org/osstest/logs/136597/
Regressions :-(
Tests which did not succeed and are blocking,
including tests which could not be run:
build-armhf-pvops 6 kernel-build fail REGR. vs. 129313
Tests which did not succeed, but are not blocking:
test-armhf-armhf-xl-credit2 1 build-check(1) blocked n/a
test-armhf-armhf-libvirt 1 build-check(1) blocked n/a
test-armhf-armhf-xl-cubietruck 1 build-check(1) blocked n/a
test-armhf-armhf-examine 1 build-check(1) blocked n/a
test-armhf-armhf-xl-rtds 1 build-check(1) blocked n/a
test-armhf-armhf-xl 1 build-check(1) blocked n/a
test-armhf-armhf-xl-vhd 1 build-check(1) blocked n/a
test-armhf-armhf-xl-credit1 1 build-check(1) blocked n/a
test-armhf-armhf-libvirt-raw 1 build-check(1) blocked n/a
test-armhf-armhf-xl-arndale 1 build-check(1) blocked n/a
test-armhf-armhf-xl-multivcpu 1 build-check(1) blocked n/a
test-amd64-i386-xl-pvshim 12 guest-start fail never pass
test-amd64-i386-libvirt-xsm 13 migrate-support-check fail never pass
test-amd64-i386-libvirt 13 migrate-support-check fail never pass
test-amd64-amd64-libvirt-xsm 13 migrate-support-check fail never pass
test-amd64-amd64-libvirt 13 migrate-support-check fail never pass
test-amd64-i386-libvirt-qemuu-debianhvm-amd64-xsm 11 migrate-support-check fail never pass
test-amd64-amd64-libvirt-qemuu-debianhvm-amd64-xsm 11 migrate-support-check fail never pass
test-amd64-amd64-libvirt-vhd 12 migrate-support-check fail never pass
test-amd64-amd64-qemuu-nested-amd 17 debian-hvm-install/l1/l2 fail never pass
test-arm64-arm64-xl-credit1 13 migrate-support-check fail never pass
test-arm64-arm64-xl-credit1 14 saverestore-support-check fail never pass
test-arm64-arm64-xl-credit2 13 migrate-support-check fail never pass
test-arm64-arm64-xl-credit2 14 saverestore-support-check fail never pass
test-arm64-arm64-xl-xsm 13 migrate-support-check fail never pass
test-arm64-arm64-xl-xsm 14 saverestore-support-check fail never pass
test-arm64-arm64-libvirt-xsm 13 migrate-support-check fail never pass
test-arm64-arm64-libvirt-xsm 14 saverestore-support-check fail never pass
test-arm64-arm64-xl 13 migrate-support-check fail never pass
test-arm64-arm64-xl 14 saverestore-support-check fail never pass
test-amd64-amd64-xl-qemuu-win7-amd64 17 guest-stop fail never pass
test-amd64-i386-xl-qemuu-win7-amd64 17 guest-stop fail never pass
test-amd64-amd64-xl-qemut-win7-amd64 17 guest-stop fail never pass
test-amd64-i386-xl-qemut-ws16-amd64 17 guest-stop fail never pass
test-amd64-amd64-xl-qemuu-ws16-amd64 17 guest-stop fail never pass
test-amd64-i386-xl-qemut-win7-amd64 17 guest-stop fail never pass
test-amd64-i386-xl-qemuu-ws16-amd64 17 guest-stop fail never pass
test-amd64-amd64-xl-qemut-ws16-amd64 17 guest-stop fail never pass
test-amd64-amd64-xl-qemut-win10-i386 10 windows-install fail never pass
test-amd64-i386-xl-qemut-win10-i386 10 windows-install fail never pass
test-amd64-amd64-xl-qemuu-win10-i386 10 windows-install fail never pass
test-amd64-i386-xl-qemuu-win10-i386 10 windows-install fail never pass
version targeted for testing:
linux dafc674bbcb11c6a5c63b75be5873b118e2add17
baseline version:
linux 84df9525b0c27f3ebc2ebb1864fa62a97fdedb7d
Last test of basis 129313 2018-11-02 05:39:08 Z 201 days
Failing since 129412 2018-11-04 14:10:15 Z 199 days 122 attempts
Testing same since 136452 2019-05-17 16:01:07 Z 5 days 2 attempts
------------------------------------------------------------
1980 people touched revisions under test,
not listing them all
jobs:
build-amd64-xsm pass
build-arm64-xsm pass
build-i386-xsm pass
build-amd64 pass
build-arm64 pass
build-armhf pass
build-i386 pass
build-amd64-libvirt pass
build-arm64-libvirt pass
build-armhf-libvirt pass
build-i386-libvirt pass
build-amd64-pvops pass
build-arm64-pvops pass
build-armhf-pvops fail
build-i386-pvops pass
test-amd64-amd64-xl pass
test-arm64-arm64-xl pass
test-armhf-armhf-xl blocked
test-amd64-i386-xl pass
test-amd64-amd64-libvirt-qemuu-debianhvm-amd64-xsm pass
test-amd64-i386-libvirt-qemuu-debianhvm-amd64-xsm pass
test-amd64-amd64-xl-qemut-stubdom-debianhvm-amd64-xsm pass
test-amd64-i386-xl-qemut-stubdom-debianhvm-amd64-xsm pass
test-amd64-amd64-xl-qemut-debianhvm-i386-xsm pass
test-amd64-i386-xl-qemut-debianhvm-i386-xsm pass
test-amd64-amd64-xl-qemuu-debianhvm-i386-xsm pass
test-amd64-i386-xl-qemuu-debianhvm-i386-xsm pass
test-amd64-amd64-libvirt-xsm pass
test-arm64-arm64-libvirt-xsm pass
test-amd64-i386-libvirt-xsm pass
test-amd64-amd64-xl-xsm pass
test-arm64-arm64-xl-xsm pass
test-amd64-i386-xl-xsm pass
test-amd64-amd64-qemuu-nested-amd fail
test-amd64-amd64-xl-pvhv2-amd pass
test-amd64-i386-qemut-rhel6hvm-amd pass
test-amd64-i386-qemuu-rhel6hvm-amd pass
test-amd64-amd64-xl-qemut-debianhvm-amd64 pass
test-amd64-i386-xl-qemut-debianhvm-amd64 pass
test-amd64-amd64-xl-qemuu-debianhvm-amd64 pass
test-amd64-i386-xl-qemuu-debianhvm-amd64 pass
test-amd64-i386-freebsd10-amd64 pass
test-amd64-amd64-xl-qemuu-ovmf-amd64 pass
test-amd64-i386-xl-qemuu-ovmf-amd64 pass
test-amd64-amd64-xl-qemut-win7-amd64 fail
test-amd64-i386-xl-qemut-win7-amd64 fail
test-amd64-amd64-xl-qemuu-win7-amd64 fail
test-amd64-i386-xl-qemuu-win7-amd64 fail
test-amd64-amd64-xl-qemut-ws16-amd64 fail
test-amd64-i386-xl-qemut-ws16-amd64 fail
test-amd64-amd64-xl-qemuu-ws16-amd64 fail
test-amd64-i386-xl-qemuu-ws16-amd64 fail
test-armhf-armhf-xl-arndale blocked
test-amd64-amd64-xl-credit1 pass
test-arm64-arm64-xl-credit1 pass
test-armhf-armhf-xl-credit1 blocked
test-amd64-amd64-xl-credit2 pass
test-arm64-arm64-xl-credit2 pass
test-armhf-armhf-xl-credit2 blocked
test-armhf-armhf-xl-cubietruck blocked
test-amd64-amd64-xl-qemuu-dmrestrict-amd64-dmrestrict pass
test-amd64-i386-xl-qemuu-dmrestrict-amd64-dmrestrict pass
test-amd64-amd64-examine pass
test-arm64-arm64-examine pass
test-armhf-armhf-examine blocked
test-amd64-i386-examine pass
test-amd64-i386-freebsd10-i386 pass
test-amd64-amd64-xl-qemut-win10-i386 fail
test-amd64-i386-xl-qemut-win10-i386 fail
test-amd64-amd64-xl-qemuu-win10-i386 fail
test-amd64-i386-xl-qemuu-win10-i386 fail
test-amd64-amd64-qemuu-nested-intel pass
test-amd64-amd64-xl-pvhv2-intel pass
test-amd64-i386-qemut-rhel6hvm-intel pass
test-amd64-i386-qemuu-rhel6hvm-intel pass
test-amd64-amd64-libvirt pass
test-armhf-armhf-libvirt blocked
test-amd64-i386-libvirt pass
test-amd64-amd64-xl-multivcpu pass
test-armhf-armhf-xl-multivcpu blocked
test-amd64-amd64-pair pass
test-amd64-i386-pair pass
test-amd64-amd64-libvirt-pair pass
test-amd64-i386-libvirt-pair pass
test-amd64-amd64-amd64-pvgrub pass
test-amd64-amd64-i386-pvgrub pass
test-amd64-amd64-xl-pvshim pass
test-amd64-i386-xl-pvshim fail
test-amd64-amd64-pygrub pass
test-amd64-amd64-xl-qcow2 pass
test-armhf-armhf-libvirt-raw blocked
test-amd64-i386-xl-raw pass
test-amd64-amd64-xl-rtds pass
test-armhf-armhf-xl-rtds blocked
test-amd64-amd64-xl-qemuu-debianhvm-amd64-shadow pass
test-amd64-i386-xl-qemuu-debianhvm-amd64-shadow pass
test-amd64-amd64-xl-shadow pass
test-amd64-i386-xl-shadow pass
test-amd64-amd64-libvirt-vhd pass
test-armhf-armhf-xl-vhd blocked
------------------------------------------------------------
sg-report-flight on osstest.test-lab.xenproject.org
logs: /home/logs/logs
images: /home/logs/images
Logs, config files, etc. are available at
http://logs.test-lab.xenproject.org/osstest/logs
Explanation of these reports, and of osstest in general, is at
http://xenbits.xen.org/gitweb/?p=osstest.git;a=blob;f=README.email;hb=master
http://xenbits.xen.org/gitweb/?p=osstest.git;a=blob;f=README;hb=master
Test harness code can be found at
http://xenbits.xen.org/gitweb?p=osstest.git;a=summary
Not pushing.
(No revision log; it would be 145963 lines long.)
_______________________________________________
Xen-devel mailing list
Xen-devel@lists.xenproject.org
https://lists.xenproject.org/mailman/listinfo/xen-devel
^ permalink raw reply [flat|nested] 2+ messages in thread
end of thread, other threads:[~2019-05-22 16:39 UTC | newest]
Thread overview: 2+ messages (download: mbox.gz / follow: Atom feed)
-- links below jump to the message on this page --
2019-05-22 16:39 [linux-4.19 test] 136597: regressions - FAIL osstest service owner
2019-05-22 16:39 ` [Xen-devel] " osstest service owner
This is a public inbox, see mirroring instructions
for how to clone and mirror all data and code used for this inbox;
as well as URLs for NNTP newsgroup(s).