From: osstest service owner <osstest-admin@xenproject.org> To: xen-devel@lists.xenproject.org, osstest-admin@xenproject.org Subject: [xen-4.6-testing test] 137064: regressions - FAIL Date: Fri, 31 May 2019 01:00:19 +0000 [thread overview] Message-ID: <osstest-137064-mainreport@xen.org> (raw) flight 137064 xen-4.6-testing real [real] http://logs.test-lab.xenproject.org/osstest/logs/137064/ Regressions :-( Tests which did not succeed and are blocking, including tests which could not be run: test-amd64-amd64-migrupgrade 22 guest-migrate/src_host/dst_host fail REGR. vs. 127792 test-amd64-amd64-xl-xsm 7 xen-boot fail REGR. vs. 127792 test-amd64-i386-freebsd10-amd64 11 guest-start fail REGR. vs. 127792 test-amd64-i386-freebsd10-i386 11 guest-start fail REGR. vs. 127792 test-xtf-amd64-amd64-5 108 leak-check/check fail REGR. vs. 127792 test-xtf-amd64-amd64-1 108 leak-check/check fail REGR. vs. 127792 test-xtf-amd64-amd64-4 108 leak-check/check fail REGR. vs. 127792 test-xtf-amd64-amd64-3 108 leak-check/check fail REGR. vs. 127792 test-xtf-amd64-amd64-2 108 leak-check/check fail REGR. vs. 127792 test-amd64-i386-migrupgrade 22 guest-migrate/src_host/dst_host fail REGR. vs. 127792 test-amd64-amd64-xl-qemuu-debianhvm-amd64-shadow 10 debian-hvm-install fail REGR. vs. 127792 test-amd64-amd64-xl-qemut-debianhvm-amd64 10 debian-hvm-install fail REGR. vs. 127792 test-amd64-i386-xl-qemuu-debianhvm-amd64 10 debian-hvm-install fail REGR. vs. 127792 test-amd64-amd64-xl-qemut-stubdom-debianhvm-amd64-xsm 10 debian-hvm-install fail REGR. vs. 127792 test-amd64-amd64-xl-qemuu-debianhvm-amd64 10 debian-hvm-install fail REGR. vs. 127792 test-amd64-i386-qemuu-rhel6hvm-intel 10 redhat-install fail REGR. vs. 127792 test-amd64-amd64-libvirt-qemuu-debianhvm-amd64-xsm 10 debian-hvm-install fail REGR. vs. 127792 test-amd64-i386-xl-qemut-stubdom-debianhvm-amd64-xsm 10 debian-hvm-install fail REGR. vs. 127792 test-amd64-amd64-qemuu-nested-amd 10 debian-hvm-install fail REGR. vs. 127792 test-amd64-i386-xl-qemuu-debianhvm-amd64-shadow 10 debian-hvm-install fail REGR. vs. 127792 test-amd64-i386-xl-qemuu-ovmf-amd64 10 debian-hvm-install fail REGR. vs. 127792 test-amd64-amd64-qemuu-nested-intel 10 debian-hvm-install fail REGR. vs. 127792 test-amd64-amd64-xl-qemuu-ovmf-amd64 10 debian-hvm-install fail REGR. vs. 127792 test-amd64-i386-libvirt-qemuu-debianhvm-amd64-xsm 10 debian-hvm-install fail REGR. vs. 127792 test-amd64-i386-qemuu-rhel6hvm-amd 10 redhat-install fail REGR. vs. 127792 test-amd64-i386-xl-qemut-debianhvm-amd64 10 debian-hvm-install fail REGR. vs. 127792 test-amd64-i386-qemut-rhel6hvm-intel 10 redhat-install fail REGR. vs. 127792 test-amd64-i386-qemut-rhel6hvm-amd 10 redhat-install fail REGR. vs. 127792 build-armhf 6 xen-build fail REGR. vs. 127792 test-amd64-i386-xl-qemuu-win7-amd64 10 windows-install fail REGR. vs. 127792 test-amd64-amd64-xl-qemut-win7-amd64 10 windows-install fail REGR. vs. 127792 test-amd64-i386-xl-qemuu-ws16-amd64 10 windows-install fail REGR. vs. 127792 test-amd64-amd64-xl-qemuu-win7-amd64 10 windows-install fail REGR. vs. 127792 test-amd64-amd64-xl-qemut-ws16-amd64 10 windows-install fail REGR. vs. 127792 test-amd64-amd64-xl-qemuu-ws16-amd64 10 windows-install fail REGR. vs. 127792 test-amd64-i386-xl-qemut-win7-amd64 10 windows-install fail REGR. vs. 127792 test-amd64-i386-xl-qemut-ws16-amd64 10 windows-install fail REGR. vs. 127792 Tests which did not succeed, but are not blocking: test-armhf-armhf-xl-credit2 1 build-check(1) blocked n/a test-armhf-armhf-xl-rtds 1 build-check(1) blocked n/a build-armhf-libvirt 1 build-check(1) blocked n/a test-armhf-armhf-xl 1 build-check(1) blocked n/a test-armhf-armhf-libvirt 1 build-check(1) blocked n/a test-armhf-armhf-libvirt-raw 1 build-check(1) blocked n/a test-armhf-armhf-xl-credit1 1 build-check(1) blocked n/a test-armhf-armhf-xl-arndale 1 build-check(1) blocked n/a test-armhf-armhf-xl-multivcpu 1 build-check(1) blocked n/a test-armhf-armhf-xl-vhd 1 build-check(1) blocked n/a test-armhf-armhf-xl-cubietruck 1 build-check(1) blocked n/a test-xtf-amd64-amd64-1 50 xtf/test-hvm64-lbr-tsx-vmentry fail like 127746 test-xtf-amd64-amd64-5 50 xtf/test-hvm64-lbr-tsx-vmentry fail like 127746 test-xtf-amd64-amd64-4 50 xtf/test-hvm64-lbr-tsx-vmentry fail like 127746 test-xtf-amd64-amd64-3 50 xtf/test-hvm64-lbr-tsx-vmentry fail like 127792 test-xtf-amd64-amd64-2 50 xtf/test-hvm64-lbr-tsx-vmentry fail like 127792 test-xtf-amd64-amd64-1 37 xtf/test-hvm32pae-memop-seg fail never pass test-xtf-amd64-amd64-5 37 xtf/test-hvm32pae-memop-seg fail never pass test-xtf-amd64-amd64-4 37 xtf/test-hvm32pae-memop-seg fail never pass test-xtf-amd64-amd64-2 37 xtf/test-hvm32pae-memop-seg fail never pass test-xtf-amd64-amd64-3 37 xtf/test-hvm32pae-memop-seg fail never pass test-xtf-amd64-amd64-1 52 xtf/test-hvm64-memop-seg fail never pass test-xtf-amd64-amd64-5 52 xtf/test-hvm64-memop-seg fail never pass test-xtf-amd64-amd64-4 52 xtf/test-hvm64-memop-seg fail never pass test-xtf-amd64-amd64-2 52 xtf/test-hvm64-memop-seg fail never pass test-xtf-amd64-amd64-3 52 xtf/test-hvm64-memop-seg fail never pass test-xtf-amd64-amd64-5 70 xtf/test-hvm64-xsa-278 fail never pass test-xtf-amd64-amd64-1 70 xtf/test-hvm64-xsa-278 fail never pass test-xtf-amd64-amd64-4 70 xtf/test-hvm64-xsa-278 fail never pass test-xtf-amd64-amd64-5 80 xtf/test-pv32pae-xsa-194 fail never pass test-xtf-amd64-amd64-3 70 xtf/test-hvm64-xsa-278 fail never pass test-xtf-amd64-amd64-1 80 xtf/test-pv32pae-xsa-194 fail never pass test-xtf-amd64-amd64-2 70 xtf/test-hvm64-xsa-278 fail never pass test-xtf-amd64-amd64-5 87 xtf/test-pv64-pv-fsgsbase fail never pass test-xtf-amd64-amd64-1 87 xtf/test-pv64-pv-fsgsbase fail never pass test-xtf-amd64-amd64-4 80 xtf/test-pv32pae-xsa-194 fail never pass test-xtf-amd64-amd64-3 80 xtf/test-pv32pae-xsa-194 fail never pass test-xtf-amd64-amd64-2 80 xtf/test-pv32pae-xsa-194 fail never pass test-xtf-amd64-amd64-4 87 xtf/test-pv64-pv-fsgsbase fail never pass test-xtf-amd64-amd64-3 87 xtf/test-pv64-pv-fsgsbase fail never pass test-xtf-amd64-amd64-2 87 xtf/test-pv64-pv-fsgsbase fail never pass test-amd64-amd64-libvirt 13 migrate-support-check fail never pass test-amd64-i386-libvirt 13 migrate-support-check fail never pass test-amd64-amd64-libvirt-xsm 13 migrate-support-check fail never pass test-amd64-i386-libvirt-xsm 13 migrate-support-check fail never pass test-xtf-amd64-amd64-5 107 xtf/test-pv64-xsa-279 fail never pass test-xtf-amd64-amd64-1 107 xtf/test-pv64-xsa-279 fail never pass test-xtf-amd64-amd64-3 107 xtf/test-pv64-xsa-279 fail never pass test-xtf-amd64-amd64-4 107 xtf/test-pv64-xsa-279 fail never pass test-xtf-amd64-amd64-2 107 xtf/test-pv64-xsa-279 fail never pass test-amd64-amd64-libvirt-vhd 12 migrate-support-check fail never pass test-amd64-amd64-xl-qemut-debianhvm-i386-xsm 10 debian-hvm-install fail never pass test-amd64-amd64-xl-qemuu-debianhvm-i386-xsm 10 debian-hvm-install fail never pass test-amd64-i386-xl-qemut-debianhvm-i386-xsm 10 debian-hvm-install fail never pass test-amd64-i386-xl-qemuu-debianhvm-i386-xsm 10 debian-hvm-install fail never pass test-amd64-amd64-xl-qemut-win10-i386 10 windows-install fail never pass test-amd64-i386-xl-qemut-win10-i386 10 windows-install fail never pass test-amd64-amd64-xl-qemuu-win10-i386 10 windows-install fail never pass test-amd64-i386-xl-qemuu-win10-i386 10 windows-install fail never pass version targeted for testing: xen 7f54219572caced98a133072546ad890897b9827 baseline version: xen 3636de3f1a9a513ebdcd77555dce0e4d451e198b Last test of basis 127792 2018-09-19 03:50:41 Z 253 days Failing since 135433 2019-04-29 15:36:10 Z 31 days 17 attempts Testing same since 137064 2019-05-29 11:59:13 Z 1 days 1 attempts ------------------------------------------------------------ People who touched revisions under test: Andrew Cooper <andrew.cooper3@citrix.com> Chris Patterson <pattersonc@ainfosec.com> Cédric Bosdonnat <cbosdonnat@suse.com> Daniel De Graaf <dgdegra@tycho.nsa.gov> Ian Campbell <ian.campbell@citrix.com> Ian Jackson <ian.jackson@eu.citrix.com> Jan Beulich <jbeulich@suse.com> Juergen Gross <jgross@suse.com> Quan Xu <xuquan8@huawei.com> Samuel Thibault <samuel.thibault@ens-lyon.org> Wei Liu <wei.liu2@citrix.com> jobs: build-amd64-xsm pass build-i386-xsm pass build-amd64-xtf pass build-amd64 pass build-armhf fail build-i386 pass build-amd64-libvirt pass build-armhf-libvirt blocked build-i386-libvirt pass build-amd64-prev pass build-i386-prev pass build-amd64-pvops pass build-armhf-pvops pass build-i386-pvops pass test-xtf-amd64-amd64-1 fail test-xtf-amd64-amd64-2 fail test-xtf-amd64-amd64-3 fail test-xtf-amd64-amd64-4 fail test-xtf-amd64-amd64-5 fail test-amd64-amd64-xl pass test-armhf-armhf-xl blocked test-amd64-i386-xl pass test-amd64-amd64-libvirt-qemuu-debianhvm-amd64-xsm fail test-amd64-i386-libvirt-qemuu-debianhvm-amd64-xsm fail test-amd64-amd64-xl-qemut-stubdom-debianhvm-amd64-xsm fail test-amd64-i386-xl-qemut-stubdom-debianhvm-amd64-xsm fail test-amd64-amd64-xl-qemut-debianhvm-i386-xsm fail test-amd64-i386-xl-qemut-debianhvm-i386-xsm fail test-amd64-amd64-xl-qemuu-debianhvm-i386-xsm fail test-amd64-i386-xl-qemuu-debianhvm-i386-xsm fail test-amd64-amd64-libvirt-xsm pass test-amd64-i386-libvirt-xsm pass test-amd64-amd64-xl-xsm fail test-amd64-i386-xl-xsm pass test-amd64-amd64-qemuu-nested-amd fail test-amd64-i386-qemut-rhel6hvm-amd fail test-amd64-i386-qemuu-rhel6hvm-amd fail test-amd64-amd64-xl-qemut-debianhvm-amd64 fail test-amd64-i386-xl-qemut-debianhvm-amd64 fail test-amd64-amd64-xl-qemuu-debianhvm-amd64 fail test-amd64-i386-xl-qemuu-debianhvm-amd64 fail test-amd64-i386-freebsd10-amd64 fail test-amd64-amd64-xl-qemuu-ovmf-amd64 fail test-amd64-i386-xl-qemuu-ovmf-amd64 fail test-amd64-amd64-xl-qemut-win7-amd64 fail test-amd64-i386-xl-qemut-win7-amd64 fail test-amd64-amd64-xl-qemuu-win7-amd64 fail test-amd64-i386-xl-qemuu-win7-amd64 fail test-amd64-amd64-xl-qemut-ws16-amd64 fail test-amd64-i386-xl-qemut-ws16-amd64 fail test-amd64-amd64-xl-qemuu-ws16-amd64 fail test-amd64-i386-xl-qemuu-ws16-amd64 fail test-armhf-armhf-xl-arndale blocked test-amd64-amd64-xl-credit1 pass test-armhf-armhf-xl-credit1 blocked test-amd64-amd64-xl-credit2 pass test-armhf-armhf-xl-credit2 blocked test-armhf-armhf-xl-cubietruck blocked test-amd64-i386-freebsd10-i386 fail test-amd64-amd64-xl-qemut-win10-i386 fail test-amd64-i386-xl-qemut-win10-i386 fail test-amd64-amd64-xl-qemuu-win10-i386 fail test-amd64-i386-xl-qemuu-win10-i386 fail test-amd64-amd64-qemuu-nested-intel fail test-amd64-i386-qemut-rhel6hvm-intel fail test-amd64-i386-qemuu-rhel6hvm-intel fail test-amd64-amd64-libvirt pass test-armhf-armhf-libvirt blocked test-amd64-i386-libvirt pass test-amd64-amd64-migrupgrade fail test-amd64-i386-migrupgrade fail test-amd64-amd64-xl-multivcpu pass test-armhf-armhf-xl-multivcpu blocked test-amd64-amd64-pair pass test-amd64-i386-pair pass test-amd64-amd64-libvirt-pair pass test-amd64-i386-libvirt-pair pass test-amd64-amd64-amd64-pvgrub pass test-amd64-amd64-i386-pvgrub pass test-amd64-amd64-pygrub pass test-amd64-amd64-xl-qcow2 pass test-armhf-armhf-libvirt-raw blocked test-amd64-i386-xl-raw pass test-amd64-amd64-xl-rtds pass test-armhf-armhf-xl-rtds blocked test-amd64-amd64-xl-qemuu-debianhvm-amd64-shadow fail test-amd64-i386-xl-qemuu-debianhvm-amd64-shadow fail test-amd64-amd64-xl-shadow pass test-amd64-i386-xl-shadow pass test-amd64-amd64-libvirt-vhd pass test-armhf-armhf-xl-vhd blocked ------------------------------------------------------------ sg-report-flight on osstest.test-lab.xenproject.org logs: /home/logs/logs images: /home/logs/images Logs, config files, etc. are available at http://logs.test-lab.xenproject.org/osstest/logs Explanation of these reports, and of osstest in general, is at http://xenbits.xen.org/gitweb/?p=osstest.git;a=blob;f=README.email;hb=master http://xenbits.xen.org/gitweb/?p=osstest.git;a=blob;f=README;hb=master Test harness code can be found at http://xenbits.xen.org/gitweb?p=osstest.git;a=summary Not pushing. (No revision log; it would be 359 lines long.) _______________________________________________ Xen-devel mailing list Xen-devel@lists.xenproject.org https://lists.xenproject.org/mailman/listinfo/xen-devel
WARNING: multiple messages have this Message-ID (diff)
From: osstest service owner <osstest-admin@xenproject.org> To: xen-devel@lists.xenproject.org, osstest-admin@xenproject.org Subject: [Xen-devel] [xen-4.6-testing test] 137064: regressions - FAIL Date: Fri, 31 May 2019 01:00:19 +0000 [thread overview] Message-ID: <osstest-137064-mainreport@xen.org> (raw) Message-ID: <20190531010019.j2x2qRf_JYUEElGKPorxhQgOUTBrpKHJDQGSNgV4Q5A@z> (raw) flight 137064 xen-4.6-testing real [real] http://logs.test-lab.xenproject.org/osstest/logs/137064/ Regressions :-( Tests which did not succeed and are blocking, including tests which could not be run: test-amd64-amd64-migrupgrade 22 guest-migrate/src_host/dst_host fail REGR. vs. 127792 test-amd64-amd64-xl-xsm 7 xen-boot fail REGR. vs. 127792 test-amd64-i386-freebsd10-amd64 11 guest-start fail REGR. vs. 127792 test-amd64-i386-freebsd10-i386 11 guest-start fail REGR. vs. 127792 test-xtf-amd64-amd64-5 108 leak-check/check fail REGR. vs. 127792 test-xtf-amd64-amd64-1 108 leak-check/check fail REGR. vs. 127792 test-xtf-amd64-amd64-4 108 leak-check/check fail REGR. vs. 127792 test-xtf-amd64-amd64-3 108 leak-check/check fail REGR. vs. 127792 test-xtf-amd64-amd64-2 108 leak-check/check fail REGR. vs. 127792 test-amd64-i386-migrupgrade 22 guest-migrate/src_host/dst_host fail REGR. vs. 127792 test-amd64-amd64-xl-qemuu-debianhvm-amd64-shadow 10 debian-hvm-install fail REGR. vs. 127792 test-amd64-amd64-xl-qemut-debianhvm-amd64 10 debian-hvm-install fail REGR. vs. 127792 test-amd64-i386-xl-qemuu-debianhvm-amd64 10 debian-hvm-install fail REGR. vs. 127792 test-amd64-amd64-xl-qemut-stubdom-debianhvm-amd64-xsm 10 debian-hvm-install fail REGR. vs. 127792 test-amd64-amd64-xl-qemuu-debianhvm-amd64 10 debian-hvm-install fail REGR. vs. 127792 test-amd64-i386-qemuu-rhel6hvm-intel 10 redhat-install fail REGR. vs. 127792 test-amd64-amd64-libvirt-qemuu-debianhvm-amd64-xsm 10 debian-hvm-install fail REGR. vs. 127792 test-amd64-i386-xl-qemut-stubdom-debianhvm-amd64-xsm 10 debian-hvm-install fail REGR. vs. 127792 test-amd64-amd64-qemuu-nested-amd 10 debian-hvm-install fail REGR. vs. 127792 test-amd64-i386-xl-qemuu-debianhvm-amd64-shadow 10 debian-hvm-install fail REGR. vs. 127792 test-amd64-i386-xl-qemuu-ovmf-amd64 10 debian-hvm-install fail REGR. vs. 127792 test-amd64-amd64-qemuu-nested-intel 10 debian-hvm-install fail REGR. vs. 127792 test-amd64-amd64-xl-qemuu-ovmf-amd64 10 debian-hvm-install fail REGR. vs. 127792 test-amd64-i386-libvirt-qemuu-debianhvm-amd64-xsm 10 debian-hvm-install fail REGR. vs. 127792 test-amd64-i386-qemuu-rhel6hvm-amd 10 redhat-install fail REGR. vs. 127792 test-amd64-i386-xl-qemut-debianhvm-amd64 10 debian-hvm-install fail REGR. vs. 127792 test-amd64-i386-qemut-rhel6hvm-intel 10 redhat-install fail REGR. vs. 127792 test-amd64-i386-qemut-rhel6hvm-amd 10 redhat-install fail REGR. vs. 127792 build-armhf 6 xen-build fail REGR. vs. 127792 test-amd64-i386-xl-qemuu-win7-amd64 10 windows-install fail REGR. vs. 127792 test-amd64-amd64-xl-qemut-win7-amd64 10 windows-install fail REGR. vs. 127792 test-amd64-i386-xl-qemuu-ws16-amd64 10 windows-install fail REGR. vs. 127792 test-amd64-amd64-xl-qemuu-win7-amd64 10 windows-install fail REGR. vs. 127792 test-amd64-amd64-xl-qemut-ws16-amd64 10 windows-install fail REGR. vs. 127792 test-amd64-amd64-xl-qemuu-ws16-amd64 10 windows-install fail REGR. vs. 127792 test-amd64-i386-xl-qemut-win7-amd64 10 windows-install fail REGR. vs. 127792 test-amd64-i386-xl-qemut-ws16-amd64 10 windows-install fail REGR. vs. 127792 Tests which did not succeed, but are not blocking: test-armhf-armhf-xl-credit2 1 build-check(1) blocked n/a test-armhf-armhf-xl-rtds 1 build-check(1) blocked n/a build-armhf-libvirt 1 build-check(1) blocked n/a test-armhf-armhf-xl 1 build-check(1) blocked n/a test-armhf-armhf-libvirt 1 build-check(1) blocked n/a test-armhf-armhf-libvirt-raw 1 build-check(1) blocked n/a test-armhf-armhf-xl-credit1 1 build-check(1) blocked n/a test-armhf-armhf-xl-arndale 1 build-check(1) blocked n/a test-armhf-armhf-xl-multivcpu 1 build-check(1) blocked n/a test-armhf-armhf-xl-vhd 1 build-check(1) blocked n/a test-armhf-armhf-xl-cubietruck 1 build-check(1) blocked n/a test-xtf-amd64-amd64-1 50 xtf/test-hvm64-lbr-tsx-vmentry fail like 127746 test-xtf-amd64-amd64-5 50 xtf/test-hvm64-lbr-tsx-vmentry fail like 127746 test-xtf-amd64-amd64-4 50 xtf/test-hvm64-lbr-tsx-vmentry fail like 127746 test-xtf-amd64-amd64-3 50 xtf/test-hvm64-lbr-tsx-vmentry fail like 127792 test-xtf-amd64-amd64-2 50 xtf/test-hvm64-lbr-tsx-vmentry fail like 127792 test-xtf-amd64-amd64-1 37 xtf/test-hvm32pae-memop-seg fail never pass test-xtf-amd64-amd64-5 37 xtf/test-hvm32pae-memop-seg fail never pass test-xtf-amd64-amd64-4 37 xtf/test-hvm32pae-memop-seg fail never pass test-xtf-amd64-amd64-2 37 xtf/test-hvm32pae-memop-seg fail never pass test-xtf-amd64-amd64-3 37 xtf/test-hvm32pae-memop-seg fail never pass test-xtf-amd64-amd64-1 52 xtf/test-hvm64-memop-seg fail never pass test-xtf-amd64-amd64-5 52 xtf/test-hvm64-memop-seg fail never pass test-xtf-amd64-amd64-4 52 xtf/test-hvm64-memop-seg fail never pass test-xtf-amd64-amd64-2 52 xtf/test-hvm64-memop-seg fail never pass test-xtf-amd64-amd64-3 52 xtf/test-hvm64-memop-seg fail never pass test-xtf-amd64-amd64-5 70 xtf/test-hvm64-xsa-278 fail never pass test-xtf-amd64-amd64-1 70 xtf/test-hvm64-xsa-278 fail never pass test-xtf-amd64-amd64-4 70 xtf/test-hvm64-xsa-278 fail never pass test-xtf-amd64-amd64-5 80 xtf/test-pv32pae-xsa-194 fail never pass test-xtf-amd64-amd64-3 70 xtf/test-hvm64-xsa-278 fail never pass test-xtf-amd64-amd64-1 80 xtf/test-pv32pae-xsa-194 fail never pass test-xtf-amd64-amd64-2 70 xtf/test-hvm64-xsa-278 fail never pass test-xtf-amd64-amd64-5 87 xtf/test-pv64-pv-fsgsbase fail never pass test-xtf-amd64-amd64-1 87 xtf/test-pv64-pv-fsgsbase fail never pass test-xtf-amd64-amd64-4 80 xtf/test-pv32pae-xsa-194 fail never pass test-xtf-amd64-amd64-3 80 xtf/test-pv32pae-xsa-194 fail never pass test-xtf-amd64-amd64-2 80 xtf/test-pv32pae-xsa-194 fail never pass test-xtf-amd64-amd64-4 87 xtf/test-pv64-pv-fsgsbase fail never pass test-xtf-amd64-amd64-3 87 xtf/test-pv64-pv-fsgsbase fail never pass test-xtf-amd64-amd64-2 87 xtf/test-pv64-pv-fsgsbase fail never pass test-amd64-amd64-libvirt 13 migrate-support-check fail never pass test-amd64-i386-libvirt 13 migrate-support-check fail never pass test-amd64-amd64-libvirt-xsm 13 migrate-support-check fail never pass test-amd64-i386-libvirt-xsm 13 migrate-support-check fail never pass test-xtf-amd64-amd64-5 107 xtf/test-pv64-xsa-279 fail never pass test-xtf-amd64-amd64-1 107 xtf/test-pv64-xsa-279 fail never pass test-xtf-amd64-amd64-3 107 xtf/test-pv64-xsa-279 fail never pass test-xtf-amd64-amd64-4 107 xtf/test-pv64-xsa-279 fail never pass test-xtf-amd64-amd64-2 107 xtf/test-pv64-xsa-279 fail never pass test-amd64-amd64-libvirt-vhd 12 migrate-support-check fail never pass test-amd64-amd64-xl-qemut-debianhvm-i386-xsm 10 debian-hvm-install fail never pass test-amd64-amd64-xl-qemuu-debianhvm-i386-xsm 10 debian-hvm-install fail never pass test-amd64-i386-xl-qemut-debianhvm-i386-xsm 10 debian-hvm-install fail never pass test-amd64-i386-xl-qemuu-debianhvm-i386-xsm 10 debian-hvm-install fail never pass test-amd64-amd64-xl-qemut-win10-i386 10 windows-install fail never pass test-amd64-i386-xl-qemut-win10-i386 10 windows-install fail never pass test-amd64-amd64-xl-qemuu-win10-i386 10 windows-install fail never pass test-amd64-i386-xl-qemuu-win10-i386 10 windows-install fail never pass version targeted for testing: xen 7f54219572caced98a133072546ad890897b9827 baseline version: xen 3636de3f1a9a513ebdcd77555dce0e4d451e198b Last test of basis 127792 2018-09-19 03:50:41 Z 253 days Failing since 135433 2019-04-29 15:36:10 Z 31 days 17 attempts Testing same since 137064 2019-05-29 11:59:13 Z 1 days 1 attempts ------------------------------------------------------------ People who touched revisions under test: Andrew Cooper <andrew.cooper3@citrix.com> Chris Patterson <pattersonc@ainfosec.com> Cédric Bosdonnat <cbosdonnat@suse.com> Daniel De Graaf <dgdegra@tycho.nsa.gov> Ian Campbell <ian.campbell@citrix.com> Ian Jackson <ian.jackson@eu.citrix.com> Jan Beulich <jbeulich@suse.com> Juergen Gross <jgross@suse.com> Quan Xu <xuquan8@huawei.com> Samuel Thibault <samuel.thibault@ens-lyon.org> Wei Liu <wei.liu2@citrix.com> jobs: build-amd64-xsm pass build-i386-xsm pass build-amd64-xtf pass build-amd64 pass build-armhf fail build-i386 pass build-amd64-libvirt pass build-armhf-libvirt blocked build-i386-libvirt pass build-amd64-prev pass build-i386-prev pass build-amd64-pvops pass build-armhf-pvops pass build-i386-pvops pass test-xtf-amd64-amd64-1 fail test-xtf-amd64-amd64-2 fail test-xtf-amd64-amd64-3 fail test-xtf-amd64-amd64-4 fail test-xtf-amd64-amd64-5 fail test-amd64-amd64-xl pass test-armhf-armhf-xl blocked test-amd64-i386-xl pass test-amd64-amd64-libvirt-qemuu-debianhvm-amd64-xsm fail test-amd64-i386-libvirt-qemuu-debianhvm-amd64-xsm fail test-amd64-amd64-xl-qemut-stubdom-debianhvm-amd64-xsm fail test-amd64-i386-xl-qemut-stubdom-debianhvm-amd64-xsm fail test-amd64-amd64-xl-qemut-debianhvm-i386-xsm fail test-amd64-i386-xl-qemut-debianhvm-i386-xsm fail test-amd64-amd64-xl-qemuu-debianhvm-i386-xsm fail test-amd64-i386-xl-qemuu-debianhvm-i386-xsm fail test-amd64-amd64-libvirt-xsm pass test-amd64-i386-libvirt-xsm pass test-amd64-amd64-xl-xsm fail test-amd64-i386-xl-xsm pass test-amd64-amd64-qemuu-nested-amd fail test-amd64-i386-qemut-rhel6hvm-amd fail test-amd64-i386-qemuu-rhel6hvm-amd fail test-amd64-amd64-xl-qemut-debianhvm-amd64 fail test-amd64-i386-xl-qemut-debianhvm-amd64 fail test-amd64-amd64-xl-qemuu-debianhvm-amd64 fail test-amd64-i386-xl-qemuu-debianhvm-amd64 fail test-amd64-i386-freebsd10-amd64 fail test-amd64-amd64-xl-qemuu-ovmf-amd64 fail test-amd64-i386-xl-qemuu-ovmf-amd64 fail test-amd64-amd64-xl-qemut-win7-amd64 fail test-amd64-i386-xl-qemut-win7-amd64 fail test-amd64-amd64-xl-qemuu-win7-amd64 fail test-amd64-i386-xl-qemuu-win7-amd64 fail test-amd64-amd64-xl-qemut-ws16-amd64 fail test-amd64-i386-xl-qemut-ws16-amd64 fail test-amd64-amd64-xl-qemuu-ws16-amd64 fail test-amd64-i386-xl-qemuu-ws16-amd64 fail test-armhf-armhf-xl-arndale blocked test-amd64-amd64-xl-credit1 pass test-armhf-armhf-xl-credit1 blocked test-amd64-amd64-xl-credit2 pass test-armhf-armhf-xl-credit2 blocked test-armhf-armhf-xl-cubietruck blocked test-amd64-i386-freebsd10-i386 fail test-amd64-amd64-xl-qemut-win10-i386 fail test-amd64-i386-xl-qemut-win10-i386 fail test-amd64-amd64-xl-qemuu-win10-i386 fail test-amd64-i386-xl-qemuu-win10-i386 fail test-amd64-amd64-qemuu-nested-intel fail test-amd64-i386-qemut-rhel6hvm-intel fail test-amd64-i386-qemuu-rhel6hvm-intel fail test-amd64-amd64-libvirt pass test-armhf-armhf-libvirt blocked test-amd64-i386-libvirt pass test-amd64-amd64-migrupgrade fail test-amd64-i386-migrupgrade fail test-amd64-amd64-xl-multivcpu pass test-armhf-armhf-xl-multivcpu blocked test-amd64-amd64-pair pass test-amd64-i386-pair pass test-amd64-amd64-libvirt-pair pass test-amd64-i386-libvirt-pair pass test-amd64-amd64-amd64-pvgrub pass test-amd64-amd64-i386-pvgrub pass test-amd64-amd64-pygrub pass test-amd64-amd64-xl-qcow2 pass test-armhf-armhf-libvirt-raw blocked test-amd64-i386-xl-raw pass test-amd64-amd64-xl-rtds pass test-armhf-armhf-xl-rtds blocked test-amd64-amd64-xl-qemuu-debianhvm-amd64-shadow fail test-amd64-i386-xl-qemuu-debianhvm-amd64-shadow fail test-amd64-amd64-xl-shadow pass test-amd64-i386-xl-shadow pass test-amd64-amd64-libvirt-vhd pass test-armhf-armhf-xl-vhd blocked ------------------------------------------------------------ sg-report-flight on osstest.test-lab.xenproject.org logs: /home/logs/logs images: /home/logs/images Logs, config files, etc. are available at http://logs.test-lab.xenproject.org/osstest/logs Explanation of these reports, and of osstest in general, is at http://xenbits.xen.org/gitweb/?p=osstest.git;a=blob;f=README.email;hb=master http://xenbits.xen.org/gitweb/?p=osstest.git;a=blob;f=README;hb=master Test harness code can be found at http://xenbits.xen.org/gitweb?p=osstest.git;a=summary Not pushing. (No revision log; it would be 359 lines long.) _______________________________________________ Xen-devel mailing list Xen-devel@lists.xenproject.org https://lists.xenproject.org/mailman/listinfo/xen-devel
next reply other threads:[~2019-05-31 1:00 UTC|newest] Thread overview: 6+ messages / expand[flat|nested] mbox.gz Atom feed top 2019-05-31 1:00 osstest service owner [this message] 2019-05-31 1:00 ` [Xen-devel] [xen-4.6-testing test] 137064: regressions - FAIL osstest service owner 2019-05-31 10:33 ` Ian Jackson 2019-05-31 10:33 ` [Xen-devel] " Ian Jackson 2019-06-17 14:06 ` Jan Beulich 2019-06-17 14:29 ` Ian Jackson
Reply instructions: You may reply publicly to this message via plain-text email using any one of the following methods: * Save the following mbox file, import it into your mail client, and reply-to-all from there: mbox Avoid top-posting and favor interleaved quoting: https://en.wikipedia.org/wiki/Posting_style#Interleaved_style * Reply using the --to, --cc, and --in-reply-to switches of git-send-email(1): git send-email \ --in-reply-to=osstest-137064-mainreport@xen.org \ --to=osstest-admin@xenproject.org \ --cc=xen-devel@lists.xenproject.org \ /path/to/YOUR_REPLY https://kernel.org/pub/software/scm/git/docs/git-send-email.html * If your mail client supports setting the In-Reply-To header via mailto: links, try the mailto: linkBe sure your reply has a Subject: header at the top and a blank line before the message body.
This is a public inbox, see mirroring instructions for how to clone and mirror all data and code used for this inbox; as well as URLs for NNTP newsgroup(s).