Xen-Devel Archive on lore.kernel.org
 help / color / Atom feed
* [Xen-devel] [xen-4.7-testing test] 137848: regressions - FAIL
@ 2019-06-17 12:28 osstest service owner
  0 siblings, 0 replies; only message in thread
From: osstest service owner @ 2019-06-17 12:28 UTC (permalink / raw)
  To: xen-devel, osstest-admin

flight 137848 xen-4.7-testing real [real]
http://logs.test-lab.xenproject.org/osstest/logs/137848/

Regressions :-(

Tests which did not succeed and are blocking,
including tests which could not be run:
 build-i386-prev               6 xen-build                fail REGR. vs. 133596
 build-amd64-prev              6 xen-build                fail REGR. vs. 133596
 test-amd64-i386-freebsd10-i386 11 guest-start            fail REGR. vs. 133596
 test-amd64-i386-freebsd10-amd64 11 guest-start           fail REGR. vs. 133596
 test-amd64-i386-xl-qemut-stubdom-debianhvm-amd64-xsm 10 debian-hvm-install fail REGR. vs. 133596
 test-amd64-amd64-xl-qemuu-ovmf-amd64 10 debian-hvm-install fail REGR. vs. 133596
 test-amd64-i386-xl-qemuu-debianhvm-amd64 10 debian-hvm-install fail REGR. vs. 133596
 test-amd64-amd64-qemuu-nested-intel 10 debian-hvm-install fail REGR. vs. 133596
 test-amd64-amd64-xl-qemut-debianhvm-amd64 10 debian-hvm-install fail REGR. vs. 133596
 test-amd64-amd64-xl-qemut-stubdom-debianhvm-amd64-xsm 10 debian-hvm-install fail REGR. vs. 133596
 test-amd64-amd64-xl-qemuu-debianhvm-amd64-shadow 10 debian-hvm-install fail REGR. vs. 133596
 test-amd64-amd64-qemuu-nested-amd 10 debian-hvm-install  fail REGR. vs. 133596
 test-amd64-i386-xl-qemuu-ovmf-amd64 10 debian-hvm-install fail REGR. vs. 133596
 test-amd64-i386-qemuu-rhel6hvm-intel 10 redhat-install   fail REGR. vs. 133596
 test-amd64-i386-libvirt-qemuu-debianhvm-amd64-xsm 10 debian-hvm-install fail REGR. vs. 133596
 test-amd64-i386-qemut-rhel6hvm-intel 10 redhat-install   fail REGR. vs. 133596
 test-amd64-amd64-xl-qemuu-debianhvm-amd64 10 debian-hvm-install fail REGR. vs. 133596
 test-amd64-i386-qemuu-rhel6hvm-amd 10 redhat-install     fail REGR. vs. 133596
 test-amd64-i386-xl-qemuu-debianhvm-amd64-shadow 10 debian-hvm-install fail REGR. vs. 133596
 test-amd64-amd64-libvirt-qemuu-debianhvm-amd64-xsm 10 debian-hvm-install fail REGR. vs. 133596
 test-amd64-i386-qemut-rhel6hvm-amd 10 redhat-install     fail REGR. vs. 133596
 test-amd64-i386-xl-qemut-debianhvm-amd64 10 debian-hvm-install fail REGR. vs. 133596
 test-amd64-i386-xl-qemuu-win7-amd64 10 windows-install   fail REGR. vs. 133596
 test-amd64-amd64-xl-qemuu-win7-amd64 10 windows-install  fail REGR. vs. 133596
 test-amd64-amd64-xl-qemut-ws16-amd64 10 windows-install  fail REGR. vs. 133596
 test-amd64-amd64-xl-qemut-win7-amd64 10 windows-install  fail REGR. vs. 133596
 test-amd64-amd64-xl-qemuu-ws16-amd64 10 windows-install  fail REGR. vs. 133596
 test-amd64-i386-xl-qemut-ws16-amd64 10 windows-install   fail REGR. vs. 133596
 test-amd64-i386-xl-qemut-win7-amd64 10 windows-install   fail REGR. vs. 133596
 test-amd64-i386-xl-qemuu-ws16-amd64 10 windows-install   fail REGR. vs. 133596

Tests which are failing intermittently (not blocking):
 test-xtf-amd64-amd64-1 70 xtf/test-hvm64-xsa-278 fail in 137720 pass in 137848
 test-amd64-amd64-xl-qemuu-debianhvm-amd64-shadow 7 xen-boot fail in 137720 pass in 137848
 test-xtf-amd64-amd64-2   50 xtf/test-hvm64-lbr-tsx-vmentry fail pass in 137720

Tests which did not succeed, but are not blocking:
 test-amd64-amd64-migrupgrade  1 build-check(1)               blocked  n/a
 test-amd64-i386-migrupgrade   1 build-check(1)               blocked  n/a
 test-armhf-armhf-xl-rtds   16 guest-start/debian.repeat fail blocked in 133596
 test-xtf-amd64-amd64-5 50 xtf/test-hvm64-lbr-tsx-vmentry fail in 137720 like 133596
 test-xtf-amd64-amd64-1      50 xtf/test-hvm64-lbr-tsx-vmentry fail like 133596
 test-armhf-armhf-libvirt     14 saverestore-support-check    fail  like 133596
 test-armhf-armhf-libvirt-raw 13 saverestore-support-check    fail  like 133596
 test-amd64-amd64-libvirt     13 migrate-support-check        fail   never pass
 test-amd64-i386-libvirt      13 migrate-support-check        fail   never pass
 test-amd64-i386-libvirt-xsm  13 migrate-support-check        fail   never pass
 test-amd64-amd64-libvirt-xsm 13 migrate-support-check        fail   never pass
 test-arm64-arm64-xl-credit2  13 migrate-support-check        fail   never pass
 test-arm64-arm64-xl-credit2  14 saverestore-support-check    fail   never pass
 test-arm64-arm64-xl-credit1  13 migrate-support-check        fail   never pass
 test-arm64-arm64-xl-credit1  14 saverestore-support-check    fail   never pass
 test-arm64-arm64-xl-xsm      13 migrate-support-check        fail   never pass
 test-arm64-arm64-xl-xsm      14 saverestore-support-check    fail   never pass
 test-arm64-arm64-libvirt-xsm 13 migrate-support-check        fail   never pass
 test-arm64-arm64-libvirt-xsm 14 saverestore-support-check    fail   never pass
 test-arm64-arm64-xl          13 migrate-support-check        fail   never pass
 test-arm64-arm64-xl          14 saverestore-support-check    fail   never pass
 test-amd64-amd64-libvirt-vhd 12 migrate-support-check        fail   never pass
 test-armhf-armhf-xl-arndale  13 migrate-support-check        fail   never pass
 test-armhf-armhf-xl-arndale  14 saverestore-support-check    fail   never pass
 test-armhf-armhf-libvirt     13 migrate-support-check        fail   never pass
 test-armhf-armhf-xl-credit2  13 migrate-support-check        fail   never pass
 test-armhf-armhf-xl-credit2  14 saverestore-support-check    fail   never pass
 test-armhf-armhf-xl-multivcpu 13 migrate-support-check        fail  never pass
 test-armhf-armhf-xl-multivcpu 14 saverestore-support-check    fail  never pass
 test-armhf-armhf-xl-credit1  13 migrate-support-check        fail   never pass
 test-armhf-armhf-xl-credit1  14 saverestore-support-check    fail   never pass
 test-armhf-armhf-xl-cubietruck 13 migrate-support-check        fail never pass
 test-armhf-armhf-xl-cubietruck 14 saverestore-support-check    fail never pass
 test-amd64-i386-xl-qemut-debianhvm-i386-xsm 10 debian-hvm-install fail never pass
 test-armhf-armhf-libvirt-raw 12 migrate-support-check        fail   never pass
 test-amd64-i386-xl-qemuu-debianhvm-i386-xsm 10 debian-hvm-install fail never pass
 test-amd64-amd64-xl-qemut-debianhvm-i386-xsm 10 debian-hvm-install fail never pass
 test-amd64-amd64-xl-qemuu-debianhvm-i386-xsm 10 debian-hvm-install fail never pass
 test-armhf-armhf-xl-vhd      12 migrate-support-check        fail   never pass
 test-armhf-armhf-xl-vhd      13 saverestore-support-check    fail   never pass
 test-armhf-armhf-xl          13 migrate-support-check        fail   never pass
 test-armhf-armhf-xl          14 saverestore-support-check    fail   never pass
 test-armhf-armhf-xl-rtds     13 migrate-support-check        fail   never pass
 test-armhf-armhf-xl-rtds     14 saverestore-support-check    fail   never pass
 test-amd64-amd64-xl-qemut-win10-i386 10 windows-install        fail never pass
 test-amd64-amd64-xl-qemuu-win10-i386 10 windows-install        fail never pass
 test-amd64-i386-xl-qemuu-win10-i386 10 windows-install         fail never pass
 test-amd64-i386-xl-qemut-win10-i386 10 windows-install         fail never pass

version targeted for testing:
 xen                  c51a3a5826a64f0807545460bfc35022dc9c8428
baseline version:
 xen                  88f936d44d2e34ca2d0827cc828ea9d3aeef3fe8

Last test of basis   133596  2019-03-05 15:06:04 Z  103 days
Failing since        135434  2019-04-29 15:36:10 Z   48 days   27 attempts
Testing same since   137103  2019-05-31 01:29:50 Z   17 days    9 attempts

------------------------------------------------------------
People who touched revisions under test:
  Andrew Cooper <andrew.cooper3@citrix.com>
  Chris Patterson <pattersonc@ainfosec.com>
  Christian Lindig <christian.lindig@citrix.com>
  Cédric Bosdonnat <cbosdonnat@suse.com>
  Daniel De Graaf <dgdegra@tycho.nsa.gov>
  Ian Jackson <ian.jackson@eu.citrix.com>
  Jan Beulich <jbeulich@suse.com>
  Juergen Gross <jgross@suse.com>
  Quan Xu <xuquan8@huawei.com>
  Samuel Thibault <samuel.thibault@ens-lyon.org>
  Wei Liu <wei.liu2@citrix.com>

jobs:
 build-amd64-xsm                                              pass    
 build-arm64-xsm                                              pass    
 build-i386-xsm                                               pass    
 build-amd64-xtf                                              pass    
 build-amd64                                                  pass    
 build-arm64                                                  pass    
 build-armhf                                                  pass    
 build-i386                                                   pass    
 build-amd64-libvirt                                          pass    
 build-arm64-libvirt                                          pass    
 build-armhf-libvirt                                          pass    
 build-i386-libvirt                                           pass    
 build-amd64-prev                                             fail    
 build-i386-prev                                              fail    
 build-amd64-pvops                                            pass    
 build-arm64-pvops                                            pass    
 build-armhf-pvops                                            pass    
 build-i386-pvops                                             pass    
 test-xtf-amd64-amd64-1                                       pass    
 test-xtf-amd64-amd64-2                                       pass    
 test-xtf-amd64-amd64-3                                       pass    
 test-xtf-amd64-amd64-4                                       pass    
 test-xtf-amd64-amd64-5                                       pass    
 test-amd64-amd64-xl                                          pass    
 test-arm64-arm64-xl                                          pass    
 test-armhf-armhf-xl                                          pass    
 test-amd64-i386-xl                                           pass    
 test-amd64-amd64-libvirt-qemuu-debianhvm-amd64-xsm           fail    
 test-amd64-i386-libvirt-qemuu-debianhvm-amd64-xsm            fail    
 test-amd64-amd64-xl-qemut-stubdom-debianhvm-amd64-xsm        fail    
 test-amd64-i386-xl-qemut-stubdom-debianhvm-amd64-xsm         fail    
 test-amd64-amd64-xl-qemut-debianhvm-i386-xsm                 fail    
 test-amd64-i386-xl-qemut-debianhvm-i386-xsm                  fail    
 test-amd64-amd64-xl-qemuu-debianhvm-i386-xsm                 fail    
 test-amd64-i386-xl-qemuu-debianhvm-i386-xsm                  fail    
 test-amd64-amd64-libvirt-xsm                                 pass    
 test-arm64-arm64-libvirt-xsm                                 pass    
 test-amd64-i386-libvirt-xsm                                  pass    
 test-amd64-amd64-xl-xsm                                      pass    
 test-arm64-arm64-xl-xsm                                      pass    
 test-amd64-i386-xl-xsm                                       pass    
 test-amd64-amd64-qemuu-nested-amd                            fail    
 test-amd64-i386-qemut-rhel6hvm-amd                           fail    
 test-amd64-i386-qemuu-rhel6hvm-amd                           fail    
 test-amd64-amd64-xl-qemut-debianhvm-amd64                    fail    
 test-amd64-i386-xl-qemut-debianhvm-amd64                     fail    
 test-amd64-amd64-xl-qemuu-debianhvm-amd64                    fail    
 test-amd64-i386-xl-qemuu-debianhvm-amd64                     fail    
 test-amd64-i386-freebsd10-amd64                              fail    
 test-amd64-amd64-xl-qemuu-ovmf-amd64                         fail    
 test-amd64-i386-xl-qemuu-ovmf-amd64                          fail    
 test-amd64-amd64-xl-qemut-win7-amd64                         fail    
 test-amd64-i386-xl-qemut-win7-amd64                          fail    
 test-amd64-amd64-xl-qemuu-win7-amd64                         fail    
 test-amd64-i386-xl-qemuu-win7-amd64                          fail    
 test-amd64-amd64-xl-qemut-ws16-amd64                         fail    
 test-amd64-i386-xl-qemut-ws16-amd64                          fail    
 test-amd64-amd64-xl-qemuu-ws16-amd64                         fail    
 test-amd64-i386-xl-qemuu-ws16-amd64                          fail    
 test-armhf-armhf-xl-arndale                                  pass    
 test-amd64-amd64-xl-credit1                                  pass    
 test-arm64-arm64-xl-credit1                                  pass    
 test-armhf-armhf-xl-credit1                                  pass    
 test-amd64-amd64-xl-credit2                                  pass    
 test-arm64-arm64-xl-credit2                                  pass    
 test-armhf-armhf-xl-credit2                                  pass    
 test-armhf-armhf-xl-cubietruck                               pass    
 test-amd64-i386-freebsd10-i386                               fail    
 test-amd64-amd64-xl-qemut-win10-i386                         fail    
 test-amd64-i386-xl-qemut-win10-i386                          fail    
 test-amd64-amd64-xl-qemuu-win10-i386                         fail    
 test-amd64-i386-xl-qemuu-win10-i386                          fail    
 test-amd64-amd64-qemuu-nested-intel                          fail    
 test-amd64-i386-qemut-rhel6hvm-intel                         fail    
 test-amd64-i386-qemuu-rhel6hvm-intel                         fail    
 test-amd64-amd64-libvirt                                     pass    
 test-armhf-armhf-libvirt                                     pass    
 test-amd64-i386-libvirt                                      pass    
 test-amd64-amd64-migrupgrade                                 blocked 
 test-amd64-i386-migrupgrade                                  blocked 
 test-amd64-amd64-xl-multivcpu                                pass    
 test-armhf-armhf-xl-multivcpu                                pass    
 test-amd64-amd64-pair                                        pass    
 test-amd64-i386-pair                                         pass    
 test-amd64-amd64-libvirt-pair                                pass    
 test-amd64-i386-libvirt-pair                                 pass    
 test-amd64-amd64-amd64-pvgrub                                pass    
 test-amd64-amd64-i386-pvgrub                                 pass    
 test-amd64-amd64-pygrub                                      pass    
 test-amd64-amd64-xl-qcow2                                    pass    
 test-armhf-armhf-libvirt-raw                                 pass    
 test-amd64-i386-xl-raw                                       pass    
 test-amd64-amd64-xl-rtds                                     pass    
 test-armhf-armhf-xl-rtds                                     fail    
 test-amd64-amd64-xl-qemuu-debianhvm-amd64-shadow             fail    
 test-amd64-i386-xl-qemuu-debianhvm-amd64-shadow              fail    
 test-amd64-amd64-xl-shadow                                   pass    
 test-amd64-i386-xl-shadow                                    pass    
 test-amd64-amd64-libvirt-vhd                                 pass    
 test-armhf-armhf-xl-vhd                                      pass    


------------------------------------------------------------
sg-report-flight on osstest.test-lab.xenproject.org
logs: /home/logs/logs
images: /home/logs/images

Logs, config files, etc. are available at
    http://logs.test-lab.xenproject.org/osstest/logs

Explanation of these reports, and of osstest in general, is at
    http://xenbits.xen.org/gitweb/?p=osstest.git;a=blob;f=README.email;hb=master
    http://xenbits.xen.org/gitweb/?p=osstest.git;a=blob;f=README;hb=master

Test harness code can be found at
    http://xenbits.xen.org/gitweb?p=osstest.git;a=summary


Not pushing.

(No revision log; it would be 362 lines long.)

_______________________________________________
Xen-devel mailing list
Xen-devel@lists.xenproject.org
https://lists.xenproject.org/mailman/listinfo/xen-devel

^ permalink raw reply	[flat|nested] only message in thread

only message in thread, back to index

Thread overview: (only message) (download: mbox.gz / follow: Atom feed)
-- links below jump to the message on this page --
2019-06-17 12:28 [Xen-devel] [xen-4.7-testing test] 137848: regressions - FAIL osstest service owner

Xen-Devel Archive on lore.kernel.org

Archives are clonable:
	git clone --mirror https://lore.kernel.org/xen-devel/0 xen-devel/git/0.git
	git clone --mirror https://lore.kernel.org/xen-devel/1 xen-devel/git/1.git

	# If you have public-inbox 1.1+ installed, you may
	# initialize and index your mirror using the following commands:
	public-inbox-init -V2 xen-devel xen-devel/ https://lore.kernel.org/xen-devel \
		xen-devel@lists.xenproject.org xen-devel@archiver.kernel.org
	public-inbox-index xen-devel


Newsgroup available over NNTP:
	nntp://nntp.lore.kernel.org/org.xenproject.lists.xen-devel


AGPL code for this site: git clone https://public-inbox.org/ public-inbox