* [Xen-devel] [qemu-mainline test] 138911: regressions - FAIL
@ 2019-07-13 1:53 osstest service owner
0 siblings, 0 replies; only message in thread
From: osstest service owner @ 2019-07-13 1:53 UTC (permalink / raw)
To: xen-devel, osstest-admin
flight 138911 qemu-mainline real [real]
http://logs.test-lab.xenproject.org/osstest/logs/138911/
Regressions :-(
Tests which did not succeed and are blocking,
including tests which could not be run:
test-amd64-i386-xl-qemuu-debianhvm-amd64-shadow 15 guest-saverestore.2 fail REGR. vs. 138890
test-amd64-amd64-libvirt 21 leak-check/check fail REGR. vs. 138890
Tests which did not succeed, but are not blocking:
test-amd64-amd64-xl-qemuu-win7-amd64 17 guest-stop fail like 138890
test-armhf-armhf-libvirt 14 saverestore-support-check fail like 138890
test-amd64-i386-xl-qemuu-win7-amd64 17 guest-stop fail like 138890
test-amd64-amd64-xl-qemuu-ws16-amd64 17 guest-stop fail like 138890
test-armhf-armhf-libvirt-raw 13 saverestore-support-check fail like 138890
test-amd64-i386-xl-pvshim 12 guest-start fail never pass
test-amd64-amd64-libvirt-xsm 13 migrate-support-check fail never pass
test-amd64-i386-libvirt-xsm 13 migrate-support-check fail never pass
test-amd64-i386-libvirt 13 migrate-support-check fail never pass
test-amd64-amd64-libvirt 13 migrate-support-check fail never pass
test-arm64-arm64-xl-seattle 13 migrate-support-check fail never pass
test-arm64-arm64-xl-seattle 14 saverestore-support-check fail never pass
test-amd64-i386-libvirt-qemuu-debianhvm-amd64-xsm 11 migrate-support-check fail never pass
test-amd64-amd64-libvirt-qemuu-debianhvm-amd64-xsm 11 migrate-support-check fail never pass
test-amd64-amd64-qemuu-nested-amd 17 debian-hvm-install/l1/l2 fail never pass
test-amd64-amd64-libvirt-vhd 12 migrate-support-check fail never pass
test-arm64-arm64-xl 13 migrate-support-check fail never pass
test-arm64-arm64-xl 14 saverestore-support-check fail never pass
test-arm64-arm64-xl-credit1 13 migrate-support-check fail never pass
test-arm64-arm64-xl-credit1 14 saverestore-support-check fail never pass
test-arm64-arm64-xl-thunderx 13 migrate-support-check fail never pass
test-arm64-arm64-xl-thunderx 14 saverestore-support-check fail never pass
test-arm64-arm64-libvirt-xsm 13 migrate-support-check fail never pass
test-arm64-arm64-libvirt-xsm 14 saverestore-support-check fail never pass
test-arm64-arm64-xl-credit2 13 migrate-support-check fail never pass
test-arm64-arm64-xl-credit2 14 saverestore-support-check fail never pass
test-arm64-arm64-xl-xsm 13 migrate-support-check fail never pass
test-arm64-arm64-xl-xsm 14 saverestore-support-check fail never pass
test-armhf-armhf-xl-arndale 13 migrate-support-check fail never pass
test-armhf-armhf-xl-arndale 14 saverestore-support-check fail never pass
test-armhf-armhf-xl-credit2 13 migrate-support-check fail never pass
test-armhf-armhf-xl-credit2 14 saverestore-support-check fail never pass
test-armhf-armhf-xl-rtds 13 migrate-support-check fail never pass
test-armhf-armhf-xl-rtds 14 saverestore-support-check fail never pass
test-armhf-armhf-xl 13 migrate-support-check fail never pass
test-armhf-armhf-xl 14 saverestore-support-check fail never pass
test-armhf-armhf-xl-cubietruck 13 migrate-support-check fail never pass
test-armhf-armhf-xl-cubietruck 14 saverestore-support-check fail never pass
test-armhf-armhf-xl-credit1 13 migrate-support-check fail never pass
test-armhf-armhf-xl-credit1 14 saverestore-support-check fail never pass
test-armhf-armhf-xl-multivcpu 13 migrate-support-check fail never pass
test-armhf-armhf-xl-multivcpu 14 saverestore-support-check fail never pass
test-armhf-armhf-libvirt 13 migrate-support-check fail never pass
test-armhf-armhf-libvirt-raw 12 migrate-support-check fail never pass
test-armhf-armhf-xl-vhd 12 migrate-support-check fail never pass
test-armhf-armhf-xl-vhd 13 saverestore-support-check fail never pass
test-amd64-i386-xl-qemuu-ws16-amd64 17 guest-stop fail never pass
test-amd64-amd64-xl-qemuu-win10-i386 10 windows-install fail never pass
test-amd64-i386-xl-qemuu-win10-i386 10 windows-install fail never pass
version targeted for testing:
qemuu 9411db8f37c64b9adb3e4b393c623a5760bcb847
baseline version:
qemuu 6df2cdf44a82426f7a59dcb03f0dd2181ed7fdfa
Last test of basis 138890 2019-07-10 12:47:03 Z 2 days
Testing same since 138911 2019-07-11 23:34:05 Z 1 days 1 attempts
------------------------------------------------------------
People who touched revisions under test:
Alex Bennée <alex.bennee@linaro.org>
Eduardo Habkost <ehabkost@redhat.com>
John Snow <jsnow@redhat.com>
Mark Cave-Ayland <mark.cave-ayland@ilande.co.uk>
Peter Maydell <peter.maydell@linaro.org>
Philippe Mathieu-Daudé <philmd@redhat.com>
jobs:
build-amd64-xsm pass
build-arm64-xsm pass
build-i386-xsm pass
build-amd64 pass
build-arm64 pass
build-armhf pass
build-i386 pass
build-amd64-libvirt pass
build-arm64-libvirt pass
build-armhf-libvirt pass
build-i386-libvirt pass
build-amd64-pvops pass
build-arm64-pvops pass
build-armhf-pvops pass
build-i386-pvops pass
test-amd64-amd64-xl pass
test-arm64-arm64-xl pass
test-armhf-armhf-xl pass
test-amd64-i386-xl pass
test-amd64-amd64-libvirt-qemuu-debianhvm-amd64-xsm pass
test-amd64-i386-libvirt-qemuu-debianhvm-amd64-xsm pass
test-amd64-amd64-xl-qemuu-debianhvm-i386-xsm pass
test-amd64-i386-xl-qemuu-debianhvm-i386-xsm pass
test-amd64-amd64-libvirt-xsm pass
test-arm64-arm64-libvirt-xsm pass
test-amd64-i386-libvirt-xsm pass
test-amd64-amd64-xl-xsm pass
test-arm64-arm64-xl-xsm pass
test-amd64-i386-xl-xsm pass
test-amd64-amd64-qemuu-nested-amd fail
test-amd64-amd64-xl-pvhv2-amd pass
test-amd64-i386-qemuu-rhel6hvm-amd pass
test-amd64-amd64-xl-qemuu-debianhvm-amd64 pass
test-amd64-i386-xl-qemuu-debianhvm-amd64 pass
test-amd64-i386-freebsd10-amd64 pass
test-amd64-amd64-xl-qemuu-ovmf-amd64 pass
test-amd64-i386-xl-qemuu-ovmf-amd64 pass
test-amd64-amd64-xl-qemuu-win7-amd64 fail
test-amd64-i386-xl-qemuu-win7-amd64 fail
test-amd64-amd64-xl-qemuu-ws16-amd64 fail
test-amd64-i386-xl-qemuu-ws16-amd64 fail
test-armhf-armhf-xl-arndale pass
test-amd64-amd64-xl-credit1 pass
test-arm64-arm64-xl-credit1 pass
test-armhf-armhf-xl-credit1 pass
test-amd64-amd64-xl-credit2 pass
test-arm64-arm64-xl-credit2 pass
test-armhf-armhf-xl-credit2 pass
test-armhf-armhf-xl-cubietruck pass
test-amd64-amd64-xl-qemuu-dmrestrict-amd64-dmrestrict pass
test-amd64-i386-xl-qemuu-dmrestrict-amd64-dmrestrict pass
test-amd64-i386-freebsd10-i386 pass
test-amd64-amd64-xl-qemuu-win10-i386 fail
test-amd64-i386-xl-qemuu-win10-i386 fail
test-amd64-amd64-qemuu-nested-intel pass
test-amd64-amd64-xl-pvhv2-intel pass
test-amd64-i386-qemuu-rhel6hvm-intel pass
test-amd64-amd64-libvirt fail
test-armhf-armhf-libvirt pass
test-amd64-i386-libvirt pass
test-amd64-amd64-xl-multivcpu pass
test-armhf-armhf-xl-multivcpu pass
test-amd64-amd64-pair pass
test-amd64-i386-pair pass
test-amd64-amd64-libvirt-pair pass
test-amd64-i386-libvirt-pair pass
test-amd64-amd64-amd64-pvgrub pass
test-amd64-amd64-i386-pvgrub pass
test-amd64-amd64-xl-pvshim pass
test-amd64-i386-xl-pvshim fail
test-amd64-amd64-pygrub pass
test-amd64-amd64-xl-qcow2 pass
test-armhf-armhf-libvirt-raw pass
test-amd64-i386-xl-raw pass
test-amd64-amd64-xl-rtds pass
test-armhf-armhf-xl-rtds pass
test-arm64-arm64-xl-seattle pass
test-amd64-amd64-xl-qemuu-debianhvm-amd64-shadow pass
test-amd64-i386-xl-qemuu-debianhvm-amd64-shadow fail
test-amd64-amd64-xl-shadow pass
test-amd64-i386-xl-shadow pass
test-arm64-arm64-xl-thunderx pass
test-amd64-amd64-libvirt-vhd pass
test-armhf-armhf-xl-vhd pass
------------------------------------------------------------
sg-report-flight on osstest.test-lab.xenproject.org
logs: /home/logs/logs
images: /home/logs/images
Logs, config files, etc. are available at
http://logs.test-lab.xenproject.org/osstest/logs
Explanation of these reports, and of osstest in general, is at
http://xenbits.xen.org/gitweb/?p=osstest.git;a=blob;f=README.email;hb=master
http://xenbits.xen.org/gitweb/?p=osstest.git;a=blob;f=README;hb=master
Test harness code can be found at
http://xenbits.xen.org/gitweb?p=osstest.git;a=summary
Not pushing.
------------------------------------------------------------
commit 9411db8f37c64b9adb3e4b393c623a5760bcb847
Merge: abd45ff039 a7786bfb0e
Author: Peter Maydell <peter.maydell@linaro.org>
Date: Thu Jul 11 11:58:14 2019 +0100
Merge remote-tracking branch 'remotes/jnsnow/tags/bitmaps-pull-request' into staging
Pull request
# gpg: Signature made Wed 10 Jul 2019 20:21:58 BST
# gpg: using RSA key F9B7ABDBBCACDF95BE76CBD07DEF8106AAFC390E
# gpg: Good signature from "John Snow (John Huston) <jsnow@redhat.com>" [full]
# Primary key fingerprint: FAEB 9711 A12C F475 812F 18F2 88A9 064D 1835 61EB
# Subkey fingerprint: F9B7 ABDB BCAC DF95 BE76 CBD0 7DEF 8106 AAFC 390E
* remotes/jnsnow/tags/bitmaps-pull-request:
docs/bitmaps: use QMP lexer instead of json
sphinx: add qmp_lexer
docs/interop/bitmaps.rst: Fix typos
Signed-off-by: Peter Maydell <peter.maydell@linaro.org>
commit abd45ff0396cb139e4f069fc39d1893d6c141d18
Merge: 6df2cdf44a 94b2a62bb6
Author: Peter Maydell <peter.maydell@linaro.org>
Date: Thu Jul 11 10:03:42 2019 +0100
Merge remote-tracking branch 'remotes/stsquad/tags/pull-testing-and-gdbstub-100719-1' into staging
Testing and gdbstub fixes:
- fix diff-out pass in check-tcg
- ensure generation of fprem reference
- fix gdb set_reg fallback
# gpg: Signature made Wed 10 Jul 2019 11:24:28 BST
# gpg: using RSA key 6685AE99E75167BCAFC8DF35FBD0DB095A9E2A44
# gpg: Good signature from "Alex Bennée (Master Work Key) <alex.bennee@linaro.org>" [full]
# Primary key fingerprint: 6685 AE99 E751 67BC AFC8 DF35 FBD0 DB09 5A9E 2A44
* remotes/stsquad/tags/pull-testing-and-gdbstub-100719-1:
gdbstub: revert to previous set_reg behaviour
gdbstub: add some notes to the header comment
tests/tcg: fix diff-out pass to properly report failure
tests/tcg: fix up test-i386-fprem.ref generation
Signed-off-by: Peter Maydell <peter.maydell@linaro.org>
commit a7786bfb0effe0b4b0fc61d8a8cd307c0b739ed7
Author: John Snow <jsnow@redhat.com>
Date: Wed Jul 10 15:08:07 2019 -0400
docs/bitmaps: use QMP lexer instead of json
The annotated style json we use in QMP documentation is not strict json
and depending on the version of Sphinx (2.0+) or Pygments installed,
might cause the build to fail.
Use the new QMP lexer.
Further, some versions of Sphinx can not apply custom lexers to "code"
directives and require the use of "code-block" directives instead, so
make that change at this time as well.
Tested under:
- Sphinx 1.3.6 and Pygments 2.4
- Sphinx 1.7.6 and Pygments 2.2 (Fedora 29 packages)
- Sphinx 2.0.1 and Pygments 2.4
- Sphinx 3.0.0+/f396b3a783 and Pygments 2.4 (From Sphinx git c4f44bdd)
Reported-by: Aarushi Mehta <mehta.aaru20@gmail.com>
Signed-off-by: John Snow <jsnow@redhat.com>
Reviewed-by: Eduardo Habkost <ehabkost@redhat.com>
Message-id: 20190603214653.29369-4-jsnow@redhat.com
Signed-off-by: John Snow <jsnow@redhat.com>
commit cd231e13bdcb8d686b014bef940c7d19c6f1e769
Author: John Snow <jsnow@redhat.com>
Date: Wed Jul 10 15:08:06 2019 -0400
sphinx: add qmp_lexer
Sphinx, through Pygments, does not like annotated json examples very
much. In some versions of Sphinx (1.7), it will render the non-json
portions of code blocks in red, but in newer versions (2.0) it will
throw an exception and not highlight the block at all. Though we can
suppress this warning, it doesn't bring back highlighting on non-strict
json blocks.
We can alleviate this by creating a custom lexer for QMP examples that
allows us to properly highlight these examples in a robust way, keeping
our directionality and elision notations.
Signed-off-by: Eduardo Habkost <ehabkost@redhat.com>
Signed-off-by: John Snow <jsnow@redhat.com>
Reported-by: Aarushi Mehta <mehta.aaru20@gmail.com>
Reviewed-by: Peter Maydell <peter.maydell@linaro.org>
Message-id: 20190603214653.29369-3-jsnow@redhat.com
Signed-off-by: John Snow <jsnow@redhat.com>
commit 575e6226287072bd0d6eb85d9712d280eb29c392
Author: John Snow <jsnow@redhat.com>
Date: Wed Jul 10 15:08:06 2019 -0400
docs/interop/bitmaps.rst: Fix typos
Pygments and Sphinx get pickier all the time; Sphinx 2.1+ now catches
these errors.
Signed-off-by: John Snow <jsnow@redhat.com>
Reported-by: Aarushi Mehta <mehta.aaru20@gmail.com>
Reviewed-by: Vladimir Sementsov-Ogievskiy <vsementsov@virtuozzo.com>
Message-id: 20190603214653.29369-2-jsnow@redhat.com
Signed-off-by: John Snow <jsnow@redhat.com>
commit 94b2a62bb65b80760bcc59737bec908c9175abf4
Author: Alex Bennée <alex.bennee@linaro.org>
Date: Fri Jul 5 14:23:07 2019 +0100
gdbstub: revert to previous set_reg behaviour
The refactoring of handle_set_reg missed the fact we previously had
responded with an empty packet when we were not using XML based
protocols. This broke the fallback behaviour for architectures that
don't have registers defined in QEMU's gdb-xml directory.
Revert to the previous behaviour and clean up the commentary for what
is going on.
Fixes: 62b3320bddd
Signed-off-by: Alex Bennée <alex.bennee@linaro.org>
Tested-by: Mark Cave-Ayland <mark.cave-ayland@ilande.co.uk>
Reviewed-by: Philippe Mathieu-Daudé <philmd@redhat.com>
Reviewed-by: Richard Henderson <richard.henderson@linaro.org>
Cc: Jon Doron <arilou@gmail.com>
commit 42a0959648080874119f0430ceddcebfe3faaa28
Author: Alex Bennée <alex.bennee@linaro.org>
Date: Fri Jul 5 13:28:19 2019 +0100
gdbstub: add some notes to the header comment
Add a link to the remote protocol spec and an SPDX tag.
Signed-off-by: Alex Bennée <alex.bennee@linaro.org>
Reviewed-by: Philippe Mathieu-Daudé <philmd@redhat.com>
Tested-by: Philippe Mathieu-Daudé <philmd@redhat.com>
commit ef860047b61ea4a5ad407496ab8cda6370a2d7d8
Author: Alex Bennée <alex.bennee@linaro.org>
Date: Fri Jul 5 12:56:35 2019 +0100
tests/tcg: fix diff-out pass to properly report failure
A side effect of piping the output to head is squash the exit status
of the diff command. Fix this by only doing the pipe if the diff
failed and then ensuring the status is non-zero.
Signed-off-by: Alex Bennée <alex.bennee@linaro.org>
commit bd2c0f67e1f9e4b90d3020d004bd8d8d6655e88c
Author: Alex Bennée <alex.bennee@linaro.org>
Date: Fri Jul 5 11:48:02 2019 +0100
tests/tcg: fix up test-i386-fprem.ref generation
We never shipped the reference data in the source tree because it's
quite big (64M). As a result the only option is to generate it
locally. Although we have a rule to generate the reference file we
missed the dependency and location changes, probably because it's only
run for SLOW test runs.
Signed-off-by: Alex Bennée <alex.bennee@linaro.org>
Reviewed-by: Richard Henderson <richard.henderson@linaro.org>
_______________________________________________
Xen-devel mailing list
Xen-devel@lists.xenproject.org
https://lists.xenproject.org/mailman/listinfo/xen-devel
^ permalink raw reply [flat|nested] only message in thread
only message in thread, other threads:[~2019-07-13 1:54 UTC | newest]
Thread overview: (only message) (download: mbox.gz / follow: Atom feed)
-- links below jump to the message on this page --
2019-07-13 1:53 [Xen-devel] [qemu-mainline test] 138911: regressions - FAIL osstest service owner
This is a public inbox, see mirroring instructions
for how to clone and mirror all data and code used for this inbox;
as well as URLs for NNTP newsgroup(s).