Xen-Devel Archive on lore.kernel.org
 help / color / Atom feed
From: osstest service owner <osstest-admin@xenproject.org>
To: xen-devel@lists.xenproject.org, osstest-admin@xenproject.org,
	royger@FreeBSD.org
Subject: [Xen-devel] [freebsd-master test] 138921: regressions - FAIL
Date: Sat, 13 Jul 2019 08:20:57 +0000
Message-ID: <osstest-138921-mainreport@xen.org> (raw)

flight 138921 freebsd-master real [real]
http://logs.test-lab.xenproject.org/osstest/logs/138921/

Regressions :-(

Tests which did not succeed and are blocking,
including tests which could not be run:
 build-amd64-xen-freebsd       7 xen-build-freebsd        fail REGR. vs. 138886

version targeted for testing:
 freebsd              4b73a91e13d7afc5b660c9d845996a01717427cd
baseline version:
 freebsd              5c4a9b0e32c1f9c47d5b687d6036bb03c3cc071c

Last test of basis   138886  2019-07-10 09:19:38 Z    2 days
Testing same since   138921  2019-07-12 09:19:32 Z    0 days    1 attempts

------------------------------------------------------------
People who touched revisions under test:
  alc <alc@FreeBSD.org>
  avg <avg@FreeBSD.org>
  cy <cy@FreeBSD.org>
  dougm <dougm@FreeBSD.org>
  ian <ian@FreeBSD.org>
  imp <imp@FreeBSD.org>
  jhibbits <jhibbits@FreeBSD.org>
  kib <kib@FreeBSD.org>
  luporl <luporl@FreeBSD.org>
  markj <markj@FreeBSD.org>
  philip <philip@FreeBSD.org>
  rrs <rrs@FreeBSD.org>
  seanc <seanc@FreeBSD.org>
  sjg <sjg@FreeBSD.org>

jobs:
 build-amd64-freebsd-again                                    pass    
 build-amd64-freebsd                                          pass    
 build-amd64-xen-freebsd                                      fail    


------------------------------------------------------------
sg-report-flight on osstest.test-lab.xenproject.org
logs: /home/logs/logs
images: /home/logs/images

Logs, config files, etc. are available at
    http://logs.test-lab.xenproject.org/osstest/logs

Explanation of these reports, and of osstest in general, is at
    http://xenbits.xen.org/gitweb/?p=osstest.git;a=blob;f=README.email;hb=master
    http://xenbits.xen.org/gitweb/?p=osstest.git;a=blob;f=README;hb=master

Test harness code can be found at
    http://xenbits.xen.org/gitweb?p=osstest.git;a=summary


Not pushing.

(No revision log; it would be 468 lines long.)

_______________________________________________
Xen-devel mailing list
Xen-devel@lists.xenproject.org
https://lists.xenproject.org/mailman/listinfo/xen-devel

                 reply index

Thread overview: [no followups] expand[flat|nested]  mbox.gz  Atom feed

Reply instructions:

You may reply publically to this message via plain-text email
using any one of the following methods:

* Save the following mbox file, import it into your mail client,
  and reply-to-all from there: mbox

  Avoid top-posting and favor interleaved quoting:
  https://en.wikipedia.org/wiki/Posting_style#Interleaved_style

* Reply using the --to, --cc, and --in-reply-to
  switches of git-send-email(1):

  git send-email \
    --in-reply-to=osstest-138921-mainreport@xen.org \
    --to=osstest-admin@xenproject.org \
    --cc=royger@FreeBSD.org \
    --cc=xen-devel@lists.xenproject.org \
    /path/to/YOUR_REPLY

  https://kernel.org/pub/software/scm/git/docs/git-send-email.html

* If your mail client supports setting the In-Reply-To header
  via mailto: links, try the mailto: link

Xen-Devel Archive on lore.kernel.org

Archives are clonable:
	git clone --mirror https://lore.kernel.org/xen-devel/0 xen-devel/git/0.git
	git clone --mirror https://lore.kernel.org/xen-devel/1 xen-devel/git/1.git

	# If you have public-inbox 1.1+ installed, you may
	# initialize and index your mirror using the following commands:
	public-inbox-init -V2 xen-devel xen-devel/ https://lore.kernel.org/xen-devel \
		xen-devel@lists.xenproject.org xen-devel@archiver.kernel.org
	public-inbox-index xen-devel


Newsgroup available over NNTP:
	nntp://nntp.lore.kernel.org/org.xenproject.lists.xen-devel


AGPL code for this site: git clone https://public-inbox.org/ public-inbox