Xen-Devel Archive on lore.kernel.org
 help / color / Atom feed
* [Xen-devel] [libvirt test] 138970: tolerable all pass - PUSHED
@ 2019-07-14 18:26 osstest service owner
  0 siblings, 0 replies; only message in thread
From: osstest service owner @ 2019-07-14 18:26 UTC (permalink / raw)
  To: xen-devel, osstest-admin

flight 138970 libvirt real [real]
http://logs.test-lab.xenproject.org/osstest/logs/138970/

Failures :-/ but no regressions.

Tests which did not succeed, but are not blocking:
 test-armhf-armhf-libvirt     14 saverestore-support-check    fail  like 138876
 test-armhf-armhf-libvirt-raw 13 saverestore-support-check    fail  like 138876
 test-amd64-amd64-libvirt-xsm 13 migrate-support-check        fail   never pass
 test-amd64-amd64-libvirt     13 migrate-support-check        fail   never pass
 test-amd64-i386-libvirt      13 migrate-support-check        fail   never pass
 test-amd64-i386-libvirt-xsm  13 migrate-support-check        fail   never pass
 test-amd64-amd64-libvirt-qemuu-debianhvm-amd64-xsm 11 migrate-support-check fail never pass
 test-amd64-i386-libvirt-qemuu-debianhvm-amd64-xsm 11 migrate-support-check fail never pass
 test-arm64-arm64-libvirt-xsm 13 migrate-support-check        fail   never pass
 test-arm64-arm64-libvirt-xsm 14 saverestore-support-check    fail   never pass
 test-arm64-arm64-libvirt     13 migrate-support-check        fail   never pass
 test-arm64-arm64-libvirt     14 saverestore-support-check    fail   never pass
 test-amd64-amd64-libvirt-vhd 12 migrate-support-check        fail   never pass
 test-arm64-arm64-libvirt-qcow2 12 migrate-support-check        fail never pass
 test-arm64-arm64-libvirt-qcow2 13 saverestore-support-check    fail never pass
 test-armhf-armhf-libvirt     13 migrate-support-check        fail   never pass
 test-armhf-armhf-libvirt-raw 12 migrate-support-check        fail   never pass

version targeted for testing:
 libvirt              3efdffc4507226ecf64dfdba54702bb4212324bc
baseline version:
 libvirt              2a5bc136393863689bb8f54cb14342d3fe17e227

Last test of basis   138876  2019-07-10 00:24:07 Z    4 days
Failing since        138895  2019-07-10 20:25:35 Z    3 days    4 attempts
Testing same since   138970  2019-07-13 23:58:02 Z    0 days    1 attempts

------------------------------------------------------------
People who touched revisions under test:
  Andrea Bolognani <abologna@redhat.com>
  Daniel P. Berrangé <berrange@redhat.com>
  Eric Blake <eblake@redhat.com>
  Han Han <hhan@redhat.com>
  Jonathon Jongsma <jjongsma@redhat.com>
  Ján Tomko <jtomko@redhat.com>
  Michal Privoznik <mprivozn@redhat.com>
  Peter Krempa <pkrempa@redhat.com>

jobs:
 build-amd64-xsm                                              pass    
 build-arm64-xsm                                              pass    
 build-i386-xsm                                               pass    
 build-amd64                                                  pass    
 build-arm64                                                  pass    
 build-armhf                                                  pass    
 build-i386                                                   pass    
 build-amd64-libvirt                                          pass    
 build-arm64-libvirt                                          pass    
 build-armhf-libvirt                                          pass    
 build-i386-libvirt                                           pass    
 build-amd64-pvops                                            pass    
 build-arm64-pvops                                            pass    
 build-armhf-pvops                                            pass    
 build-i386-pvops                                             pass    
 test-amd64-amd64-libvirt-qemuu-debianhvm-amd64-xsm           pass    
 test-amd64-i386-libvirt-qemuu-debianhvm-amd64-xsm            pass    
 test-amd64-amd64-libvirt-xsm                                 pass    
 test-arm64-arm64-libvirt-xsm                                 pass    
 test-amd64-i386-libvirt-xsm                                  pass    
 test-amd64-amd64-libvirt                                     pass    
 test-arm64-arm64-libvirt                                     pass    
 test-armhf-armhf-libvirt                                     pass    
 test-amd64-i386-libvirt                                      pass    
 test-amd64-amd64-libvirt-pair                                pass    
 test-amd64-i386-libvirt-pair                                 pass    
 test-arm64-arm64-libvirt-qcow2                               pass    
 test-armhf-armhf-libvirt-raw                                 pass    
 test-amd64-amd64-libvirt-vhd                                 pass    


------------------------------------------------------------
sg-report-flight on osstest.test-lab.xenproject.org
logs: /home/logs/logs
images: /home/logs/images

Logs, config files, etc. are available at
    http://logs.test-lab.xenproject.org/osstest/logs

Explanation of these reports, and of osstest in general, is at
    http://xenbits.xen.org/gitweb/?p=osstest.git;a=blob;f=README.email;hb=master
    http://xenbits.xen.org/gitweb/?p=osstest.git;a=blob;f=README;hb=master

Test harness code can be found at
    http://xenbits.xen.org/gitweb?p=osstest.git;a=summary


Pushing revision :

To xenbits.xen.org:/home/xen/git/libvirt.git
   2a5bc13639..3efdffc450  3efdffc4507226ecf64dfdba54702bb4212324bc -> xen-tested-master

_______________________________________________
Xen-devel mailing list
Xen-devel@lists.xenproject.org
https://lists.xenproject.org/mailman/listinfo/xen-devel

^ permalink raw reply	[flat|nested] only message in thread

only message in thread, back to index

Thread overview: (only message) (download: mbox.gz / follow: Atom feed)
-- links below jump to the message on this page --
2019-07-14 18:26 [Xen-devel] [libvirt test] 138970: tolerable all pass - PUSHED osstest service owner

Xen-Devel Archive on lore.kernel.org

Archives are clonable:
	git clone --mirror https://lore.kernel.org/xen-devel/0 xen-devel/git/0.git
	git clone --mirror https://lore.kernel.org/xen-devel/1 xen-devel/git/1.git

	# If you have public-inbox 1.1+ installed, you may
	# initialize and index your mirror using the following commands:
	public-inbox-init -V2 xen-devel xen-devel/ https://lore.kernel.org/xen-devel \
		xen-devel@lists.xenproject.org xen-devel@archiver.kernel.org
	public-inbox-index xen-devel


Newsgroup available over NNTP:
	nntp://nntp.lore.kernel.org/org.xenproject.lists.xen-devel


AGPL code for this site: git clone https://public-inbox.org/ public-inbox