* [Xen-devel] [xen-unstable-smoke test] 139879: tolerable all pass - PUSHED
@ 2019-08-09 21:30 osstest service owner
0 siblings, 0 replies; only message in thread
From: osstest service owner @ 2019-08-09 21:30 UTC (permalink / raw)
To: xen-devel, osstest-admin
flight 139879 xen-unstable-smoke real [real]
http://logs.test-lab.xenproject.org/osstest/logs/139879/
Failures :-/ but no regressions.
Tests which did not succeed, but are not blocking:
test-amd64-amd64-libvirt 13 migrate-support-check fail never pass
test-arm64-arm64-xl-xsm 13 migrate-support-check fail never pass
test-arm64-arm64-xl-xsm 14 saverestore-support-check fail never pass
test-armhf-armhf-xl 13 migrate-support-check fail never pass
test-armhf-armhf-xl 14 saverestore-support-check fail never pass
version targeted for testing:
xen 762b9a2d990bba1f3aefe660cff0c37ad2e375bc
baseline version:
xen 6c9639a72f0ca3a9430ef75f375877182281fdef
Last test of basis 139869 2019-08-09 15:00:50 Z 0 days
Testing same since 139879 2019-08-09 19:11:46 Z 0 days 1 attempts
------------------------------------------------------------
People who touched revisions under test:
Julien Grall <julien.grall@arm.com>
Stefano Stabellini <sstabellini@kernel.org>
Stefano Stabellini <stefanos@xilinx.com>
jobs:
build-arm64-xsm pass
build-amd64 pass
build-armhf pass
build-amd64-libvirt pass
test-armhf-armhf-xl pass
test-arm64-arm64-xl-xsm pass
test-amd64-amd64-xl-qemuu-debianhvm-amd64 pass
test-amd64-amd64-libvirt pass
------------------------------------------------------------
sg-report-flight on osstest.test-lab.xenproject.org
logs: /home/logs/logs
images: /home/logs/images
Logs, config files, etc. are available at
http://logs.test-lab.xenproject.org/osstest/logs
Explanation of these reports, and of osstest in general, is at
http://xenbits.xen.org/gitweb/?p=osstest.git;a=blob;f=README.email;hb=master
http://xenbits.xen.org/gitweb/?p=osstest.git;a=blob;f=README;hb=master
Test harness code can be found at
http://xenbits.xen.org/gitweb?p=osstest.git;a=summary
Pushing revision :
To xenbits.xen.org:/home/xen/git/xen.git
6c9639a72f..762b9a2d99 762b9a2d990bba1f3aefe660cff0c37ad2e375bc -> smoke
_______________________________________________
Xen-devel mailing list
Xen-devel@lists.xenproject.org
https://lists.xenproject.org/mailman/listinfo/xen-devel
^ permalink raw reply [flat|nested] only message in thread
only message in thread, other threads:[~2019-08-09 21:31 UTC | newest]
Thread overview: (only message) (download: mbox.gz / follow: Atom feed)
-- links below jump to the message on this page --
2019-08-09 21:30 [Xen-devel] [xen-unstable-smoke test] 139879: tolerable all pass - PUSHED osstest service owner
This is a public inbox, see mirroring instructions
for how to clone and mirror all data and code used for this inbox;
as well as URLs for NNTP newsgroup(s).