* [Xen-devel] [libvirt test] 139925: regressions - FAIL
@ 2019-08-11 20:41 osstest service owner
0 siblings, 0 replies; only message in thread
From: osstest service owner @ 2019-08-11 20:41 UTC (permalink / raw)
To: xen-devel, osstest-admin
flight 139925 libvirt real [real]
http://logs.test-lab.xenproject.org/osstest/logs/139925/
Regressions :-(
Tests which did not succeed and are blocking,
including tests which could not be run:
build-amd64-libvirt 6 libvirt-build fail REGR. vs. 139829
build-i386-libvirt 6 libvirt-build fail REGR. vs. 139829
build-arm64-libvirt 6 libvirt-build fail REGR. vs. 139829
build-armhf-libvirt 6 libvirt-build fail REGR. vs. 139829
Tests which did not succeed, but are not blocking:
test-amd64-i386-libvirt-xsm 1 build-check(1) blocked n/a
test-arm64-arm64-libvirt-xsm 1 build-check(1) blocked n/a
test-armhf-armhf-libvirt-raw 1 build-check(1) blocked n/a
test-arm64-arm64-libvirt-qcow2 1 build-check(1) blocked n/a
test-armhf-armhf-libvirt 1 build-check(1) blocked n/a
test-amd64-i386-libvirt-pair 1 build-check(1) blocked n/a
test-amd64-amd64-libvirt-vhd 1 build-check(1) blocked n/a
test-arm64-arm64-libvirt 1 build-check(1) blocked n/a
test-amd64-i386-libvirt-qemuu-debianhvm-amd64-xsm 1 build-check(1) blocked n/a
test-amd64-i386-libvirt 1 build-check(1) blocked n/a
test-amd64-amd64-libvirt-xsm 1 build-check(1) blocked n/a
test-amd64-amd64-libvirt-pair 1 build-check(1) blocked n/a
test-amd64-amd64-libvirt 1 build-check(1) blocked n/a
test-amd64-amd64-libvirt-qemuu-debianhvm-amd64-xsm 1 build-check(1) blocked n/a
version targeted for testing:
libvirt e4c05240bf96218a10cd331813327524cb020621
baseline version:
libvirt 086764748e1a6b9aaf968db68145e05837eae3bd
Last test of basis 139829 2019-08-08 04:19:02 Z 3 days
Failing since 139853 2019-08-09 04:24:11 Z 2 days 3 attempts
Testing same since 139888 2019-08-10 04:19:20 Z 1 days 2 attempts
------------------------------------------------------------
People who touched revisions under test:
Daniel P. Berrangé <berrange@redhat.com>
Eric Blake <eblake@redhat.com>
Han Han <hhan@redhat.com>
Ilias Stamatis <stamatis.iliass@gmail.com>
Jiri Denemark <jdenemar@redhat.com>
Ján Tomko <jtomko@redhat.com>
Marc-André Lureau <marcandre.lureau@redhat.com>
Maxiwell S. Garcia <maxiwell@linux.ibm.com>
Michal Privoznik <mprivozn@redhat.com>
Paolo Bonzini <pbonzini@redhat.com>
Roman Bolshakov <r.bolshakov@yadro.com>
jobs:
build-amd64-xsm pass
build-arm64-xsm pass
build-i386-xsm pass
build-amd64 pass
build-arm64 pass
build-armhf pass
build-i386 pass
build-amd64-libvirt fail
build-arm64-libvirt fail
build-armhf-libvirt fail
build-i386-libvirt fail
build-amd64-pvops pass
build-arm64-pvops pass
build-armhf-pvops pass
build-i386-pvops pass
test-amd64-amd64-libvirt-qemuu-debianhvm-amd64-xsm blocked
test-amd64-i386-libvirt-qemuu-debianhvm-amd64-xsm blocked
test-amd64-amd64-libvirt-xsm blocked
test-arm64-arm64-libvirt-xsm blocked
test-amd64-i386-libvirt-xsm blocked
test-amd64-amd64-libvirt blocked
test-arm64-arm64-libvirt blocked
test-armhf-armhf-libvirt blocked
test-amd64-i386-libvirt blocked
test-amd64-amd64-libvirt-pair blocked
test-amd64-i386-libvirt-pair blocked
test-arm64-arm64-libvirt-qcow2 blocked
test-armhf-armhf-libvirt-raw blocked
test-amd64-amd64-libvirt-vhd blocked
------------------------------------------------------------
sg-report-flight on osstest.test-lab.xenproject.org
logs: /home/logs/logs
images: /home/logs/images
Logs, config files, etc. are available at
http://logs.test-lab.xenproject.org/osstest/logs
Explanation of these reports, and of osstest in general, is at
http://xenbits.xen.org/gitweb/?p=osstest.git;a=blob;f=README.email;hb=master
http://xenbits.xen.org/gitweb/?p=osstest.git;a=blob;f=README;hb=master
Test harness code can be found at
http://xenbits.xen.org/gitweb?p=osstest.git;a=summary
Not pushing.
(No revision log; it would be 1403 lines long.)
_______________________________________________
Xen-devel mailing list
Xen-devel@lists.xenproject.org
https://lists.xenproject.org/mailman/listinfo/xen-devel
^ permalink raw reply [flat|nested] only message in thread
only message in thread, other threads:[~2019-08-11 20:42 UTC | newest]
Thread overview: (only message) (download: mbox.gz / follow: Atom feed)
-- links below jump to the message on this page --
2019-08-11 20:41 [Xen-devel] [libvirt test] 139925: regressions - FAIL osstest service owner
This is a public inbox, see mirroring instructions
for how to clone and mirror all data and code used for this inbox;
as well as URLs for NNTP newsgroup(s).