* [Xen-devel] [xen-unstable-smoke test] 140124: tolerable all pass - PUSHED
@ 2019-08-14 18:08 osstest service owner
0 siblings, 0 replies; only message in thread
From: osstest service owner @ 2019-08-14 18:08 UTC (permalink / raw)
To: xen-devel, osstest-admin
flight 140124 xen-unstable-smoke real [real]
http://logs.test-lab.xenproject.org/osstest/logs/140124/
Failures :-/ but no regressions.
Tests which did not succeed, but are not blocking:
test-amd64-amd64-libvirt 13 migrate-support-check fail never pass
test-arm64-arm64-xl-xsm 13 migrate-support-check fail never pass
test-arm64-arm64-xl-xsm 14 saverestore-support-check fail never pass
test-armhf-armhf-xl 13 migrate-support-check fail never pass
test-armhf-armhf-xl 14 saverestore-support-check fail never pass
version targeted for testing:
xen 854a49a7486a02edae5b3e53617bace526e9c1b1
baseline version:
xen 7ef3c2f298f2d9405d73f0c1db4563ab62559bd7
Last test of basis 140112 2019-08-14 11:00:35 Z 0 days
Testing same since 140124 2019-08-14 15:10:14 Z 0 days 1 attempts
------------------------------------------------------------
People who touched revisions under test:
Alexandru Isaila <aisaila@bitdefender.com>
Alexandru Stefan ISAILA <aisaila@bitdefender.com>
Andrew Cooper <andrew.cooper3@citrix.com>
Brian Woods <brian.woods@amd.com>
Julien Grall <julien.grall@arm.com>
Michael Young <m.a.young@durham.ac.uk>
Stefano Stabellini <sstabellini@kernel.org>
Wei Liu <wl@xen.org>
jobs:
build-arm64-xsm pass
build-amd64 pass
build-armhf pass
build-amd64-libvirt pass
test-armhf-armhf-xl pass
test-arm64-arm64-xl-xsm pass
test-amd64-amd64-xl-qemuu-debianhvm-amd64 pass
test-amd64-amd64-libvirt pass
------------------------------------------------------------
sg-report-flight on osstest.test-lab.xenproject.org
logs: /home/logs/logs
images: /home/logs/images
Logs, config files, etc. are available at
http://logs.test-lab.xenproject.org/osstest/logs
Explanation of these reports, and of osstest in general, is at
http://xenbits.xen.org/gitweb/?p=osstest.git;a=blob;f=README.email;hb=master
http://xenbits.xen.org/gitweb/?p=osstest.git;a=blob;f=README;hb=master
Test harness code can be found at
http://xenbits.xen.org/gitweb?p=osstest.git;a=summary
Pushing revision :
To xenbits.xen.org:/home/xen/git/xen.git
7ef3c2f298..854a49a748 854a49a7486a02edae5b3e53617bace526e9c1b1 -> smoke
_______________________________________________
Xen-devel mailing list
Xen-devel@lists.xenproject.org
https://lists.xenproject.org/mailman/listinfo/xen-devel
^ permalink raw reply [flat|nested] only message in thread
only message in thread, other threads:[~2019-08-14 18:09 UTC | newest]
Thread overview: (only message) (download: mbox.gz / follow: Atom feed)
-- links below jump to the message on this page --
2019-08-14 18:08 [Xen-devel] [xen-unstable-smoke test] 140124: tolerable all pass - PUSHED osstest service owner
This is a public inbox, see mirroring instructions
for how to clone and mirror all data and code used for this inbox;
as well as URLs for NNTP newsgroup(s).