* [Xen-devel] [xen-unstable-smoke test] 140371: tolerable all pass - PUSHED
@ 2019-08-19 17:31 osstest service owner
0 siblings, 0 replies; only message in thread
From: osstest service owner @ 2019-08-19 17:31 UTC (permalink / raw)
To: xen-devel, osstest-admin
flight 140371 xen-unstable-smoke real [real]
http://logs.test-lab.xenproject.org/osstest/logs/140371/
Failures :-/ but no regressions.
Tests which did not succeed, but are not blocking:
test-amd64-amd64-libvirt 13 migrate-support-check fail never pass
test-arm64-arm64-xl-xsm 13 migrate-support-check fail never pass
test-arm64-arm64-xl-xsm 14 saverestore-support-check fail never pass
test-armhf-armhf-xl 13 migrate-support-check fail never pass
test-armhf-armhf-xl 14 saverestore-support-check fail never pass
version targeted for testing:
xen 427b9c58f50bfbf6be99c0470079a165add18d22
baseline version:
xen f7efd9c792738f579e3c7062d8d3e90b21d8a771
Last test of basis 140214 2019-08-16 22:00:55 Z 2 days
Testing same since 140371 2019-08-19 15:07:44 Z 0 days 1 attempts
------------------------------------------------------------
People who touched revisions under test:
George Dunlap <george.dunlap@citrix.com>
Jan Beulich <jbeulich@suse.com>
Julien Grall <julien.grall@arm.com>
Michał Kowalczyk <mkow@invisiblethingslab.com>
Stefano Stabellini <sstabellini@kernel.org>
jobs:
build-arm64-xsm pass
build-amd64 pass
build-armhf pass
build-amd64-libvirt pass
test-armhf-armhf-xl pass
test-arm64-arm64-xl-xsm pass
test-amd64-amd64-xl-qemuu-debianhvm-amd64 pass
test-amd64-amd64-libvirt pass
------------------------------------------------------------
sg-report-flight on osstest.test-lab.xenproject.org
logs: /home/logs/logs
images: /home/logs/images
Logs, config files, etc. are available at
http://logs.test-lab.xenproject.org/osstest/logs
Explanation of these reports, and of osstest in general, is at
http://xenbits.xen.org/gitweb/?p=osstest.git;a=blob;f=README.email;hb=master
http://xenbits.xen.org/gitweb/?p=osstest.git;a=blob;f=README;hb=master
Test harness code can be found at
http://xenbits.xen.org/gitweb?p=osstest.git;a=summary
Pushing revision :
To xenbits.xen.org:/home/xen/git/xen.git
f7efd9c792..427b9c58f5 427b9c58f50bfbf6be99c0470079a165add18d22 -> smoke
_______________________________________________
Xen-devel mailing list
Xen-devel@lists.xenproject.org
https://lists.xenproject.org/mailman/listinfo/xen-devel
^ permalink raw reply [flat|nested] only message in thread
only message in thread, other threads:[~2019-08-19 17:32 UTC | newest]
Thread overview: (only message) (download: mbox.gz / follow: Atom feed)
-- links below jump to the message on this page --
2019-08-19 17:31 [Xen-devel] [xen-unstable-smoke test] 140371: tolerable all pass - PUSHED osstest service owner
This is a public inbox, see mirroring instructions
for how to clone and mirror all data and code used for this inbox;
as well as URLs for NNTP newsgroup(s).