Xen-Devel Archive on lore.kernel.org
 help / color / Atom feed
* [Xen-devel] [libvirt test] 140510: regressions - FAIL
@ 2019-08-22 21:07 osstest service owner
  0 siblings, 0 replies; only message in thread
From: osstest service owner @ 2019-08-22 21:07 UTC (permalink / raw)
  To: xen-devel, osstest-admin

flight 140510 libvirt real [real]
http://logs.test-lab.xenproject.org/osstest/logs/140510/

Regressions :-(

Tests which did not succeed and are blocking,
including tests which could not be run:
 build-amd64-xsm               6 xen-build                fail REGR. vs. 139829

Tests which did not succeed, but are not blocking:
 test-amd64-i386-libvirt-xsm   1 build-check(1)               blocked  n/a
 test-amd64-amd64-libvirt-xsm  1 build-check(1)               blocked  n/a
 test-amd64-amd64-libvirt-qemuu-debianhvm-amd64-xsm 1 build-check(1) blocked n/a
 test-amd64-i386-libvirt-qemuu-debianhvm-amd64-xsm 1 build-check(1) blocked n/a
 test-armhf-armhf-libvirt     14 saverestore-support-check    fail  like 139829
 test-armhf-armhf-libvirt-raw 13 saverestore-support-check    fail  like 139829
 test-amd64-amd64-libvirt     13 migrate-support-check        fail   never pass
 test-amd64-i386-libvirt      13 migrate-support-check        fail   never pass
 test-arm64-arm64-libvirt     13 migrate-support-check        fail   never pass
 test-arm64-arm64-libvirt     14 saverestore-support-check    fail   never pass
 test-arm64-arm64-libvirt-xsm 13 migrate-support-check        fail   never pass
 test-arm64-arm64-libvirt-xsm 14 saverestore-support-check    fail   never pass
 test-amd64-amd64-libvirt-vhd 12 migrate-support-check        fail   never pass
 test-arm64-arm64-libvirt-qcow2 12 migrate-support-check        fail never pass
 test-arm64-arm64-libvirt-qcow2 13 saverestore-support-check    fail never pass
 test-armhf-armhf-libvirt     13 migrate-support-check        fail   never pass
 test-armhf-armhf-libvirt-raw 12 migrate-support-check        fail   never pass

version targeted for testing:
 libvirt              e672f827d955227b3f5088666e509cdb46b808dc
baseline version:
 libvirt              086764748e1a6b9aaf968db68145e05837eae3bd

Last test of basis   139829  2019-08-08 04:19:02 Z   14 days
Failing since        139853  2019-08-09 04:24:11 Z   13 days   14 attempts
Testing same since   140510  2019-08-22 04:22:06 Z    0 days    1 attempts

------------------------------------------------------------
People who touched revisions under test:
  Andrea Bolognani <abologna@redhat.com>
  Daniel Henrique Barboza <danielhb413@gmail.com>
  Daniel P. Berrangé <berrange@redhat.com>
  Eric Blake <eblake@redhat.com>
  Han Han <hhan@redhat.com>
  He Xin <hexin15@baidu.com>
  hexin <hexin15@baidu.com>
  Ilias Stamatis <stamatis.iliass@gmail.com>
  Jim Fehlig <jfehlig@suse.com>
  Jiri Denemark <jdenemar@redhat.com>
  Ján Tomko <jtomko@redhat.com>
  Laine Stump <laine@redhat.com>
  Liu Qi <liuqi16@baidu.com>
  Marc-André Lureau <marcandre.lureau@redhat.com>
  Maxiwell S. Garcia <maxiwell@linux.ibm.com>
  Menno Lageman <menno.lageman@oracle.com>
  Michal Privoznik <mprivozn@redhat.com>
  Paolo Bonzini <pbonzini@redhat.com>
  Pavel Hrdina <phrdina@redhat.com>
  Peter Krempa <pkrempa@redhat.com>
  Roman Bolshakov <r.bolshakov@yadro.com>
  Vitaly Kuznetsov <vkuznets@redhat.com>
  Wang Huaqiang <huaqiang.wang@intel.com>
  Wim ten Have <wim.ten.have@oracle.com>
  Zhang Yu <zhangyu31@baidu.com>

jobs:
 build-amd64-xsm                                              fail    
 build-arm64-xsm                                              pass    
 build-i386-xsm                                               pass    
 build-amd64                                                  pass    
 build-arm64                                                  pass    
 build-armhf                                                  pass    
 build-i386                                                   pass    
 build-amd64-libvirt                                          pass    
 build-arm64-libvirt                                          pass    
 build-armhf-libvirt                                          pass    
 build-i386-libvirt                                           pass    
 build-amd64-pvops                                            pass    
 build-arm64-pvops                                            pass    
 build-armhf-pvops                                            pass    
 build-i386-pvops                                             pass    
 test-amd64-amd64-libvirt-qemuu-debianhvm-amd64-xsm           blocked 
 test-amd64-i386-libvirt-qemuu-debianhvm-amd64-xsm            blocked 
 test-amd64-amd64-libvirt-xsm                                 blocked 
 test-arm64-arm64-libvirt-xsm                                 pass    
 test-amd64-i386-libvirt-xsm                                  blocked 
 test-amd64-amd64-libvirt                                     pass    
 test-arm64-arm64-libvirt                                     pass    
 test-armhf-armhf-libvirt                                     pass    
 test-amd64-i386-libvirt                                      pass    
 test-amd64-amd64-libvirt-pair                                pass    
 test-amd64-i386-libvirt-pair                                 pass    
 test-arm64-arm64-libvirt-qcow2                               pass    
 test-armhf-armhf-libvirt-raw                                 pass    
 test-amd64-amd64-libvirt-vhd                                 pass    


------------------------------------------------------------
sg-report-flight on osstest.test-lab.xenproject.org
logs: /home/logs/logs
images: /home/logs/images

Logs, config files, etc. are available at
    http://logs.test-lab.xenproject.org/osstest/logs

Explanation of these reports, and of osstest in general, is at
    http://xenbits.xen.org/gitweb/?p=osstest.git;a=blob;f=README.email;hb=master
    http://xenbits.xen.org/gitweb/?p=osstest.git;a=blob;f=README;hb=master

Test harness code can be found at
    http://xenbits.xen.org/gitweb?p=osstest.git;a=summary


Not pushing.

(No revision log; it would be 3321 lines long.)

_______________________________________________
Xen-devel mailing list
Xen-devel@lists.xenproject.org
https://lists.xenproject.org/mailman/listinfo/xen-devel

^ permalink raw reply	[flat|nested] only message in thread

only message in thread, back to index

Thread overview: (only message) (download: mbox.gz / follow: Atom feed)
-- links below jump to the message on this page --
2019-08-22 21:07 [Xen-devel] [libvirt test] 140510: regressions - FAIL osstest service owner

Xen-Devel Archive on lore.kernel.org

Archives are clonable:
	git clone --mirror https://lore.kernel.org/xen-devel/0 xen-devel/git/0.git
	git clone --mirror https://lore.kernel.org/xen-devel/1 xen-devel/git/1.git

	# If you have public-inbox 1.1+ installed, you may
	# initialize and index your mirror using the following commands:
	public-inbox-init -V2 xen-devel xen-devel/ https://lore.kernel.org/xen-devel \
		xen-devel@lists.xenproject.org xen-devel@archiver.kernel.org
	public-inbox-index xen-devel


Newsgroup available over NNTP:
	nntp://nntp.lore.kernel.org/org.xenproject.lists.xen-devel


AGPL code for this site: git clone https://public-inbox.org/ public-inbox