Xen-Devel Archive on lore.kernel.org
 help / color / Atom feed
* [Xen-devel] [ovmf test] 140559: tolerable FAIL - PUSHED
@ 2019-08-23 21:01 osstest service owner
  0 siblings, 0 replies; only message in thread
From: osstest service owner @ 2019-08-23 21:01 UTC (permalink / raw)
  To: xen-devel, osstest-admin

flight 140559 ovmf real [real]
http://logs.test-lab.xenproject.org/osstest/logs/140559/

Failures :-/ but no regressions.

Tests which did not succeed, but are not blocking:
 test-amd64-i386-xl-qemuu-ovmf-amd64 18 guest-start/debianhvm.repeat fail like 140487

version targeted for testing:
 ovmf                 abc0155b034230128ad4aaa51ac05a315acfa7c1
baseline version:
 ovmf                 1237517b21305ad96834f9a0514a8365dd8a1c41

Last test of basis   140527  2019-08-22 13:23:09 Z    1 days
Testing same since   140559  2019-08-23 04:52:13 Z    0 days    1 attempts

------------------------------------------------------------
People who touched revisions under test:
  Bob Feng <bob.c.feng@intel.com>
  Feng, Bob C <bob.c.feng@intel.com>
  Shi, Steven <steven.shi@intel.com>
  Steven Shi <steven.shi@intel.com>

jobs:
 build-amd64-xsm                                              pass    
 build-i386-xsm                                               pass    
 build-amd64                                                  pass    
 build-i386                                                   pass    
 build-amd64-libvirt                                          pass    
 build-i386-libvirt                                           pass    
 build-amd64-pvops                                            pass    
 build-i386-pvops                                             pass    
 test-amd64-amd64-xl-qemuu-ovmf-amd64                         pass    
 test-amd64-i386-xl-qemuu-ovmf-amd64                          fail    


------------------------------------------------------------
sg-report-flight on osstest.test-lab.xenproject.org
logs: /home/logs/logs
images: /home/logs/images

Logs, config files, etc. are available at
    http://logs.test-lab.xenproject.org/osstest/logs

Explanation of these reports, and of osstest in general, is at
    http://xenbits.xen.org/gitweb/?p=osstest.git;a=blob;f=README.email;hb=master
    http://xenbits.xen.org/gitweb/?p=osstest.git;a=blob;f=README;hb=master

Test harness code can be found at
    http://xenbits.xen.org/gitweb?p=osstest.git;a=summary


Pushing revision :

To xenbits.xen.org:/home/xen/git/osstest/ovmf.git
   1237517b21..abc0155b03  abc0155b034230128ad4aaa51ac05a315acfa7c1 -> xen-tested-master

_______________________________________________
Xen-devel mailing list
Xen-devel@lists.xenproject.org
https://lists.xenproject.org/mailman/listinfo/xen-devel

^ permalink raw reply	[flat|nested] only message in thread

only message in thread, back to index

Thread overview: (only message) (download: mbox.gz / follow: Atom feed)
-- links below jump to the message on this page --
2019-08-23 21:01 [Xen-devel] [ovmf test] 140559: tolerable FAIL - PUSHED osstest service owner

Xen-Devel Archive on lore.kernel.org

Archives are clonable:
	git clone --mirror https://lore.kernel.org/xen-devel/0 xen-devel/git/0.git
	git clone --mirror https://lore.kernel.org/xen-devel/1 xen-devel/git/1.git

	# If you have public-inbox 1.1+ installed, you may
	# initialize and index your mirror using the following commands:
	public-inbox-init -V2 xen-devel xen-devel/ https://lore.kernel.org/xen-devel \
		xen-devel@lists.xenproject.org xen-devel@archiver.kernel.org
	public-inbox-index xen-devel


Newsgroup available over NNTP:
	nntp://nntp.lore.kernel.org/org.xenproject.lists.xen-devel


AGPL code for this site: git clone https://public-inbox.org/ public-inbox