* [Xen-devel] [xen-unstable-smoke test] 140575: tolerable all pass - PUSHED
@ 2019-08-23 16:10 osstest service owner
0 siblings, 0 replies; only message in thread
From: osstest service owner @ 2019-08-23 16:10 UTC (permalink / raw)
To: xen-devel, osstest-admin
flight 140575 xen-unstable-smoke real [real]
http://logs.test-lab.xenproject.org/osstest/logs/140575/
Failures :-/ but no regressions.
Tests which did not succeed, but are not blocking:
test-amd64-amd64-libvirt 13 migrate-support-check fail never pass
test-arm64-arm64-xl-xsm 13 migrate-support-check fail never pass
test-arm64-arm64-xl-xsm 14 saverestore-support-check fail never pass
test-armhf-armhf-xl 13 migrate-support-check fail never pass
test-armhf-armhf-xl 14 saverestore-support-check fail never pass
version targeted for testing:
xen f6cc37ea8ac71385b60507c034519f304da75f4c
baseline version:
xen a1dc65aaf470fa01f394e01ab6747d135961a0ae
Last test of basis 140513 2019-08-22 05:03:09 Z 1 days
Testing same since 140575 2019-08-23 13:02:50 Z 0 days 1 attempts
------------------------------------------------------------
People who touched revisions under test:
Andrew Cooper <andrew.cooper3@citrix.com>
Christian Lindig <christian.lindig@citrix.com>
Daniel De Graaf <dgdegra@tycho.nsa.gov>
George Dunlap <George.Dunlap@eu.citrix.com>
Igor Druzhinin <igor.druzhinin@citrix.com>
Jan Beulich <jbeulich@suse.com>
Paul Durrant <paul.durrant@citrix.com>
jobs:
build-arm64-xsm pass
build-amd64 pass
build-armhf pass
build-amd64-libvirt pass
test-armhf-armhf-xl pass
test-arm64-arm64-xl-xsm pass
test-amd64-amd64-xl-qemuu-debianhvm-amd64 pass
test-amd64-amd64-libvirt pass
------------------------------------------------------------
sg-report-flight on osstest.test-lab.xenproject.org
logs: /home/logs/logs
images: /home/logs/images
Logs, config files, etc. are available at
http://logs.test-lab.xenproject.org/osstest/logs
Explanation of these reports, and of osstest in general, is at
http://xenbits.xen.org/gitweb/?p=osstest.git;a=blob;f=README.email;hb=master
http://xenbits.xen.org/gitweb/?p=osstest.git;a=blob;f=README;hb=master
Test harness code can be found at
http://xenbits.xen.org/gitweb?p=osstest.git;a=summary
Pushing revision :
To xenbits.xen.org:/home/xen/git/xen.git
a1dc65aaf4..f6cc37ea8a f6cc37ea8ac71385b60507c034519f304da75f4c -> smoke
_______________________________________________
Xen-devel mailing list
Xen-devel@lists.xenproject.org
https://lists.xenproject.org/mailman/listinfo/xen-devel
^ permalink raw reply [flat|nested] only message in thread
only message in thread, other threads:[~2019-08-23 16:11 UTC | newest]
Thread overview: (only message) (download: mbox.gz / follow: Atom feed)
-- links below jump to the message on this page --
2019-08-23 16:10 [Xen-devel] [xen-unstable-smoke test] 140575: tolerable all pass - PUSHED osstest service owner
This is a public inbox, see mirroring instructions
for how to clone and mirror all data and code used for this inbox;
as well as URLs for NNTP newsgroup(s).