* [Xen-devel] [ovmf test] 140684: regressions - FAIL
@ 2019-08-27 19:39 osstest service owner
0 siblings, 0 replies; only message in thread
From: osstest service owner @ 2019-08-27 19:39 UTC (permalink / raw)
To: xen-devel, osstest-admin
flight 140684 ovmf real [real]
http://logs.test-lab.xenproject.org/osstest/logs/140684/
Regressions :-(
Tests which did not succeed and are blocking,
including tests which could not be run:
build-amd64-xsm 6 xen-build fail REGR. vs. 140559
build-amd64 6 xen-build fail REGR. vs. 140559
Tests which did not succeed, but are not blocking:
test-amd64-amd64-xl-qemuu-ovmf-amd64 1 build-check(1) blocked n/a
test-amd64-i386-xl-qemuu-ovmf-amd64 1 build-check(1) blocked n/a
build-amd64-libvirt 1 build-check(1) blocked n/a
version targeted for testing:
ovmf 30b4abc6e9141356639207d1cc280058a0229a36
baseline version:
ovmf abc0155b034230128ad4aaa51ac05a315acfa7c1
Last test of basis 140559 2019-08-23 04:52:13 Z 4 days
Testing same since 140684 2019-08-26 22:09:16 Z 0 days 1 attempts
------------------------------------------------------------
People who touched revisions under test:
Michael D Kinney <michael.d.kinney@intel.com>
Tim Lewis <tim.lewis@insyde.com>
jobs:
build-amd64-xsm fail
build-i386-xsm pass
build-amd64 fail
build-i386 pass
build-amd64-libvirt blocked
build-i386-libvirt pass
build-amd64-pvops pass
build-i386-pvops pass
test-amd64-amd64-xl-qemuu-ovmf-amd64 blocked
test-amd64-i386-xl-qemuu-ovmf-amd64 blocked
------------------------------------------------------------
sg-report-flight on osstest.test-lab.xenproject.org
logs: /home/logs/logs
images: /home/logs/images
Logs, config files, etc. are available at
http://logs.test-lab.xenproject.org/osstest/logs
Explanation of these reports, and of osstest in general, is at
http://xenbits.xen.org/gitweb/?p=osstest.git;a=blob;f=README.email;hb=master
http://xenbits.xen.org/gitweb/?p=osstest.git;a=blob;f=README;hb=master
Test harness code can be found at
http://xenbits.xen.org/gitweb?p=osstest.git;a=summary
Not pushing.
------------------------------------------------------------
commit 30b4abc6e9141356639207d1cc280058a0229a36
Author: Michael D Kinney <michael.d.kinney@intel.com>
Date: Thu Aug 22 10:36:10 2019 +0800
EmulatorPkg/Win/Host: Fix SecPrint() log line endings
Update use of SecPrint() to consistently use \n\r for
line endings to fix formatting issues in the debug log.
Cc: Jordan Justen <jordan.l.justen@intel.com>
Reviewed-by: Ray Ni <ray.ni@intel.com>
Cc: Andrew Fish <afish@apple.com>
Tested-by: Tim Lewis <tim.lewis@insyde.com>
Signed-off-by: Michael D Kinney <michael.d.kinney@intel.com>
commit 10ccc27c9548ab2550689e68f6f45dc48120bc79
Author: Michael D Kinney <michael.d.kinney@intel.com>
Date: Thu Aug 22 10:36:09 2019 +0800
EmulatorPkg/Win/Host: Fix image unload regression
https://bugzilla.tianocore.org/show_bug.cgi?id=2104
When UEFI Applications or UEFI Drivers are unloaded,
the PeCoffLoaderUnloadImageExtraAction() needs to unload
the image using FreeLibrary() if the image was successfully
loaded using LoadLibrrayEx().
This is a regression from the Nt32Pkg that supported
unloading applications and drivers as well as loading
the same application or driver multiple times.
Cc: Jordan Justen <jordan.l.justen@intel.com>
Reviewed-by: Ray Ni <ray.ni@intel.com>
Cc: Andrew Fish <afish@apple.com>
Tested-by: Tim Lewis <tim.lewis@insyde.com>
Signed-off-by: Michael D Kinney <michael.d.kinney@intel.com>
_______________________________________________
Xen-devel mailing list
Xen-devel@lists.xenproject.org
https://lists.xenproject.org/mailman/listinfo/xen-devel
^ permalink raw reply [flat|nested] only message in thread
only message in thread, other threads:[~2019-08-27 19:40 UTC | newest]
Thread overview: (only message) (download: mbox.gz / follow: Atom feed)
-- links below jump to the message on this page --
2019-08-27 19:39 [Xen-devel] [ovmf test] 140684: regressions - FAIL osstest service owner
This is a public inbox, see mirroring instructions
for how to clone and mirror all data and code used for this inbox;
as well as URLs for NNTP newsgroup(s).