Xen-Devel Archive on lore.kernel.org
 help / color / Atom feed
* [Xen-devel] [linux-4.14 test] 141186: regressions - FAIL
@ 2019-09-11  1:22 osstest service owner
  0 siblings, 0 replies; only message in thread
From: osstest service owner @ 2019-09-11  1:22 UTC (permalink / raw)
  To: xen-devel, osstest-admin

flight 141186 linux-4.14 real [real]
http://logs.test-lab.xenproject.org/osstest/logs/141186/

Regressions :-(

Tests which did not succeed and are blocking,
including tests which could not be run:
 build-amd64                   6 xen-build                fail REGR. vs. 139910

Tests which did not succeed, but are not blocking:
 test-amd64-amd64-amd64-pvgrub  1 build-check(1)               blocked  n/a
 test-amd64-amd64-libvirt-qemuu-debianhvm-amd64-xsm 1 build-check(1) blocked n/a
 test-amd64-amd64-xl           1 build-check(1)               blocked  n/a
 test-amd64-i386-xl-qemuu-debianhvm-amd64  1 build-check(1)         blocked n/a
 test-amd64-i386-qemuu-rhel6hvm-intel  1 build-check(1)             blocked n/a
 test-amd64-amd64-pair         1 build-check(1)               blocked  n/a
 test-amd64-i386-xl-qemuu-ws16-amd64  1 build-check(1)              blocked n/a
 test-amd64-i386-freebsd10-i386  1 build-check(1)               blocked  n/a
 test-amd64-i386-xl-qemuu-dmrestrict-amd64-dmrestrict 1 build-check(1) blocked n/a
 test-amd64-amd64-xl-credit2   1 build-check(1)               blocked  n/a
 test-amd64-i386-qemut-rhel6hvm-amd  1 build-check(1)               blocked n/a
 build-amd64-libvirt           1 build-check(1)               blocked  n/a
 test-amd64-i386-pair          1 build-check(1)               blocked  n/a
 test-amd64-i386-xl-qemuu-win7-amd64  1 build-check(1)              blocked n/a
 test-amd64-i386-qemut-rhel6hvm-intel  1 build-check(1)             blocked n/a
 test-amd64-i386-xl-qemut-win7-amd64  1 build-check(1)              blocked n/a
 test-amd64-i386-xl-qemut-ws16-amd64  1 build-check(1)              blocked n/a
 test-amd64-amd64-qemuu-nested-intel  1 build-check(1)              blocked n/a
 test-amd64-i386-libvirt-pair  1 build-check(1)               blocked  n/a
 test-amd64-i386-xl-qemut-win10-i386  1 build-check(1)              blocked n/a
 test-amd64-amd64-xl-qemuu-ovmf-amd64  1 build-check(1)             blocked n/a
 test-amd64-i386-examine       1 build-check(1)               blocked  n/a
 test-amd64-i386-xl-qemuu-ovmf-amd64  1 build-check(1)              blocked n/a
 test-amd64-amd64-xl-qemut-win7-amd64  1 build-check(1)             blocked n/a
 test-amd64-amd64-xl-qemuu-win10-i386  1 build-check(1)             blocked n/a
 test-amd64-amd64-xl-qemuu-ws16-amd64  1 build-check(1)             blocked n/a
 test-amd64-amd64-libvirt      1 build-check(1)               blocked  n/a
 test-amd64-i386-xl-raw        1 build-check(1)               blocked  n/a
 test-amd64-amd64-libvirt-vhd  1 build-check(1)               blocked  n/a
 test-amd64-amd64-xl-qemut-win10-i386  1 build-check(1)             blocked n/a
 test-amd64-i386-xl-qemuu-win10-i386  1 build-check(1)              blocked n/a
 test-amd64-amd64-xl-multivcpu  1 build-check(1)               blocked  n/a
 test-amd64-amd64-xl-qemuu-win7-amd64  1 build-check(1)             blocked n/a
 test-amd64-i386-libvirt       1 build-check(1)               blocked  n/a
 test-amd64-amd64-xl-rtds      1 build-check(1)               blocked  n/a
 test-amd64-amd64-examine      1 build-check(1)               blocked  n/a
 test-amd64-i386-xl-qemuu-debianhvm-amd64-shadow  1 build-check(1)  blocked n/a
 test-amd64-i386-xl-pvshim     1 build-check(1)               blocked  n/a
 test-amd64-i386-xl-shadow     1 build-check(1)               blocked  n/a
 test-amd64-amd64-xl-qemut-debianhvm-amd64  1 build-check(1)        blocked n/a
 test-amd64-amd64-xl-shadow    1 build-check(1)               blocked  n/a
 test-amd64-amd64-xl-qemut-ws16-amd64  1 build-check(1)             blocked n/a
 test-amd64-amd64-i386-pvgrub  1 build-check(1)               blocked  n/a
 test-amd64-amd64-xl-credit1   1 build-check(1)               blocked  n/a
 test-amd64-amd64-xl-pvhv2-amd  1 build-check(1)               blocked  n/a
 test-amd64-amd64-libvirt-xsm  1 build-check(1)               blocked  n/a
 test-amd64-amd64-xl-pvhv2-intel  1 build-check(1)               blocked  n/a
 test-amd64-amd64-pygrub       1 build-check(1)               blocked  n/a
 test-amd64-amd64-xl-pvshim    1 build-check(1)               blocked  n/a
 test-amd64-amd64-libvirt-pair  1 build-check(1)               blocked  n/a
 test-amd64-amd64-xl-qemuu-dmrestrict-amd64-dmrestrict 1 build-check(1) blocked n/a
 test-amd64-amd64-xl-qcow2     1 build-check(1)               blocked  n/a
 test-amd64-i386-xl            1 build-check(1)               blocked  n/a
 test-amd64-i386-freebsd10-amd64  1 build-check(1)               blocked  n/a
 test-amd64-amd64-qemuu-nested-amd  1 build-check(1)               blocked  n/a
 test-amd64-amd64-xl-qemuu-debianhvm-amd64-shadow  1 build-check(1) blocked n/a
 test-amd64-i386-xl-qemut-debianhvm-amd64  1 build-check(1)         blocked n/a
 test-amd64-i386-qemuu-rhel6hvm-amd  1 build-check(1)               blocked n/a
 test-amd64-amd64-xl-qemuu-debianhvm-amd64  1 build-check(1)        blocked n/a
 test-arm64-arm64-examine     11 examine-serial/bootloader    fail  like 139871
 test-amd64-i386-libvirt-xsm  13 migrate-support-check        fail   never pass
 test-arm64-arm64-xl-seattle  13 migrate-support-check        fail   never pass
 test-arm64-arm64-xl-seattle  14 saverestore-support-check    fail   never pass
 test-amd64-i386-libvirt-qemuu-debianhvm-amd64-xsm 11 migrate-support-check fail never pass
 test-arm64-arm64-xl-credit2  13 migrate-support-check        fail   never pass
 test-arm64-arm64-xl-credit2  14 saverestore-support-check    fail   never pass
 test-arm64-arm64-xl-credit1  13 migrate-support-check        fail   never pass
 test-arm64-arm64-xl-credit1  14 saverestore-support-check    fail   never pass
 test-arm64-arm64-xl-thunderx 13 migrate-support-check        fail   never pass
 test-arm64-arm64-xl-thunderx 14 saverestore-support-check    fail   never pass
 test-arm64-arm64-xl          13 migrate-support-check        fail   never pass
 test-arm64-arm64-xl          14 saverestore-support-check    fail   never pass
 test-armhf-armhf-xl-arndale  13 migrate-support-check        fail   never pass
 test-armhf-armhf-xl-arndale  14 saverestore-support-check    fail   never pass
 test-armhf-armhf-xl-credit2  13 migrate-support-check        fail   never pass
 test-armhf-armhf-xl-credit2  14 saverestore-support-check    fail   never pass
 test-armhf-armhf-xl-multivcpu 13 migrate-support-check        fail  never pass
 test-armhf-armhf-xl-multivcpu 14 saverestore-support-check    fail  never pass
 test-armhf-armhf-xl          13 migrate-support-check        fail   never pass
 test-armhf-armhf-xl          14 saverestore-support-check    fail   never pass
 test-armhf-armhf-xl-rtds     13 migrate-support-check        fail   never pass
 test-armhf-armhf-xl-credit1  13 migrate-support-check        fail   never pass
 test-armhf-armhf-xl-rtds     14 saverestore-support-check    fail   never pass
 test-armhf-armhf-xl-credit1  14 saverestore-support-check    fail   never pass
 test-armhf-armhf-libvirt     13 migrate-support-check        fail   never pass
 test-armhf-armhf-libvirt     14 saverestore-support-check    fail   never pass
 test-armhf-armhf-xl-cubietruck 13 migrate-support-check        fail never pass
 test-armhf-armhf-xl-cubietruck 14 saverestore-support-check    fail never pass
 test-arm64-arm64-xl-xsm      13 migrate-support-check        fail   never pass
 test-arm64-arm64-xl-xsm      14 saverestore-support-check    fail   never pass
 test-arm64-arm64-libvirt-xsm 13 migrate-support-check        fail   never pass
 test-arm64-arm64-libvirt-xsm 14 saverestore-support-check    fail   never pass
 test-armhf-armhf-libvirt-raw 12 migrate-support-check        fail   never pass
 test-armhf-armhf-libvirt-raw 13 saverestore-support-check    fail   never pass
 test-armhf-armhf-xl-vhd      12 migrate-support-check        fail   never pass
 test-armhf-armhf-xl-vhd      13 saverestore-support-check    fail   never pass

version targeted for testing:
 linux                e2cd24b629389b52a31d96d226ed150dacab9cdd
baseline version:
 linux                3ffe1e79c174b2093f7ee3df589a7705572c9620

Last test of basis   139910  2019-08-10 16:24:17 Z   31 days
Failing since        140193  2019-08-16 08:38:51 Z   25 days   31 attempts
Testing same since   141186  2019-09-10 16:47:08 Z    0 days    1 attempts

------------------------------------------------------------
People who touched revisions under test:
  Aaron Armstrong Skomra <aaron.skomra@wacom.com>
  Aaron Armstrong Skomra <skomra@gmail.com>
  Adrian Hunter <adrian.hunter@intel.com>
  Adrian Vladu <avladu@cloudbasesolutions.com>
  Alan Stern <stern@rowland.harvard.edu>
  Alastair D'Silva <alastair@d-silva.org>
  Alexander Shishkin <alexander.shishkin@linux.intel.com>
  Alexandre Courbot <acourbot@chromium.org>
  Alexei Starovoitov <ast@kernel.org>
  Alexey Kardashevskiy <aik@ozlabs.ru>
  Andrea Righi <andrea.righi@canonical.com>
  Andrew Cooks <andrew.cooks@opengear.com>
  Andrew Jones <drjones@redhat.com>
  Andrew Morton <akpm@linux-foundation.org>
  Andrzej Hajda <a.hajda@samsung.com>
  Angus Ainslie (Purism) <angus@akkea.ca>
  Arnaldo Carvalho de Melo <acme@redhat.com>
  Arnd Bergmann <arnd@arndb.de>
  Bandan Das <bsd@redhat.com>
  Bartosz Golaszewski <bgolaszewski@baylibre.com>
  Ben Hutchings <ben.hutchings@codethink.co.uk>
  Ben Hutchings <ben@decadent.org.uk>
  Ben Skeggs <bskeggs@redhat.com>
  Benjamin Herrenschmidt <benh@kernel.crashing.org>
  Benjamin Tissoires <benjamin.tissoires@redhat.com>
  Bjoern Gerhart <gerhart@posteo.de>
  Björn Gerhart <gerhart@posteo.de>
  Bob Ham <bob.ham@puri.sm>
  Borislav Petkov <bp@suse.de>
  Brian Norris <briannorris@chromium.org>
  Catalin Marinas <catalin.marinas@arm.com>
  Charles Keepax <ckeepax@opensource.cirrus.com>
  Chen-Yu Tsai <wens@csie.org>
  Chris Wilson <chris@chris-wilson.co.uk>
  Christophe JAILLET <christophe.jaillet@wanadoo.fr>
  CK Hu <ck.hu@mediatek.com>
  Codrin Ciubotariu <codrin.ciubotariu@microchip.com>
  Colin Ian King <colin.king@canonical.com>
  Cong Wang <xiyou.wangcong@gmail.com>
  Cornelia Huck <cohuck@redhat.com>
  Dan Carpenter <dan.carpenter@oracle.com>
  Daniel Borkmann <daniel@iogearbox.net>
  Daniel Drake <drake@endlessm.com>
  Darrick J. Wong <darrick.wong@oracle.com>
  Dave Airlie <airlied@redhat.com>
  David S. Miller <davem@davemloft.net>
  Deepak Rawat <drawat@vmware.com>
  Denis Kirjanov <kda@linux-powerpc.org>
  Dexuan Cui <decui@microsoft.com>
  Ding Xiang <dingxiang@cmss.chinamobile.com>
  Dirk Morris <dmorris@metaloft.com>
  Dmitry Fomichev <dmitry.fomichev@wdc.com>
  Dmitry Torokhov <dmitry.torokhov@gmail.com>
  Don Brace <don.brace@microsemi.com>
  Doug Ledford <dledford@redhat.com>
  Emmanuel Grumbach <emmanuel.grumbach@intel.com>
  Eric Dumazet <edumazet@google.com>
  Eugen Hristev <eugen.hristev@microchip.com>
  Farhan Ali <alifm@linux.ibm.com>
  Felipe Balbi <felipe.balbi@linux.intel.com>
  Feng Sun <loyou85@gmail.com>
  Florian Westphal <fw@strlen.de>
  Fuqian Huang <huangfq.daxian@gmail.com>
  Gary R Hook <gary.hook@amd.com>
  Gavin Li <git@thegavinli.com>
  Geert Uytterhoeven <geert+renesas@glider.be>
  Greg Kroah-Hartman <gregkh@linuxfoundation.org>
  Guenter Roeck <linux@roeck-us.net>
  Gustavo A. R. Silva <gustavo@embeddedor.com>
  Hannes Reinecke <hare@suse.com>
  Hannes Reinecke <hare@suse.de>
  Hans Ulli Kroll <ulli.kroll@googlemail.com>
  He Zhe <zhe.he@windriver.com>
  Heiko Carstens <heiko.carstens@de.ibm.com>
  Henk van der Laan <opensource@henkvdlaan.com>
  Henry Burns <henryburns@google.com>
  Herbert Xu <herbert@gondor.apana.org.au>
  Heyi Guo <guoheyi@huawei.com>
  Hillf Danton <hdanton@sina.com>
  Himanshu Madhani <hmadhani@marvell.com>
  Hiroyuki Yamamoto <hyamamo@allied-telesis.co.jp>
  Hodaszi, Robert <Robert.Hodaszi@digi.com>
  Hui Peng <benquike@gmail.com>
  Hui Wang <hui.wang@canonical.com>
  Huy Nguyen <huyn@mellanox.com>
  Ian Abbott <abbotti@mev.co.uk>
  Ilya Dryomov <idryomov@gmail.com>
  Ilya Trukhanov <lahvuun@gmail.com>
  Ingo Molnar <mingo@kernel.org>
  Isaac J. Manjarres <isaacm@codeaurora.org>
  Jack Morgenstein <jackm@dev.mellanox.co.il>
  Jacopo Mondi <jacopo+renesas@jmondi.org>
  Jakub Kicinski <jakub.kicinski@netronome.com>
  Jani Nikula <jani.nikula@intel.com>
  Jason Baron <jbaron@akamai.com>
  Jason Gerecke <jason.gerecke@wacom.com>
  Jay Vosburgh <jay.vosburgh@canonical.com>
  Jean Delvare <jdelvare@suse.de>
  Jeff Layton <jlayton@kernel.org>
  Jeffrey Hugo <jeffrey.l.hugo@gmail.com>
  Jeffrin Jose T <jeffrin@rajagiritech.edu.in>
  Jens Axboe <axboe@kernel.dk>
  Jerry Lee <leisurelysw24@gmail.com>
  Jia-Ju Bai <baijiaju1990@gmail.com>
  Jiangfeng Xiao <xiaojiangfeng@huawei.com>
  Jin Yao <yao.jin@linux.intel.com>
  Jiri Kosina <jkosina@suse.cz>
  Jiri Olsa <jolsa@kernel.org>
  Joe Perches <joe@perches.com>
  Joerg Roedel <jroedel@suse.de>
  Johan Hovold <johan@kernel.org>
  Johannes Berg <johannes.berg@intel.com>
  John Hubbard <jhubbard@nvidia.com>
  John S. Gruber <JohnSGruber@gmail.com>
  Jonathan Cameron <Jonathan.Cameron@huawei.com>
  Joseph Qi <joseph.qi@linux.alibaba.com>
  Jozsef Kadlecsik <kadlec@netfilter.org>
  Juergen Gross <jgross@suse.com>
  Julian Wiedmann <jwi@linux.ibm.com>
  Juliana Rodrigueiro <juliana.rodrigueiro@intra2net.com>
  Junxiao Bi <junxiao.bi@oracle.com>
  Jyri Sarha <jsarha@ti.com>
  Kai-Heng Feng <kai.heng.feng@canonical.com>
  Kalle Valo <kvalo@codeaurora.org>
  Kazuya Mizuguchi <kazuya.mizuguchi.ks@renesas.com>
  Kees Cook <keescook@chromium.org>
  Kefeng Wang <wangkefeng.wang@huawei.com>
  Kevin Hao <haokexin@gmail.com>
  Konrad Rzeszutek Wilk <konrad.wilk@oracle.com>
  Laura Garcia Liebana <nevola@gmail.com>
  Leon Romanovsky <leonro@mellanox.com>
  Leonard Crestez <leonard.crestez@nxp.com>
  Linh Phung <linh.phung.jy@renesas.com>
  Linus Torvalds <torvalds@linux-foundation.org>
  Linus Walleij <linus.walleij@linaro.org>
  Lorenzo Pieralisi <lorenzo.pieralisi@arm.com>
  Luca Coelho <luciano.coelho@intel.com>
  Lucas Stach <l.stach@pengutronix.de>
  Luck, Tony <tony.luck@intel.com>
  Ludovic Desroches <ludovic.desroches@microchip.com>
  Luis Henriques <lhenriques@suse.com>
  Lyude Paul <lyude@redhat.com>
  Manish Chopra <manishc@marvell.com>
  Manuel Presnitz <mail@mpy.de>
  Marc Kleine-Budde <mkl@pengutronix.de>
  Marc Zyngier <maz@kernel.org>
  Marcel Holtmann <marcel@holtmann.org>
  Marcelo Ricardo Leitner <marcelo.leitner@gmail.com>
  Mark Brown <broonie@kernel.org>
  Mark Rutland <mark.rutland@arm.com>
  Martin K. Petersen <martin.petersen@oracle.com>
  Martin Sperl <kernel@martin.sperl.org>
  Masahiro Yamada <yamada.masahiro@socionext.com>
  Masami Hiramatsu <mhiramat@kernel.org>
  Matthias Kaehlcke <mka@chromium.org>
  Matthieu Baerts <matthieu.baerts@tessares.net>
  Mauro Carvalho Chehab <mchehab+samsung@kernel.org>
  Max Filippov <jcmvbkbc@gmail.com>
  Maxim Mikityanskiy <maximmi@mellanox.com>
  Miaohe Lin <linmiaohe@huawei.com>
  Michael Ellerman <mpe@ellerman.id.au>
  Michael Kelley <mikelley@microsoft.com>
  Michael Roth <mdroth@linux.vnet.ibm.com>
  Michal Hocko <mhocko@suse.com>
  Michal Kalderon <michal.kalderon@marvell.com>
  Michal Simek <michal.simek@xilinx.com>
  Miguel Ojeda <miguel.ojeda.sandonis@gmail.com>
  Mike Snitzer <snitzer@redhat.com>
  Mikulas Patocka <mpatocka@redhat.com>
  Miles Chen <miles.chen@mediatek.com>
  Miquel Raynal <miquel.raynal@bootlin.com>
  Nadav Amit <namit@vmware.com>
  Naresh Kamboju <naresh.kamboju () linaro ! org>
  Naresh Kamboju <naresh.kamboju@linaro.org>
  Nathan Chancellor <natechancellor@gmail.com>
  Naveen N. Rao <naveen.n.rao@linux.vnet.ibm.com>
  Navid Emamdoost <navid.emamdoost@gmail.com>
  Neal Cardwell <ncardwell@google.com>
  Neil Armstrong <narmstrong@baylibre.com>
  Neil MacLeod <neil@nmacleod.com>
  Nianyao Tang <tangnianyao@huawei.com>
  Nick Desaulniers <ndesaulniers@google.com>
  Nicolas Ferre <nicolas.ferre@microchip.com>
  Nicolas Saenz Julienne <nsaenzjulienne@suse.de>
  Nicolin Chen <nicoleotsuka@gmail.com>
  Nikita Yushchenko <nikita.yoush@cogentembedded.com>
  Numfor Mbiziwo-Tiapo <nums@google.com>
  Oleg Nesterov <oleg@redhat.com>
  Oliver Neukum <oneukum@suse.com>
  Olof Johansson <olof@lixom.net>
  Pablo Neira Ayuso <pablo@netfilter.org>
  Paolo Bonzini <pbonzini@redhat.com>
  Paul Burton <paul.burton@mips.com>
  Paul Mackerras <paulus@ozlabs.org>
  Pavel Machek <pavel@ucw.cz>
  Pavel Shilovsky <pshilov@microsoft.com>
  Pedro Sousa <sousa@synopsys.com>
  Peter Chen <peter.chen@nxp.com>
  Peter Ujfalusi <peter.ujfalusi@ti.com>
  Peter Zijlstra (Intel) <peterz@infradead.org>
  Peter Zijlstra <peterz@infradead.org>
  Philip Langdale <philipl@overt.org>
  Prasad Sodagudi <psodagud@codeaurora.org>
  Qian Cai <cai@lca.pw>
  Radim Krcmar <rkrcmar@redhat.com>
  Radim Krčmář <rkrcmar@redhat.com>
  Rafael J. Wysocki <rafael.j.wysocki@intel.com>
  Rasmus Villemoes <rasmus.villemoes@prevas.dk>
  Ricard Wanderlof <ricard.wanderlof@axis.com>
  Ricard Wanderlof <ricardw@axis.com>
  Robert Hodaszi <robert.hodaszi@digi.com>
  Robin Murphy <robin.murphy@arm.com>
  Roderick Colenbrander <roderick.colenbrander@sony.com>
  Roderick Colenbrander <roderick@gaikai.com>
  Rogan Dawes <rogan@dawes.za.net>
  Roger Pau Monné <roger.pau@citrix.com>
  Ross Lagerwall <ross.lagerwall@citrix.com>
  Saeed Mahameed <saeedm@mellanox.com>
  Salvatore Bonaccorso <carnil@debian.org>
  Sasha Levin <sashal@kernel.org>
  Sean Christopherson <sean.j.christopherson@intel.com>
  Sean Paul <seanpaul@chromium.org>
  Sebastian Mayr <me@sam.st>
  Sebastien Tisserant <stisserant@wallix.com>
  Sekhar Nori <nsekhar@ti.com>
  Shahed Shaikh <shshaikh@marvell.com>
  Shaokun Zhang <zhangshaokun@hisilicon.com>
  Simon Horman <horms+renesas@verge.net.au>
  Soheil Hassas Yeganeh <soheil@google.com>
  Stanislav Lisovskiy <stanislav.lisovskiy@intel.com>
  Stefan Wahren <stefan.wahren@i2se.com>
  Stefan Wahren <wahrenst@gmx.net>
  Steffen Klassert <steffen.klassert@secunet.com>
  Stephane Grosjean <s.grosjean@peak-system.com>
  Stephen Boyd <sboyd@kernel.org>
  Steve French <stfrench@microsoft.com>
  Steven Rostedt (VMware) <rostedt@goodmis.org>
  Sudarsana Kalluru <skalluru@marvell.com>
  Suganath Prabu <suganath-prabu.subramani@broadcom.com>
  Sumit Saxena <sumit.saxena@broadcom.com>
  Suzuki K Poulose <suzuki.poulose@arm.com>
  Takashi Iwai <tiwai@suse.de>
  Tho Vu <tho.vu.wh@rvc.renesas.com>
  Thomas Bogendoerfer <tbogendoerfer@suse.de>
  Thomas Falcon <tlfalcon@linux.ibm.com>
  Thomas Gleixner <tglx@linutronix.de>
  Thomas Hellstrom <thellstrom@vmware.com>
  Thomas Richter <tmricht@linux.ibm.com>
  Thomas Tai <thomas.tai@oracle.com>
  Tim Froidcoeur <tim.froidcoeur@tessares.net>
  Tom Lendacky <thomas.lendacky@amd.com>
  Tomas Bortoli <tomasbortoli@gmail.com>
  Tomi Valkeinen <tomi.valkeinen@ti.com>
  Tony Lindgren <tony@atomide.com>
  Tony Luck <tony.luck@intel.com>
  Trond Myklebust <trond.myklebust@hammerspace.com>
  Trond Myklebust <trond.myklebust@primarydata.com>
  Tyrel Datwyler <tyreld@linux.vnet.ibm.com>
  Ulf Hansson <ulf.hansson@linaro.org>
  Valdis Kletnieks <valdis.kletnieks@vt.edu>
  Valdis Klētnieks <valdis.kletnieks@vt.edu>
  Vince Weaver <vincent.weaver@maine.edu>
  Vinod Koul <vkoul@kernel.org>
  Viresh Kumar <viresh.kumar@linaro.org>
  Vitaly Kuznetsov <vkuznets@redhat.com>
  Vlad Buslov <vladbu@mellanox.com>
  Vladimir Kondratiev <vladimir.kondratiev@linux.intel.com>
  Vlastimil Babka <vbabka@suse.cz>
  Wang Xiayang <xywang.sjtu@sjtu.edu.cn>
  Wanpeng Li <wanpengli@tencent.com>
  Wen Yang <wen.yang99@zte.com.cn>
  Wenwen Wang <wenwen@cs.uga.edu>
  Will Deacon <will@kernel.org>
  Willem de Bruijn <willemb@google.com>
  Wim Van Sebroeck <wim@linux-watchdog.org>
  Wolfram Sang <wsa+renesas@sang-engineering.com>
  Wolfram Sang <wsa@the-dreams.de>
  Xiaojun Zhao <xiaojunzhao141@gmail.com>
  Xin Long <lucien.xin@gmail.com>
  Xiong Zhang <xiong.y.zhang@intel.com>
  Y.C. Chen <yc_chen@aspeedtech.com>
  Yoshiaki Okamoto <yokamoto@allied-telesis.co.jp>
  Yoshihiro Shimoda <yoshihiro.shimoda.uh@renesas.com>
  YueHaibing <yuehaibing@huawei.com>
  Zenghui Yu <yuzenghui@huawei.com>
  Zhangguanghui <zhang.guanghui@h3c.com>
  ZhangXiaoxu <zhangxiaoxu5@huawei.com>
  zhengbin <zhengbin13@huawei.com>
  Zhenyu Wang <zhenyuw@linux.intel.com>

jobs:
 build-amd64-xsm                                              pass    
 build-arm64-xsm                                              pass    
 build-i386-xsm                                               pass    
 build-amd64                                                  fail    
 build-arm64                                                  pass    
 build-armhf                                                  pass    
 build-i386                                                   pass    
 build-amd64-libvirt                                          blocked 
 build-arm64-libvirt                                          pass    
 build-armhf-libvirt                                          pass    
 build-i386-libvirt                                           pass    
 build-amd64-pvops                                            pass    
 build-arm64-pvops                                            pass    
 build-armhf-pvops                                            pass    
 build-i386-pvops                                             pass    
 test-amd64-amd64-xl                                          blocked 
 test-arm64-arm64-xl                                          pass    
 test-armhf-armhf-xl                                          pass    
 test-amd64-i386-xl                                           blocked 
 test-amd64-amd64-libvirt-qemuu-debianhvm-amd64-xsm           blocked 
 test-amd64-i386-libvirt-qemuu-debianhvm-amd64-xsm            pass    
 test-amd64-amd64-xl-qemut-stubdom-debianhvm-amd64-xsm        pass    
 test-amd64-i386-xl-qemut-stubdom-debianhvm-amd64-xsm         pass    
 test-amd64-amd64-xl-qemut-debianhvm-i386-xsm                 pass    
 test-amd64-i386-xl-qemut-debianhvm-i386-xsm                  pass    
 test-amd64-amd64-xl-qemuu-debianhvm-i386-xsm                 pass    
 test-amd64-i386-xl-qemuu-debianhvm-i386-xsm                  pass    
 test-amd64-amd64-libvirt-xsm                                 blocked 
 test-arm64-arm64-libvirt-xsm                                 pass    
 test-amd64-i386-libvirt-xsm                                  pass    
 test-amd64-amd64-xl-xsm                                      pass    
 test-arm64-arm64-xl-xsm                                      pass    
 test-amd64-i386-xl-xsm                                       pass    
 test-amd64-amd64-qemuu-nested-amd                            blocked 
 test-amd64-amd64-xl-pvhv2-amd                                blocked 
 test-amd64-i386-qemut-rhel6hvm-amd                           blocked 
 test-amd64-i386-qemuu-rhel6hvm-amd                           blocked 
 test-amd64-amd64-xl-qemut-debianhvm-amd64                    blocked 
 test-amd64-i386-xl-qemut-debianhvm-amd64                     blocked 
 test-amd64-amd64-xl-qemuu-debianhvm-amd64                    blocked 
 test-amd64-i386-xl-qemuu-debianhvm-amd64                     blocked 
 test-amd64-i386-freebsd10-amd64                              blocked 
 test-amd64-amd64-xl-qemuu-ovmf-amd64                         blocked 
 test-amd64-i386-xl-qemuu-ovmf-amd64                          blocked 
 test-amd64-amd64-xl-qemut-win7-amd64                         blocked 
 test-amd64-i386-xl-qemut-win7-amd64                          blocked 
 test-amd64-amd64-xl-qemuu-win7-amd64                         blocked 
 test-amd64-i386-xl-qemuu-win7-amd64                          blocked 
 test-amd64-amd64-xl-qemut-ws16-amd64                         blocked 
 test-amd64-i386-xl-qemut-ws16-amd64                          blocked 
 test-amd64-amd64-xl-qemuu-ws16-amd64                         blocked 
 test-amd64-i386-xl-qemuu-ws16-amd64                          blocked 
 test-armhf-armhf-xl-arndale                                  pass    
 test-amd64-amd64-xl-credit1                                  blocked 
 test-arm64-arm64-xl-credit1                                  pass    
 test-armhf-armhf-xl-credit1                                  pass    
 test-amd64-amd64-xl-credit2                                  blocked 
 test-arm64-arm64-xl-credit2                                  pass    
 test-armhf-armhf-xl-credit2                                  pass    
 test-armhf-armhf-xl-cubietruck                               pass    
 test-amd64-amd64-xl-qemuu-dmrestrict-amd64-dmrestrict        blocked 
 test-amd64-i386-xl-qemuu-dmrestrict-amd64-dmrestrict         blocked 
 test-amd64-amd64-examine                                     blocked 
 test-arm64-arm64-examine                                     pass    
 test-armhf-armhf-examine                                     pass    
 test-amd64-i386-examine                                      blocked 
 test-amd64-i386-freebsd10-i386                               blocked 
 test-amd64-amd64-xl-qemut-win10-i386                         blocked 
 test-amd64-i386-xl-qemut-win10-i386                          blocked 
 test-amd64-amd64-xl-qemuu-win10-i386                         blocked 
 test-amd64-i386-xl-qemuu-win10-i386                          blocked 
 test-amd64-amd64-qemuu-nested-intel                          blocked 
 test-amd64-amd64-xl-pvhv2-intel                              blocked 
 test-amd64-i386-qemut-rhel6hvm-intel                         blocked 
 test-amd64-i386-qemuu-rhel6hvm-intel                         blocked 
 test-amd64-amd64-libvirt                                     blocked 
 test-armhf-armhf-libvirt                                     pass    
 test-amd64-i386-libvirt                                      blocked 
 test-amd64-amd64-xl-multivcpu                                blocked 
 test-armhf-armhf-xl-multivcpu                                pass    
 test-amd64-amd64-pair                                        blocked 
 test-amd64-i386-pair                                         blocked 
 test-amd64-amd64-libvirt-pair                                blocked 
 test-amd64-i386-libvirt-pair                                 blocked 
 test-amd64-amd64-amd64-pvgrub                                blocked 
 test-amd64-amd64-i386-pvgrub                                 blocked 
 test-amd64-amd64-xl-pvshim                                   blocked 
 test-amd64-i386-xl-pvshim                                    blocked 
 test-amd64-amd64-pygrub                                      blocked 
 test-amd64-amd64-xl-qcow2                                    blocked 
 test-armhf-armhf-libvirt-raw                                 pass    
 test-amd64-i386-xl-raw                                       blocked 
 test-amd64-amd64-xl-rtds                                     blocked 
 test-armhf-armhf-xl-rtds                                     pass    
 test-arm64-arm64-xl-seattle                                  pass    
 test-amd64-amd64-xl-qemuu-debianhvm-amd64-shadow             blocked 
 test-amd64-i386-xl-qemuu-debianhvm-amd64-shadow              blocked 
 test-amd64-amd64-xl-shadow                                   blocked 
 test-amd64-i386-xl-shadow                                    blocked 
 test-arm64-arm64-xl-thunderx                                 pass    
 test-amd64-amd64-libvirt-vhd                                 blocked 
 test-armhf-armhf-xl-vhd                                      pass    


------------------------------------------------------------
sg-report-flight on osstest.test-lab.xenproject.org
logs: /home/logs/logs
images: /home/logs/images

Logs, config files, etc. are available at
    http://logs.test-lab.xenproject.org/osstest/logs

Explanation of these reports, and of osstest in general, is at
    http://xenbits.xen.org/gitweb/?p=osstest.git;a=blob;f=README.email;hb=master
    http://xenbits.xen.org/gitweb/?p=osstest.git;a=blob;f=README;hb=master

Test harness code can be found at
    http://xenbits.xen.org/gitweb?p=osstest.git;a=summary


Not pushing.

(No revision log; it would be 9047 lines long.)

_______________________________________________
Xen-devel mailing list
Xen-devel@lists.xenproject.org
https://lists.xenproject.org/mailman/listinfo/xen-devel

^ permalink raw reply	[flat|nested] only message in thread

only message in thread, back to index

Thread overview: (only message) (download: mbox.gz / follow: Atom feed)
-- links below jump to the message on this page --
2019-09-11  1:22 [Xen-devel] [linux-4.14 test] 141186: regressions - FAIL osstest service owner

Xen-Devel Archive on lore.kernel.org

Archives are clonable:
	git clone --mirror https://lore.kernel.org/xen-devel/0 xen-devel/git/0.git
	git clone --mirror https://lore.kernel.org/xen-devel/1 xen-devel/git/1.git

	# If you have public-inbox 1.1+ installed, you may
	# initialize and index your mirror using the following commands:
	public-inbox-init -V2 xen-devel xen-devel/ https://lore.kernel.org/xen-devel \
		xen-devel@lists.xenproject.org xen-devel@archiver.kernel.org
	public-inbox-index xen-devel


Newsgroup available over NNTP:
	nntp://nntp.lore.kernel.org/org.xenproject.lists.xen-devel


AGPL code for this site: git clone https://public-inbox.org/ public-inbox