* [Xen-devel] [linux-next test] 142487: tolerable FAIL
@ 2019-10-10 8:20 osstest service owner
0 siblings, 0 replies; only message in thread
From: osstest service owner @ 2019-10-10 8:20 UTC (permalink / raw)
To: xen-devel, osstest-admin
flight 142487 linux-next real [real]
http://logs.test-lab.xenproject.org/osstest/logs/142487/
Failures :-/ but no regressions.
Tests which did not succeed, but are not blocking:
test-amd64-i386-examine 8 reboot fail like 142431
test-amd64-i386-libvirt-pair 10 xen-boot/src_host fail like 142431
test-amd64-i386-libvirt-pair 11 xen-boot/dst_host fail like 142431
test-amd64-i386-libvirt 7 xen-boot fail like 142431
test-amd64-i386-xl-qemut-win10-i386 7 xen-boot fail like 142431
test-amd64-i386-xl-qemuu-debianhvm-amd64 7 xen-boot fail like 142431
test-amd64-i386-qemuu-rhel6hvm-amd 7 xen-boot fail like 142431
test-amd64-i386-xl-raw 7 xen-boot fail like 142431
test-amd64-i386-xl-qemuu-win10-i386 7 xen-boot fail like 142431
test-amd64-i386-xl-qemuu-dmrestrict-amd64-dmrestrict 7 xen-boot fail like 142431
test-amd64-i386-libvirt-xsm 7 xen-boot fail like 142431
test-amd64-i386-xl 7 xen-boot fail like 142431
test-amd64-i386-xl-xsm 7 xen-boot fail like 142431
test-amd64-i386-xl-shadow 7 xen-boot fail like 142431
test-amd64-i386-freebsd10-i386 7 xen-boot fail like 142431
test-amd64-i386-xl-qemut-stubdom-debianhvm-amd64-xsm 7 xen-boot fail like 142431
test-amd64-i386-qemut-rhel6hvm-amd 7 xen-boot fail like 142431
test-amd64-i386-pair 10 xen-boot/src_host fail like 142431
test-amd64-i386-pair 11 xen-boot/dst_host fail like 142431
test-amd64-i386-qemut-rhel6hvm-intel 7 xen-boot fail like 142431
test-amd64-i386-xl-qemuu-debianhvm-amd64-shadow 7 xen-boot fail like 142431
test-amd64-i386-xl-qemut-ws16-amd64 7 xen-boot fail like 142431
test-amd64-i386-xl-qemuu-debianhvm-i386-xsm 7 xen-boot fail like 142431
test-amd64-i386-qemuu-rhel6hvm-intel 7 xen-boot fail like 142431
test-amd64-i386-libvirt-qemuu-debianhvm-amd64-xsm 7 xen-boot fail like 142431
test-amd64-i386-xl-qemut-debianhvm-amd64 7 xen-boot fail like 142431
test-amd64-i386-xl-qemuu-ws16-amd64 7 xen-boot fail like 142431
test-amd64-i386-xl-qemut-win7-amd64 7 xen-boot fail like 142431
test-amd64-i386-xl-qemut-debianhvm-i386-xsm 7 xen-boot fail like 142431
test-amd64-i386-xl-pvshim 7 xen-boot fail like 142431
test-amd64-i386-xl-qemuu-win7-amd64 7 xen-boot fail like 142431
test-amd64-i386-freebsd10-amd64 7 xen-boot fail like 142431
test-amd64-i386-xl-qemuu-ovmf-amd64 7 xen-boot fail like 142431
test-arm64-arm64-examine 11 examine-serial/bootloader fail like 142431
test-amd64-amd64-xl-qemut-win7-amd64 17 guest-stop fail like 142431
test-armhf-armhf-libvirt 14 saverestore-support-check fail like 142431
test-amd64-amd64-xl-qemuu-ws16-amd64 17 guest-stop fail like 142431
test-amd64-amd64-xl-qemuu-win7-amd64 17 guest-stop fail like 142431
test-armhf-armhf-libvirt-raw 13 saverestore-support-check fail like 142431
test-amd64-amd64-xl-qemut-ws16-amd64 17 guest-stop fail like 142431
test-amd64-amd64-libvirt-xsm 13 migrate-support-check fail never pass
test-amd64-amd64-libvirt 13 migrate-support-check fail never pass
test-arm64-arm64-xl-seattle 13 migrate-support-check fail never pass
test-arm64-arm64-xl-seattle 14 saverestore-support-check fail never pass
test-amd64-amd64-libvirt-qemuu-debianhvm-amd64-xsm 11 migrate-support-check fail never pass
test-amd64-amd64-qemuu-nested-amd 17 debian-hvm-install/l1/l2 fail never pass
test-arm64-arm64-libvirt-xsm 13 migrate-support-check fail never pass
test-arm64-arm64-libvirt-xsm 14 saverestore-support-check fail never pass
test-arm64-arm64-xl-xsm 13 migrate-support-check fail never pass
test-arm64-arm64-xl-xsm 14 saverestore-support-check fail never pass
test-arm64-arm64-xl-credit2 13 migrate-support-check fail never pass
test-arm64-arm64-xl-credit2 14 saverestore-support-check fail never pass
test-arm64-arm64-xl 13 migrate-support-check fail never pass
test-arm64-arm64-xl 14 saverestore-support-check fail never pass
test-arm64-arm64-xl-credit1 13 migrate-support-check fail never pass
test-arm64-arm64-xl-credit1 14 saverestore-support-check fail never pass
test-arm64-arm64-xl-thunderx 13 migrate-support-check fail never pass
test-arm64-arm64-xl-thunderx 14 saverestore-support-check fail never pass
test-amd64-amd64-libvirt-vhd 12 migrate-support-check fail never pass
test-armhf-armhf-xl-arndale 13 migrate-support-check fail never pass
test-armhf-armhf-xl-arndale 14 saverestore-support-check fail never pass
test-armhf-armhf-xl-credit2 13 migrate-support-check fail never pass
test-armhf-armhf-xl-credit2 14 saverestore-support-check fail never pass
test-armhf-armhf-xl 13 migrate-support-check fail never pass
test-armhf-armhf-xl 14 saverestore-support-check fail never pass
test-armhf-armhf-xl-credit1 13 migrate-support-check fail never pass
test-armhf-armhf-xl-credit1 14 saverestore-support-check fail never pass
test-armhf-armhf-libvirt 13 migrate-support-check fail never pass
test-armhf-armhf-xl-multivcpu 13 migrate-support-check fail never pass
test-armhf-armhf-xl-multivcpu 14 saverestore-support-check fail never pass
test-armhf-armhf-xl-rtds 13 migrate-support-check fail never pass
test-armhf-armhf-xl-rtds 14 saverestore-support-check fail never pass
test-armhf-armhf-xl-cubietruck 13 migrate-support-check fail never pass
test-armhf-armhf-xl-cubietruck 14 saverestore-support-check fail never pass
test-armhf-armhf-libvirt-raw 12 migrate-support-check fail never pass
test-armhf-armhf-xl-vhd 12 migrate-support-check fail never pass
test-armhf-armhf-xl-vhd 13 saverestore-support-check fail never pass
test-amd64-amd64-xl-qemut-win10-i386 10 windows-install fail never pass
test-amd64-amd64-xl-qemuu-win10-i386 10 windows-install fail never pass
version targeted for testing:
linux 1ba4389f4572d716d73f8bacab4e181d82504780
baseline version:
linux eda57a0e42998d1d403187844faa86c9a3ab2fd0
Last test of basis (not found)
Failing since (not found)
Testing same since 142487 2019-10-09 09:19:13 Z 0 days 1 attempts
jobs:
build-amd64-xsm pass
build-arm64-xsm pass
build-i386-xsm pass
build-amd64 pass
build-arm64 pass
build-armhf pass
build-i386 pass
build-amd64-libvirt pass
build-arm64-libvirt pass
build-armhf-libvirt pass
build-i386-libvirt pass
build-amd64-pvops pass
build-arm64-pvops pass
build-armhf-pvops pass
build-i386-pvops pass
test-amd64-amd64-xl pass
test-arm64-arm64-xl pass
test-armhf-armhf-xl pass
test-amd64-i386-xl fail
test-amd64-amd64-libvirt-qemuu-debianhvm-amd64-xsm pass
test-amd64-i386-libvirt-qemuu-debianhvm-amd64-xsm fail
test-amd64-amd64-xl-qemut-stubdom-debianhvm-amd64-xsm pass
test-amd64-i386-xl-qemut-stubdom-debianhvm-amd64-xsm fail
test-amd64-amd64-xl-qemut-debianhvm-i386-xsm pass
test-amd64-i386-xl-qemut-debianhvm-i386-xsm fail
test-amd64-amd64-xl-qemuu-debianhvm-i386-xsm pass
test-amd64-i386-xl-qemuu-debianhvm-i386-xsm fail
test-amd64-amd64-libvirt-xsm pass
test-arm64-arm64-libvirt-xsm pass
test-amd64-i386-libvirt-xsm fail
test-amd64-amd64-xl-xsm pass
test-arm64-arm64-xl-xsm pass
test-amd64-i386-xl-xsm fail
test-amd64-amd64-qemuu-nested-amd fail
test-amd64-amd64-xl-pvhv2-amd pass
test-amd64-i386-qemut-rhel6hvm-amd fail
test-amd64-i386-qemuu-rhel6hvm-amd fail
test-amd64-amd64-xl-qemut-debianhvm-amd64 pass
test-amd64-i386-xl-qemut-debianhvm-amd64 fail
test-amd64-amd64-xl-qemuu-debianhvm-amd64 pass
test-amd64-i386-xl-qemuu-debianhvm-amd64 fail
test-amd64-i386-freebsd10-amd64 fail
test-amd64-amd64-xl-qemuu-ovmf-amd64 pass
test-amd64-i386-xl-qemuu-ovmf-amd64 fail
test-amd64-amd64-xl-qemut-win7-amd64 fail
test-amd64-i386-xl-qemut-win7-amd64 fail
test-amd64-amd64-xl-qemuu-win7-amd64 fail
test-amd64-i386-xl-qemuu-win7-amd64 fail
test-amd64-amd64-xl-qemut-ws16-amd64 fail
test-amd64-i386-xl-qemut-ws16-amd64 fail
test-amd64-amd64-xl-qemuu-ws16-amd64 fail
test-amd64-i386-xl-qemuu-ws16-amd64 fail
test-armhf-armhf-xl-arndale pass
test-amd64-amd64-xl-credit1 pass
test-arm64-arm64-xl-credit1 pass
test-armhf-armhf-xl-credit1 pass
test-amd64-amd64-xl-credit2 pass
test-arm64-arm64-xl-credit2 pass
test-armhf-armhf-xl-credit2 pass
test-armhf-armhf-xl-cubietruck pass
test-amd64-amd64-xl-qemuu-dmrestrict-amd64-dmrestrict pass
test-amd64-i386-xl-qemuu-dmrestrict-amd64-dmrestrict fail
test-amd64-amd64-examine pass
test-arm64-arm64-examine pass
test-armhf-armhf-examine pass
test-amd64-i386-examine fail
test-amd64-i386-freebsd10-i386 fail
test-amd64-amd64-xl-qemut-win10-i386 fail
test-amd64-i386-xl-qemut-win10-i386 fail
test-amd64-amd64-xl-qemuu-win10-i386 fail
test-amd64-i386-xl-qemuu-win10-i386 fail
test-amd64-amd64-qemuu-nested-intel pass
test-amd64-amd64-xl-pvhv2-intel pass
test-amd64-i386-qemut-rhel6hvm-intel fail
test-amd64-i386-qemuu-rhel6hvm-intel fail
test-amd64-amd64-libvirt pass
test-armhf-armhf-libvirt pass
test-amd64-i386-libvirt fail
test-amd64-amd64-xl-multivcpu pass
test-armhf-armhf-xl-multivcpu pass
test-amd64-amd64-pair pass
test-amd64-i386-pair fail
test-amd64-amd64-libvirt-pair pass
test-amd64-i386-libvirt-pair fail
test-amd64-amd64-amd64-pvgrub pass
test-amd64-amd64-i386-pvgrub pass
test-amd64-amd64-xl-pvshim pass
test-amd64-i386-xl-pvshim fail
test-amd64-amd64-pygrub pass
test-amd64-amd64-xl-qcow2 pass
test-armhf-armhf-libvirt-raw pass
test-amd64-i386-xl-raw fail
test-amd64-amd64-xl-rtds pass
test-armhf-armhf-xl-rtds pass
test-arm64-arm64-xl-seattle pass
test-amd64-amd64-xl-qemuu-debianhvm-amd64-shadow pass
test-amd64-i386-xl-qemuu-debianhvm-amd64-shadow fail
test-amd64-amd64-xl-shadow pass
test-amd64-i386-xl-shadow fail
test-arm64-arm64-xl-thunderx pass
test-amd64-amd64-libvirt-vhd pass
test-armhf-armhf-xl-vhd pass
------------------------------------------------------------
sg-report-flight on osstest.test-lab.xenproject.org
logs: /home/logs/logs
images: /home/logs/images
Logs, config files, etc. are available at
http://logs.test-lab.xenproject.org/osstest/logs
Explanation of these reports, and of osstest in general, is at
http://xenbits.xen.org/gitweb/?p=osstest.git;a=blob;f=README.email;hb=master
http://xenbits.xen.org/gitweb/?p=osstest.git;a=blob;f=README;hb=master
Test harness code can be found at
http://xenbits.xen.org/gitweb?p=osstest.git;a=summary
Push not applicable.
_______________________________________________
Xen-devel mailing list
Xen-devel@lists.xenproject.org
https://lists.xenproject.org/mailman/listinfo/xen-devel
^ permalink raw reply [flat|nested] only message in thread
only message in thread, other threads:[~2019-10-10 8:20 UTC | newest]
Thread overview: (only message) (download: mbox.gz / follow: Atom feed)
-- links below jump to the message on this page --
2019-10-10 8:20 [Xen-devel] [linux-next test] 142487: tolerable FAIL osstest service owner
This is a public inbox, see mirroring instructions
for how to clone and mirror all data and code used for this inbox;
as well as URLs for NNTP newsgroup(s).