* [Xen-devel] [ovmf test] 146072: regressions - trouble: fail/pass/starved
@ 2020-01-14 18:17 osstest service owner
0 siblings, 0 replies; only message in thread
From: osstest service owner @ 2020-01-14 18:17 UTC (permalink / raw)
To: xen-devel, osstest-admin
flight 146072 ovmf real [real]
http://logs.test-lab.xenproject.org/osstest/logs/146072/
Regressions :-(
Tests which did not succeed and are blocking,
including tests which could not be run:
test-amd64-amd64-xl-qemuu-ovmf-amd64 10 debian-hvm-install fail REGR. vs. 145767
Tests which did not succeed, but are not blocking:
test-amd64-i386-xl-qemuu-ovmf-amd64 2 hosts-allocate starved n/a
version targeted for testing:
ovmf 4cca7923992a13f6b753782f469ee944da2db796
baseline version:
ovmf 70911f1f4aee0366b6122f2b90d367ec0f066beb
Last test of basis 145767 2020-01-08 00:39:09 Z 6 days
Failing since 145774 2020-01-08 02:50:20 Z 6 days 36 attempts
Testing same since 146072 2020-01-14 12:39:07 Z 0 days 1 attempts
------------------------------------------------------------
People who touched revisions under test:
Albecki, Mateusz <mateusz.albecki@intel.com>
Ard Biesheuvel <ard.biesheuvel@linaro.org>
Ashish Singhal <ashishsingha@nvidia.com>
Eric Dong <eric.dong@intel.com>
Fan, ZhijuX <zhijux.fan@intel.com>
Hao A Wu <hao.a.wu@intel.com>
Jason Voelz <jason.voelz@intel.com>
Laszlo Ersek <lersek@redhat.com>
Mateusz Albecki <mateusz.albecki@intel.com>
Michael D Kinney <michael.d.kinney@intel.com>
Pavana.K <pavana.k@intel.com>
Philippe Mathieu-Daud? <philmd@redhat.com>
Philippe Mathieu-Daude <philmd@redhat.com>
Siyuan Fu <siyuan.fu@intel.com>
Siyuan, Fu <siyuan.fu@intel.com>
Vitaly Cheptsov <vit9696@protonmail.com>
Vitaly Cheptsov via Groups.Io <vit9696=protonmail.com@groups.io>
Zhiju.Fan <zhijux.fan@intel.com>
jobs:
build-amd64-xsm pass
build-i386-xsm pass
build-amd64 pass
build-i386 pass
build-amd64-libvirt pass
build-i386-libvirt pass
build-amd64-pvops pass
build-i386-pvops pass
test-amd64-amd64-xl-qemuu-ovmf-amd64 fail
test-amd64-i386-xl-qemuu-ovmf-amd64 starved
------------------------------------------------------------
sg-report-flight on osstest.test-lab.xenproject.org
logs: /home/logs/logs
images: /home/logs/images
Logs, config files, etc. are available at
http://logs.test-lab.xenproject.org/osstest/logs
Explanation of these reports, and of osstest in general, is at
http://xenbits.xen.org/gitweb/?p=osstest.git;a=blob;f=README.email;hb=master
http://xenbits.xen.org/gitweb/?p=osstest.git;a=blob;f=README;hb=master
Test harness code can be found at
http://xenbits.xen.org/gitweb?p=osstest.git;a=summary
Not pushing.
(No revision log; it would be 573 lines long.)
_______________________________________________
Xen-devel mailing list
Xen-devel@lists.xenproject.org
https://lists.xenproject.org/mailman/listinfo/xen-devel
^ permalink raw reply [flat|nested] only message in thread
only message in thread, other threads:[~2020-01-14 18:18 UTC | newest]
Thread overview: (only message) (download: mbox.gz / follow: Atom feed)
-- links below jump to the message on this page --
2020-01-14 18:17 [Xen-devel] [ovmf test] 146072: regressions - trouble: fail/pass/starved osstest service owner
This is a public inbox, see mirroring instructions
for how to clone and mirror all data and code used for this inbox;
as well as URLs for NNTP newsgroup(s).