* [Xen-devel] [linux-arm-xen test] 146859: tolerable all pass - PUSHED
@ 2020-02-12 1:04 osstest service owner
0 siblings, 0 replies; only message in thread
From: osstest service owner @ 2020-02-12 1:04 UTC (permalink / raw)
To: xen-devel, osstest-admin
flight 146859 linux-arm-xen real [real]
http://logs.test-lab.xenproject.org/osstest/logs/146859/
Failures :-/ but no regressions.
Tests which did not succeed, but are not blocking:
test-armhf-armhf-libvirt 14 saverestore-support-check fail like 134708
test-arm64-arm64-xl-xsm 13 migrate-support-check fail never pass
test-arm64-arm64-xl-xsm 14 saverestore-support-check fail never pass
test-arm64-arm64-xl-seattle 13 migrate-support-check fail never pass
test-arm64-arm64-xl-rtds 13 migrate-support-check fail never pass
test-arm64-arm64-xl-seattle 14 saverestore-support-check fail never pass
test-arm64-arm64-xl-rtds 14 saverestore-support-check fail never pass
test-arm64-arm64-libvirt-xsm 13 migrate-support-check fail never pass
test-arm64-arm64-libvirt-xsm 14 saverestore-support-check fail never pass
test-arm64-arm64-libvirt 13 migrate-support-check fail never pass
test-arm64-arm64-libvirt 14 saverestore-support-check fail never pass
test-arm64-arm64-xl-credit1 13 migrate-support-check fail never pass
test-arm64-arm64-xl-credit1 14 saverestore-support-check fail never pass
test-arm64-arm64-libvirt-qcow2 12 migrate-support-check fail never pass
test-arm64-arm64-libvirt-qcow2 13 saverestore-support-check fail never pass
test-arm64-arm64-xl-credit2 13 migrate-support-check fail never pass
test-arm64-arm64-xl-credit2 14 saverestore-support-check fail never pass
test-arm64-arm64-xl-thunderx 13 migrate-support-check fail never pass
test-arm64-arm64-xl-thunderx 14 saverestore-support-check fail never pass
test-arm64-arm64-xl 13 migrate-support-check fail never pass
test-arm64-arm64-xl 14 saverestore-support-check fail never pass
test-arm64-arm64-xl-multivcpu 13 migrate-support-check fail never pass
test-arm64-arm64-xl-multivcpu 14 saverestore-support-check fail never pass
test-armhf-armhf-xl-arndale 13 migrate-support-check fail never pass
test-armhf-armhf-xl-arndale 14 saverestore-support-check fail never pass
test-armhf-armhf-libvirt 13 migrate-support-check fail never pass
test-armhf-armhf-xl-credit1 13 migrate-support-check fail never pass
test-armhf-armhf-xl-credit1 14 saverestore-support-check fail never pass
test-armhf-armhf-xl-multivcpu 13 migrate-support-check fail never pass
test-armhf-armhf-xl-multivcpu 14 saverestore-support-check fail never pass
test-armhf-armhf-xl-rtds 13 migrate-support-check fail never pass
test-armhf-armhf-xl-rtds 14 saverestore-support-check fail never pass
test-armhf-armhf-xl-credit2 13 migrate-support-check fail never pass
test-armhf-armhf-xl-credit2 14 saverestore-support-check fail never pass
test-armhf-armhf-xl 13 migrate-support-check fail never pass
test-armhf-armhf-xl 14 saverestore-support-check fail never pass
test-armhf-armhf-libvirt-raw 12 migrate-support-check fail never pass
test-armhf-armhf-libvirt-raw 13 saverestore-support-check fail never pass
test-armhf-armhf-xl-vhd 12 migrate-support-check fail never pass
test-armhf-armhf-xl-vhd 13 saverestore-support-check fail never pass
test-armhf-armhf-xl-cubietruck 13 migrate-support-check fail never pass
test-armhf-armhf-xl-cubietruck 14 saverestore-support-check fail never pass
version targeted for testing:
linux a6c5dd1dbaffe4cc398d8454546ba9246b9a95c9
baseline version:
linux e64ac26749dc2c0f390caccd04274608ab31c8cf
Last test of basis 134832 2019-04-15 18:29:23 Z 302 days
Testing same since 146859 2020-02-11 11:11:57 Z 0 days 1 attempts
------------------------------------------------------------
9850 people touched revisions under test,
not listing them all
jobs:
build-arm64-xsm pass
build-arm64 pass
build-armhf pass
build-arm64-libvirt pass
build-armhf-libvirt pass
build-arm64-pvops pass
build-armhf-pvops pass
test-arm64-arm64-xl pass
test-armhf-armhf-xl pass
test-arm64-arm64-libvirt-xsm pass
test-arm64-arm64-xl-xsm pass
test-armhf-armhf-xl-arndale pass
test-arm64-arm64-xl-credit1 pass
test-armhf-armhf-xl-credit1 pass
test-arm64-arm64-xl-credit2 pass
test-armhf-armhf-xl-credit2 pass
test-armhf-armhf-xl-cubietruck pass
test-arm64-arm64-examine pass
test-armhf-armhf-examine pass
test-arm64-arm64-libvirt pass
test-armhf-armhf-libvirt pass
test-arm64-arm64-xl-multivcpu pass
test-armhf-armhf-xl-multivcpu pass
test-arm64-arm64-libvirt-qcow2 pass
test-armhf-armhf-libvirt-raw pass
test-arm64-arm64-xl-rtds pass
test-armhf-armhf-xl-rtds pass
test-arm64-arm64-xl-seattle pass
test-arm64-arm64-xl-thunderx pass
test-armhf-armhf-xl-vhd pass
------------------------------------------------------------
sg-report-flight on osstest.test-lab.xenproject.org
logs: /home/logs/logs
images: /home/logs/images
Logs, config files, etc. are available at
http://logs.test-lab.xenproject.org/osstest/logs
Explanation of these reports, and of osstest in general, is at
http://xenbits.xen.org/gitweb/?p=osstest.git;a=blob;f=README.email;hb=master
http://xenbits.xen.org/gitweb/?p=osstest.git;a=blob;f=README;hb=master
Test harness code can be found at
http://xenbits.xen.org/gitweb?p=osstest.git;a=summary
Pushing revision :
To xenbits.xen.org:/home/xen/git/linux-pvops.git
e64ac26749dc..a6c5dd1dbaff a6c5dd1dbaffe4cc398d8454546ba9246b9a95c9 -> tested/linux-arm-xen
_______________________________________________
Xen-devel mailing list
Xen-devel@lists.xenproject.org
https://lists.xenproject.org/mailman/listinfo/xen-devel
^ permalink raw reply [flat|nested] only message in thread
only message in thread, other threads:[~2020-02-12 1:04 UTC | newest]
Thread overview: (only message) (download: mbox.gz / follow: Atom feed)
-- links below jump to the message on this page --
2020-02-12 1:04 [Xen-devel] [linux-arm-xen test] 146859: tolerable all pass - PUSHED osstest service owner
This is a public inbox, see mirroring instructions
for how to clone and mirror all data and code used for this inbox;
as well as URLs for NNTP newsgroup(s).