* [xen-unstable-smoke test] 149874: tolerable all pass - PUSHED
@ 2020-04-29 13:50 osstest service owner
0 siblings, 0 replies; only message in thread
From: osstest service owner @ 2020-04-29 13:50 UTC (permalink / raw)
To: xen-devel, osstest-admin
flight 149874 xen-unstable-smoke real [real]
http://logs.test-lab.xenproject.org/osstest/logs/149874/
Failures :-/ but no regressions.
Tests which did not succeed, but are not blocking:
test-amd64-amd64-libvirt 13 migrate-support-check fail never pass
test-arm64-arm64-xl-xsm 13 migrate-support-check fail never pass
test-arm64-arm64-xl-xsm 14 saverestore-support-check fail never pass
test-armhf-armhf-xl 13 migrate-support-check fail never pass
test-armhf-armhf-xl 14 saverestore-support-check fail never pass
version targeted for testing:
xen f9bf746258eb53011f863571c7073037202b6743
baseline version:
xen e9aca9470ed86966f9c0fd0db85132ff28d652c4
Last test of basis 149872 2020-04-29 08:02:03 Z 0 days
Testing same since 149874 2020-04-29 11:00:59 Z 0 days 1 attempts
------------------------------------------------------------
People who touched revisions under test:
Jan Beulich <jbeulich@suse.com>
Wei Liu <liuwe@microsoft.com>
Wei Liu <wl@xen.org>
jobs:
build-arm64-xsm pass
build-amd64 pass
build-armhf pass
build-amd64-libvirt pass
test-armhf-armhf-xl pass
test-arm64-arm64-xl-xsm pass
test-amd64-amd64-xl-qemuu-debianhvm-amd64 pass
test-amd64-amd64-libvirt pass
------------------------------------------------------------
sg-report-flight on osstest.test-lab.xenproject.org
logs: /home/logs/logs
images: /home/logs/images
Logs, config files, etc. are available at
http://logs.test-lab.xenproject.org/osstest/logs
Explanation of these reports, and of osstest in general, is at
http://xenbits.xen.org/gitweb/?p=osstest.git;a=blob;f=README.email;hb=master
http://xenbits.xen.org/gitweb/?p=osstest.git;a=blob;f=README;hb=master
Test harness code can be found at
http://xenbits.xen.org/gitweb?p=osstest.git;a=summary
Pushing revision :
To xenbits.xen.org:/home/xen/git/xen.git
e9aca9470e..f9bf746258 f9bf746258eb53011f863571c7073037202b6743 -> smoke
^ permalink raw reply [flat|nested] only message in thread
only message in thread, other threads:[~2020-04-29 13:51 UTC | newest]
Thread overview: (only message) (download: mbox.gz / follow: Atom feed)
-- links below jump to the message on this page --
2020-04-29 13:50 [xen-unstable-smoke test] 149874: tolerable all pass - PUSHED osstest service owner
This is a public inbox, see mirroring instructions
for how to clone and mirror all data and code used for this inbox;
as well as URLs for NNTP newsgroup(s).