* [xen-unstable-smoke test] 151194: tolerable all pass - PUSHED
@ 2020-06-17 16:29 osstest service owner
0 siblings, 0 replies; only message in thread
From: osstest service owner @ 2020-06-17 16:29 UTC (permalink / raw)
To: xen-devel, osstest-admin
flight 151194 xen-unstable-smoke real [real]
http://logs.test-lab.xenproject.org/osstest/logs/151194/
Failures :-/ but no regressions.
Tests which did not succeed, but are not blocking:
test-amd64-amd64-libvirt 13 migrate-support-check fail never pass
test-arm64-arm64-xl-xsm 13 migrate-support-check fail never pass
test-arm64-arm64-xl-xsm 14 saverestore-support-check fail never pass
test-armhf-armhf-xl 13 migrate-support-check fail never pass
test-armhf-armhf-xl 14 saverestore-support-check fail never pass
version targeted for testing:
xen 71ca0e0ad000e690899936327eb09709ab182ade
baseline version:
xen 3625b04991b4d6affadd99d377ab84bac48dfff4
Last test of basis 151167 2020-06-16 09:00:54 Z 1 days
Testing same since 151194 2020-06-17 14:00:29 Z 0 days 1 attempts
------------------------------------------------------------
People who touched revisions under test:
Andrew Cooper <andrew.cooper3@citrix.com>
Ian Jackson <ian.jackson@eu.citrix.com>
jobs:
build-arm64-xsm pass
build-amd64 pass
build-armhf pass
build-amd64-libvirt pass
test-armhf-armhf-xl pass
test-arm64-arm64-xl-xsm pass
test-amd64-amd64-xl-qemuu-debianhvm-amd64 pass
test-amd64-amd64-libvirt pass
------------------------------------------------------------
sg-report-flight on osstest.test-lab.xenproject.org
logs: /home/logs/logs
images: /home/logs/images
Logs, config files, etc. are available at
http://logs.test-lab.xenproject.org/osstest/logs
Explanation of these reports, and of osstest in general, is at
http://xenbits.xen.org/gitweb/?p=osstest.git;a=blob;f=README.email;hb=master
http://xenbits.xen.org/gitweb/?p=osstest.git;a=blob;f=README;hb=master
Test harness code can be found at
http://xenbits.xen.org/gitweb?p=osstest.git;a=summary
Pushing revision :
To xenbits.xen.org:/home/xen/git/xen.git
3625b04991..71ca0e0ad0 71ca0e0ad000e690899936327eb09709ab182ade -> smoke
^ permalink raw reply [flat|nested] only message in thread
only message in thread, other threads:[~2020-06-17 16:29 UTC | newest]
Thread overview: (only message) (download: mbox.gz / follow: Atom feed)
-- links below jump to the message on this page --
2020-06-17 16:29 [xen-unstable-smoke test] 151194: tolerable all pass - PUSHED osstest service owner
This is a public inbox, see mirroring instructions
for how to clone and mirror all data and code used for this inbox;
as well as URLs for NNTP newsgroup(s).