* [qemu-mainline test] 151286: regressions - FAIL
@ 2020-06-23 2:22 osstest service owner
0 siblings, 0 replies; only message in thread
From: osstest service owner @ 2020-06-23 2:22 UTC (permalink / raw)
To: xen-devel, osstest-admin
flight 151286 qemu-mainline real [real]
http://logs.test-lab.xenproject.org/osstest/logs/151286/
Regressions :-(
Tests which did not succeed and are blocking,
including tests which could not be run:
test-amd64-i386-qemuu-rhel6hvm-intel 10 redhat-install fail REGR. vs. 151065
test-amd64-i386-libvirt-xsm 12 guest-start fail REGR. vs. 151065
test-amd64-i386-freebsd10-amd64 11 guest-start fail REGR. vs. 151065
test-amd64-i386-libvirt-pair 21 guest-start/debian fail REGR. vs. 151065
test-amd64-i386-qemuu-rhel6hvm-amd 10 redhat-install fail REGR. vs. 151065
test-amd64-amd64-libvirt 12 guest-start fail REGR. vs. 151065
test-amd64-amd64-libvirt-xsm 12 guest-start fail REGR. vs. 151065
test-amd64-i386-libvirt 12 guest-start fail REGR. vs. 151065
test-amd64-i386-freebsd10-i386 11 guest-start fail REGR. vs. 151065
test-amd64-amd64-libvirt-pair 21 guest-start/debian fail REGR. vs. 151065
test-amd64-amd64-qemuu-nested-amd 10 debian-hvm-install fail REGR. vs. 151065
test-amd64-amd64-xl-qemuu-dmrestrict-amd64-dmrestrict 10 debian-hvm-install fail REGR. vs. 151065
test-amd64-i386-xl-qemuu-dmrestrict-amd64-dmrestrict 10 debian-hvm-install fail REGR. vs. 151065
test-amd64-amd64-qemuu-nested-intel 10 debian-hvm-install fail REGR. vs. 151065
test-arm64-arm64-libvirt-xsm 12 guest-start fail REGR. vs. 151065
test-amd64-amd64-xl-qemuu-debianhvm-amd64-shadow 10 debian-hvm-install fail REGR. vs. 151065
test-amd64-i386-xl-qemuu-debianhvm-amd64 10 debian-hvm-install fail REGR. vs. 151065
test-amd64-amd64-xl-qemuu-debianhvm-amd64 10 debian-hvm-install fail REGR. vs. 151065
test-amd64-i386-xl-qemuu-debianhvm-amd64-shadow 10 debian-hvm-install fail REGR. vs. 151065
test-amd64-i386-libvirt-qemuu-debianhvm-amd64-xsm 10 debian-hvm-install fail REGR. vs. 151065
test-amd64-amd64-libvirt-qemuu-debianhvm-amd64-xsm 10 debian-hvm-install fail REGR. vs. 151065
test-amd64-i386-xl-qemuu-ovmf-amd64 10 debian-hvm-install fail REGR. vs. 151065
test-amd64-amd64-xl-qemuu-ovmf-amd64 10 debian-hvm-install fail REGR. vs. 151065
test-amd64-amd64-xl-qcow2 10 debian-di-install fail REGR. vs. 151065
test-amd64-amd64-libvirt-vhd 10 debian-di-install fail REGR. vs. 151065
test-amd64-i386-xl-qemuu-debianhvm-i386-xsm 10 debian-hvm-install fail REGR. vs. 151065
test-amd64-amd64-xl-qemuu-debianhvm-i386-xsm 10 debian-hvm-install fail REGR. vs. 151065
test-armhf-armhf-xl-vhd 10 debian-di-install fail REGR. vs. 151065
test-armhf-armhf-libvirt-raw 10 debian-di-install fail REGR. vs. 151065
test-armhf-armhf-libvirt 12 guest-start fail REGR. vs. 151065
test-amd64-amd64-xl-qemuu-win7-amd64 10 windows-install fail REGR. vs. 151065
test-amd64-i386-xl-qemuu-win7-amd64 10 windows-install fail REGR. vs. 151065
test-amd64-amd64-xl-qemuu-ws16-amd64 10 windows-install fail REGR. vs. 151065
test-amd64-i386-xl-qemuu-ws16-amd64 10 windows-install fail REGR. vs. 151065
Tests which did not succeed, but are not blocking:
test-amd64-i386-xl-pvshim 12 guest-start fail never pass
test-arm64-arm64-xl-seattle 13 migrate-support-check fail never pass
test-arm64-arm64-xl-seattle 14 saverestore-support-check fail never pass
test-arm64-arm64-xl-xsm 13 migrate-support-check fail never pass
test-arm64-arm64-xl-xsm 14 saverestore-support-check fail never pass
test-armhf-armhf-xl-arndale 13 migrate-support-check fail never pass
test-armhf-armhf-xl-arndale 14 saverestore-support-check fail never pass
test-arm64-arm64-xl 13 migrate-support-check fail never pass
test-arm64-arm64-xl 14 saverestore-support-check fail never pass
test-arm64-arm64-xl-thunderx 13 migrate-support-check fail never pass
test-arm64-arm64-xl-thunderx 14 saverestore-support-check fail never pass
test-arm64-arm64-xl-credit1 13 migrate-support-check fail never pass
test-arm64-arm64-xl-credit2 13 migrate-support-check fail never pass
test-arm64-arm64-xl-credit1 14 saverestore-support-check fail never pass
test-arm64-arm64-xl-credit2 14 saverestore-support-check fail never pass
test-armhf-armhf-xl 13 migrate-support-check fail never pass
test-armhf-armhf-xl 14 saverestore-support-check fail never pass
test-armhf-armhf-xl-multivcpu 13 migrate-support-check fail never pass
test-armhf-armhf-xl-multivcpu 14 saverestore-support-check fail never pass
test-armhf-armhf-xl-credit2 13 migrate-support-check fail never pass
test-armhf-armhf-xl-credit1 13 migrate-support-check fail never pass
test-armhf-armhf-xl-credit2 14 saverestore-support-check fail never pass
test-armhf-armhf-xl-credit1 14 saverestore-support-check fail never pass
test-armhf-armhf-xl-cubietruck 13 migrate-support-check fail never pass
test-armhf-armhf-xl-cubietruck 14 saverestore-support-check fail never pass
test-armhf-armhf-xl-rtds 13 migrate-support-check fail never pass
test-armhf-armhf-xl-rtds 14 saverestore-support-check fail never pass
version targeted for testing:
qemuu 06c4cc3660b366278bdc7bc8b6677032d7b1118c
baseline version:
qemuu 9e3903136d9acde2fb2dd9e967ba928050a6cb4a
Last test of basis 151065 2020-06-12 22:27:51 Z 10 days
Failing since 151101 2020-06-14 08:32:51 Z 8 days 7 attempts
Testing same since 151241 2020-06-20 01:36:13 Z 3 days 3 attempts
------------------------------------------------------------
People who touched revisions under test:
Aleksandar Markovic <aleksandar.qemu.devel@gmail.com>
Alex Bennée <alex.bennee@linaro.org>
Alex Williamson <alex.williamson@redhat.com>
Alexander Bulekov <alxndr@bu.edu>
Alexey Krasikov <alex-krasikov@yandex-team.ru>
Alistair Francis <alistair.francis@wdc.com>
Anthony PERARD <anthony.perard@citrix.com>
Artyom Tarasenko <atar4qemu@gmail.com>
Aurelien Jarno <aurelien@aurel32.net>
Babu Moger <babu.moger@amd.com>
BALATON Zoltan <balaton@eik.bme.hu>
Cathy Zhang <cathy.zhang@intel.com>
Christian Borntraeger <borntraeger@de.ibm.com>
Claudio Fontana <cfontana@suse.de>
Colin Xu <colin.xu@intel.com>
Cornelia Huck <cohuck@redhat.com>
Cédric Le Goater <clg@kaod.org>
Daniel P. Berrangé <berrange@redhat.com>
David Carlier <devnexen@gmail.com>
David Gibson <david@gibson.dropbear.id.au>
David Hildenbrand <david@redhat.com>
Derek Su <dereksu@qnap.com>
Dr. David Alan Gilbert <dgilbert@redhat.com>
Edgar E. Iglesias <edgar.iglesias@xilinx.com>
Emilio G. Cota <cota@braap.org>
Eric Auger <eric.auger@redhat.com>
Eric Blake <eblake@redhat.com>
Eric Farman <farman@linux.ibm.com>
Erik Smit <erik.lucas.smit@gmail.com>
Evgeny Yakovlev <eyakovlev@virtuozzo.com>
fangying <fangying1@huawei.com>
Farhan Ali <alifm@linux.ibm.com>
Gerd Hoffmann <kraxel@redhat.com>
Guenter Roeck <linux@roeck-us.net>
Helge Deller <deller@gmx.de>
Igor Mammedov <imammedo@redhat.com>
Janne Grunau <j@jannau.net>
Jason Wang <jasowang@redhat.com>
Jean-Christophe Dubois <jcd@tribudubois.net>
Jiaxun Yang <jiaxun.yang@flygoat.com>
John Snow <jsnow@redhat.com>
Jon Doron <arilou@gmail.com>
Joseph Myers <joseph@codesourcery.com>
Julio Faracco <jcfaracco@gmail.com>
Kevin Wolf <kwolf@redhat.com>
Klaus Jensen <k.jensen@samsung.com>
Klaus Jensen <klaus.jensen@cnexlabs.com>
Laurent Vivier <laurent@vivier.eu>
Laurent Vivier <lvivier@redhat.com>
Leonid Bloch <lb.workbox@gmail.com>
Leonid Bloch <lbloch@janustech.com>
Li Qiang <liq3ea@gmail.com>
Like Xu <like.xu@linux.intel.com>
Lingfeng Yang <lfy@google.com>
Liran Alon <liran.alon@oracle.com>
Lukas Straub <lukasstraub2@web.de>
Maciej S. Szmigiero <maciej.szmigiero@oracle.com>
Magnus Damm <magnus.damm@gmail.com>
Mao Zhongyi <maozhongyi@cmss.chinamobile.com>
Marek Marczykowski-Górecki <marmarek@invisiblethingslab.com>
Markus Armbruster <armbru@redhat.com>
Masahiro Yamada <masahiroy@kernel.org>
Max Reitz <mreitz@redhat.com>
Michael S. Tsirkin <mst@redhat.com>
Pan Nengyuan <pannengyuan@huawei.com>
Paolo Bonzini <pbonzini@redhat.com>
Pavel Dovgalyuk <Pavel.Dovgaluk@gmail.com>
Pavel Dovgalyuk <Pavel.Dovgaluk@ispras.ru>
Peter Maydell <peter.maydell@linaro.org>
Peter Xu <peterx@redhat.com>
Philippe Mathieu-Daudé <f4bug@amsat.org>
Philippe Mathieu-Daudé <philmd@redhat.com>
Prasad J Pandit <pjp@fedoraproject.org>
Richard Henderson <richard.henderson@linaro.org>
Richard W.M. Jones <rjones@redhat.com>
Robert Foley <robert.foley@linaro.org>
Roman Bolshakov <r.bolshakov@yadro.com>
Roman Kagan <rkagan@virtuozzo.com>
Roman Kagan <rvkagan@yandex-team.ru>
Sai Pavan Boddu <sai.pavan.boddu@xilinx.com>
Sebastian Rasmussen <sebras@gmail.com>
Sergio Lopez <slp@redhat.com>
Stefan Berger <stefanb@linux.ibm.com>
Stefan Hajnoczi <stefanha@redhat.com>
Thomas Huth <thuth@redhat.com>
Tong Ho <tong.ho@xilinx.com>
WangBowen <bowen.wang@intel.com>
Wei Huang <wei.huang2@amd.com>
Wei Wang <wei.w.wang@intel.com>
Ying Fang <fangying1@huawei.com>
Yoshinori Sato <ysato@users.sourceforge.jp>
Yuri Benditovich <yuri.benditovich@daynix.com>
Zhang Chen <chen.zhang@intel.com>
jobs:
build-amd64-xsm pass
build-arm64-xsm pass
build-i386-xsm pass
build-amd64 pass
build-arm64 pass
build-armhf pass
build-i386 pass
build-amd64-libvirt pass
build-arm64-libvirt pass
build-armhf-libvirt pass
build-i386-libvirt pass
build-amd64-pvops pass
build-arm64-pvops pass
build-armhf-pvops pass
build-i386-pvops pass
test-amd64-amd64-xl pass
test-amd64-coresched-amd64-xl pass
test-arm64-arm64-xl pass
test-armhf-armhf-xl pass
test-amd64-i386-xl pass
test-amd64-coresched-i386-xl pass
test-amd64-amd64-libvirt-qemuu-debianhvm-amd64-xsm fail
test-amd64-i386-libvirt-qemuu-debianhvm-amd64-xsm fail
test-amd64-amd64-xl-qemuu-debianhvm-i386-xsm fail
test-amd64-i386-xl-qemuu-debianhvm-i386-xsm fail
test-amd64-amd64-libvirt-xsm fail
test-arm64-arm64-libvirt-xsm fail
test-amd64-i386-libvirt-xsm fail
test-amd64-amd64-xl-xsm pass
test-arm64-arm64-xl-xsm pass
test-amd64-i386-xl-xsm pass
test-amd64-amd64-qemuu-nested-amd fail
test-amd64-amd64-xl-pvhv2-amd pass
test-amd64-i386-qemuu-rhel6hvm-amd fail
test-amd64-amd64-xl-qemuu-debianhvm-amd64 fail
test-amd64-i386-xl-qemuu-debianhvm-amd64 fail
test-amd64-i386-freebsd10-amd64 fail
test-amd64-amd64-xl-qemuu-ovmf-amd64 fail
test-amd64-i386-xl-qemuu-ovmf-amd64 fail
test-amd64-amd64-xl-qemuu-win7-amd64 fail
test-amd64-i386-xl-qemuu-win7-amd64 fail
test-amd64-amd64-xl-qemuu-ws16-amd64 fail
test-amd64-i386-xl-qemuu-ws16-amd64 fail
test-armhf-armhf-xl-arndale pass
test-amd64-amd64-xl-credit1 pass
test-arm64-arm64-xl-credit1 pass
test-armhf-armhf-xl-credit1 pass
test-amd64-amd64-xl-credit2 pass
test-arm64-arm64-xl-credit2 pass
test-armhf-armhf-xl-credit2 pass
test-armhf-armhf-xl-cubietruck pass
test-amd64-amd64-xl-qemuu-dmrestrict-amd64-dmrestrict fail
test-amd64-i386-xl-qemuu-dmrestrict-amd64-dmrestrict fail
test-amd64-i386-freebsd10-i386 fail
test-amd64-amd64-qemuu-nested-intel fail
test-amd64-amd64-xl-pvhv2-intel pass
test-amd64-i386-qemuu-rhel6hvm-intel fail
test-amd64-amd64-libvirt fail
test-armhf-armhf-libvirt fail
test-amd64-i386-libvirt fail
test-amd64-amd64-xl-multivcpu pass
test-armhf-armhf-xl-multivcpu pass
test-amd64-amd64-pair pass
test-amd64-i386-pair pass
test-amd64-amd64-libvirt-pair fail
test-amd64-i386-libvirt-pair fail
test-amd64-amd64-amd64-pvgrub pass
test-amd64-amd64-i386-pvgrub pass
test-amd64-amd64-xl-pvshim pass
test-amd64-i386-xl-pvshim fail
test-amd64-amd64-pygrub pass
test-amd64-amd64-xl-qcow2 fail
test-armhf-armhf-libvirt-raw fail
test-amd64-i386-xl-raw pass
test-amd64-amd64-xl-rtds pass
test-armhf-armhf-xl-rtds pass
test-arm64-arm64-xl-seattle pass
test-amd64-amd64-xl-qemuu-debianhvm-amd64-shadow fail
test-amd64-i386-xl-qemuu-debianhvm-amd64-shadow fail
test-amd64-amd64-xl-shadow pass
test-amd64-i386-xl-shadow pass
test-arm64-arm64-xl-thunderx pass
test-amd64-amd64-libvirt-vhd fail
test-armhf-armhf-xl-vhd fail
------------------------------------------------------------
sg-report-flight on osstest.test-lab.xenproject.org
logs: /home/logs/logs
images: /home/logs/images
Logs, config files, etc. are available at
http://logs.test-lab.xenproject.org/osstest/logs
Explanation of these reports, and of osstest in general, is at
http://xenbits.xen.org/gitweb/?p=osstest.git;a=blob;f=README.email;hb=master
http://xenbits.xen.org/gitweb/?p=osstest.git;a=blob;f=README;hb=master
Test harness code can be found at
http://xenbits.xen.org/gitweb?p=osstest.git;a=summary
Not pushing.
(No revision log; it would be 8468 lines long.)
^ permalink raw reply [flat|nested] only message in thread
only message in thread, other threads:[~2020-06-23 2:22 UTC | newest]
Thread overview: (only message) (download: mbox.gz / follow: Atom feed)
-- links below jump to the message on this page --
2020-06-23 2:22 [qemu-mainline test] 151286: regressions - FAIL osstest service owner
This is a public inbox, see mirroring instructions
for how to clone and mirror all data and code used for this inbox;
as well as URLs for NNTP newsgroup(s).