* [linux-5.4 test] 151939: tolerable FAIL - PUSHED
@ 2020-07-16 21:49 osstest service owner
0 siblings, 0 replies; only message in thread
From: osstest service owner @ 2020-07-16 21:49 UTC (permalink / raw)
To: xen-devel, osstest-admin
flight 151939 linux-5.4 real [real]
http://logs.test-lab.xenproject.org/osstest/logs/151939/
Failures :-/ but no regressions.
Tests which did not succeed, but are not blocking:
test-amd64-i386-libvirt 13 migrate-support-check fail never pass
test-amd64-i386-xl-pvshim 12 guest-start fail never pass
test-amd64-amd64-libvirt 13 migrate-support-check fail never pass
test-amd64-i386-libvirt-xsm 13 migrate-support-check fail never pass
test-arm64-arm64-xl-seattle 13 migrate-support-check fail never pass
test-arm64-arm64-xl-seattle 14 saverestore-support-check fail never pass
test-arm64-arm64-xl-xsm 13 migrate-support-check fail never pass
test-arm64-arm64-xl-xsm 14 saverestore-support-check fail never pass
test-amd64-amd64-libvirt-qemuu-debianhvm-amd64-xsm 11 migrate-support-check fail never pass
test-arm64-arm64-xl 13 migrate-support-check fail never pass
test-arm64-arm64-xl 14 saverestore-support-check fail never pass
test-arm64-arm64-libvirt-xsm 13 migrate-support-check fail never pass
test-arm64-arm64-libvirt-xsm 14 saverestore-support-check fail never pass
test-arm64-arm64-xl-thunderx 13 migrate-support-check fail never pass
test-arm64-arm64-xl-credit1 13 migrate-support-check fail never pass
test-arm64-arm64-xl-thunderx 14 saverestore-support-check fail never pass
test-arm64-arm64-xl-credit1 14 saverestore-support-check fail never pass
test-arm64-arm64-xl-credit2 13 migrate-support-check fail never pass
test-arm64-arm64-xl-credit2 14 saverestore-support-check fail never pass
test-armhf-armhf-xl-multivcpu 13 migrate-support-check fail never pass
test-armhf-armhf-xl-multivcpu 14 saverestore-support-check fail never pass
test-armhf-armhf-xl-credit2 13 migrate-support-check fail never pass
test-armhf-armhf-xl 13 migrate-support-check fail never pass
test-armhf-armhf-xl-arndale 13 migrate-support-check fail never pass
test-armhf-armhf-xl-arndale 14 saverestore-support-check fail never pass
test-armhf-armhf-xl 14 saverestore-support-check fail never pass
test-armhf-armhf-xl-credit2 14 saverestore-support-check fail never pass
test-amd64-i386-libvirt-qemuu-debianhvm-amd64-xsm 11 migrate-support-check fail never pass
test-amd64-amd64-qemuu-nested-amd 17 debian-hvm-install/l1/l2 fail never pass
test-amd64-i386-xl-qemuu-win7-amd64 17 guest-stop fail never pass
test-amd64-i386-xl-qemut-win7-amd64 17 guest-stop fail never pass
test-amd64-amd64-xl-qemut-win7-amd64 17 guest-stop fail never pass
test-armhf-armhf-libvirt 13 migrate-support-check fail never pass
test-armhf-armhf-libvirt 14 saverestore-support-check fail never pass
test-armhf-armhf-xl-cubietruck 13 migrate-support-check fail never pass
test-armhf-armhf-xl-cubietruck 14 saverestore-support-check fail never pass
test-armhf-armhf-xl-vhd 12 migrate-support-check fail never pass
test-armhf-armhf-xl-vhd 13 saverestore-support-check fail never pass
test-armhf-armhf-xl-credit1 13 migrate-support-check fail never pass
test-armhf-armhf-xl-credit1 14 saverestore-support-check fail never pass
test-amd64-amd64-xl-qemuu-ws16-amd64 17 guest-stop fail never pass
test-amd64-amd64-xl-qemut-ws16-amd64 17 guest-stop fail never pass
test-amd64-i386-xl-qemut-ws16-amd64 17 guest-stop fail never pass
test-armhf-armhf-xl-rtds 13 migrate-support-check fail never pass
test-armhf-armhf-xl-rtds 14 saverestore-support-check fail never pass
test-armhf-armhf-libvirt-raw 12 migrate-support-check fail never pass
test-armhf-armhf-libvirt-raw 13 saverestore-support-check fail never pass
test-amd64-i386-xl-qemuu-ws16-amd64 17 guest-stop fail never pass
test-amd64-amd64-libvirt-xsm 13 migrate-support-check fail never pass
test-amd64-amd64-libvirt-vhd 12 migrate-support-check fail never pass
test-amd64-amd64-xl-qemuu-win7-amd64 17 guest-stop fail never pass
version targeted for testing:
linux c57b1153a58a6263863667296b5f00933fc46a4f
baseline version:
linux 1c54d3c15afacf179c07ce6c57a0d43f412f1b3a
Last test of basis 151757 2020-07-09 08:18:27 Z 7 days
Testing same since 151939 2020-07-16 06:40:22 Z 0 days 1 attempts
------------------------------------------------------------
People who touched revisions under test:
Aditya Pakki <pakki001@umn.edu>
Adrian Hunter <adrian.hunter@intel.com>
Alex Deucher <alexander.deucher@amd.com>
Alexandru Elisei <alexandru.elisei@arm.com>
Alexei Starovoitov <ast@kernel.org>
Andre Edich <andre.edich@microchip.com>
Andrew Bowers <andrewx.bowers@intel.com>
Andrew Scull <ascull@google.com>
Andy Shevchenko <andriy.shevchenko@linux.intel.com>
Aneesh Kumar K.V <aneesh.kumar@linux.ibm.com>
Arnaldo Carvalho de Melo <acme@redhat.com>
Aya Levin <ayal@mellanox.com>
Bartosz Golaszewski <bgolaszewski@baylibre.com>
Benjamin Poirier <benjamin.poirier@gmail.com>
Boris Burkov <boris@bur.io>
Charles Keepax <ckeepax@opensource.cirrus.com>
Chengguang Xu <cgxu519@mykernel.net>
Chris Chiu <chiu@endlessm.com>
Christian Borntraeger <borntraeger@de.ibm.com>
Christian König <christian.koenig@amd.com>
Christoph Hellwig <hch@lst.de>
Chun-Kuang Hu <chunkuang.hu@kernel.org>
Ciara Loftus <ciara.loftus@intel.com>
Codrin Ciubotariu <codrin.ciubotariu@microchip.com>
Dan Carpenter <dan.carpenter@oracle.com>
Daniel Drake <drake@endlessm.com>
Dany Madden <drt@linux.ibm.com>
David S. Miller <davem@davemloft.net>
David Sterba <dsterba@suse.com>
Davide Caratti <dcaratti@redhat.com>
Dennis Dalessandro <dennis.dalessandro@intel.com>
Divya Indi <divya.indi@oracle.com>
Douglas Anderson <dianders@chromium.org>
Eran Ben Elisha <eranbe@mellanox.com>
Eric Dumazet <edumazet@google.com>
Even Brenden <evenbrenden@gmail.com>
Felipe Balbi <balbi@kernel.org>
Gerald Schaefer <gerald.schaefer@de.ibm.com> # s390
Greg Kroah-Hartman <gregkh@linuxfoundation.org>
Hans de Goede <hdegoede@redhat.com>
Hector Martin <marcan@marcan.st>
Heiko Carstens <hca@linux.ibm.com>
Heiko Carstens <heiko.carstens@de.ibm.com>
Hsin-Yi Wang <hsinyi@chromium.org>
Huazhong Tan <tanhuazhong@huawei.com>
Hui Wang <hui.wang@canonical.com>
Huy Nguyen <huyn@mellanox.com>
Ido Schimmel <idosch@mellanox.com>
Igor Russkikh <irusskikh@marvell.com>
Ingo Molnar <mingo@kernel.org>
Jakub Sitnicki <jakub@cloudflare.com>
James Morse <james.morse@arm.com>
Janosch Frank <frankja@linux.ibm.com>
Jason Gunthorpe <jgg@nvidia.com>
Jeff Kirsher <jeffrey.t.kirsher@intel.com>
Jens Axboe <axboe@kernel.dk>
Jens Thoms Toerring <jt@toerring.de>
Jessica Yu <jeyu@kernel.org>
Jian-Hong Pan <jian-hong@endlessm.com>
Jiri Kosina <jkosina@suse.cz>
Jiri Olsa <jolsa@redhat.com>
Joe Lawrence <joe.lawrence@redhat.com>
Joerg Roedel <jroedel@suse.de>
Johannes Berg <johannes.berg@intel.com>
John Fastabend <john.fastabend@gmail.com>
Jonathan Toppins <jtoppins@redhat.com>
Josef Bacik <josef@toxicpanda.com>
Josh Poimboeuf <jpoimboe@redhat.com>
Kaike Wan <kaike.wan@intel.com>
Kamal Heib <kamalheib1@gmail.com>
Kees Cook <keescook@chromium.org>
Kim Phillips <kim.phillips@amd.com>
Krzysztof Kozlowski <krzk@kernel.org>
Leon Romanovsky <leonro@mellanox.com>
Li Heng <liheng40@huawei.com>
Linus Walleij <linus.walleij@linaro.org>
Lu Baolu <baolu.lu@linux.intel.com>
Luca Coelho <luciano.coelho@intel.com>
Marc Zyngier <maz@kernel.org>
Marco Elver <elver@google.com>
Marek Olšák <marek.olsak@amd.com>
Mark Brown <broonie@kernel.org>
Martin K. Petersen <martin.petersen@oracle.com>
Martin KaFai Lau <kafai@fb.com>
Max Gurtovoy <maxg@mellanox.com>
Michael Ellerman <mpe@ellerman.id.au>
Michal Suchanek <msuchanek@suse.de>
Mike Snitzer <snitzer@redhat.com>
Mikulas Patocka <mpatocka@redhat.com>
Ming Lei <ming.lei@redhat.com>
Miroslav Benes <mbenes@suse.cz>
Namhyung Kim <namhyung@kernel.org>
Neil Armstrong <narmstrong@baylibre.com>
Nicolas Ferre <nicolas.ferre@microchip.com>
Nicolin Chen <nicoleotsuka@gmail.com>
Pablo Neira Ayuso <pablo@netfilter.org>
Paolo Bonzini <pbonzini@redhat.com>
Parthiban Veerasooran <Parthiban.Veerasooran@microchip.com>
Pavel Hofman <pavel.hofman@ivitera.com>
Peng Ma <peng.ma@nxp.com>
Peter Zijlstra (Intel) <peterz@infradead.org>
Peter Zijlstra <peterz@infradead.org>
Pierre-Louis Bossart <pierre-louis.bossart@linux.intel.com>
Rahul Lakkireddy <rahul.lakkireddy@chelsio.com>
Rajat Jain <rajatja@google.com>
Russell King <rmk+kernel@armlinux.org.uk>
Saeed Mahameed <saeedm@mellanox.com>
Sascha Hauer <s.hauer@pengutronix.de>
Sasha Levin <sashal@kernel.org>
Scott Wood <swood@redhat.com>
Sean Christopherson <sean.j.christopherson@intel.com>
Sebastian Andrzej Siewior <bigeasy@linutronix.de>
Shawn Guo <shawnguo@kernel.org>
Sowjanya Komatineni <skomatineni@nvidia.com>
Srinivas Kandagatla <srinivas.kandagatla@linaro.org>
Stanislav Saner <ssaner@redhat.com>
Stephane Eranian <eranian@google.com>
Stephane Eranian <eraniangoogle.com>
Steve French <stfrench@microsoft.com>
Steven Price <steven.price@arm.com>
Sudarsana Reddy Kalluru <skalluru@marvell.com>
Takashi Iwai <tiwai@suse.de>
Thierry Reding <treding@nvidia.com>
Tom Rix <trix@redhat.com>
Tomas Henzl <thenzl@redhat.com>
Tony Lindgren <tony@atomide.com>
Ulf Hansson <ulf.hansson@linaro.org>
Uwe Kleine-König <u.kleine-koenig@pengutronix.de>
Vasily Gorbik <gor@linux.ibm.com>
Vincent Bernat <vincent@bernat.ch>
Vineet Gupta <vgupta@synopsys.com>
Vinod Koul <vkoul@kernel.org>
Wei Li <liwei391@huawei.com>
Will Deacon <will@kernel.org>
xidongwang <wangxidong_97@163.com>
Xin Tan <tanxin.ctf@gmail.com>
Xiyu Yang <xiyuyang19@fudan.edu.cn>
Yonglong Liu <liuyonglong@huawei.com>
yu kuai <yukuai3@huawei.com>
Zhang Xiaoxu <zhangxiaoxu5@huawei.com>
Zheng Bin <zhengbin13@huawei.com>
Zhenzhong Duan <zhenzhong.duan@gmail.com>
jobs:
build-amd64-xsm pass
build-arm64-xsm pass
build-i386-xsm pass
build-amd64 pass
build-arm64 pass
build-armhf pass
build-i386 pass
build-amd64-libvirt pass
build-arm64-libvirt pass
build-armhf-libvirt pass
build-i386-libvirt pass
build-amd64-pvops pass
build-arm64-pvops pass
build-armhf-pvops pass
build-i386-pvops pass
test-amd64-amd64-xl pass
test-amd64-coresched-amd64-xl pass
test-arm64-arm64-xl pass
test-armhf-armhf-xl pass
test-amd64-i386-xl pass
test-amd64-coresched-i386-xl pass
test-amd64-amd64-libvirt-qemuu-debianhvm-amd64-xsm pass
test-amd64-i386-libvirt-qemuu-debianhvm-amd64-xsm pass
test-amd64-amd64-xl-qemut-stubdom-debianhvm-amd64-xsm pass
test-amd64-i386-xl-qemut-stubdom-debianhvm-amd64-xsm pass
test-amd64-amd64-xl-qemut-debianhvm-i386-xsm pass
test-amd64-i386-xl-qemut-debianhvm-i386-xsm pass
test-amd64-amd64-xl-qemuu-debianhvm-i386-xsm pass
test-amd64-i386-xl-qemuu-debianhvm-i386-xsm pass
test-amd64-amd64-libvirt-xsm pass
test-arm64-arm64-libvirt-xsm pass
test-amd64-i386-libvirt-xsm pass
test-amd64-amd64-xl-xsm pass
test-arm64-arm64-xl-xsm pass
test-amd64-i386-xl-xsm pass
test-amd64-amd64-qemuu-nested-amd fail
test-amd64-amd64-xl-pvhv2-amd pass
test-amd64-i386-qemut-rhel6hvm-amd pass
test-amd64-i386-qemuu-rhel6hvm-amd pass
test-amd64-amd64-xl-qemut-debianhvm-amd64 pass
test-amd64-i386-xl-qemut-debianhvm-amd64 pass
test-amd64-amd64-xl-qemuu-debianhvm-amd64 pass
test-amd64-i386-xl-qemuu-debianhvm-amd64 pass
test-amd64-i386-freebsd10-amd64 pass
test-amd64-amd64-xl-qemuu-ovmf-amd64 pass
test-amd64-i386-xl-qemuu-ovmf-amd64 pass
test-amd64-amd64-xl-qemut-win7-amd64 fail
test-amd64-i386-xl-qemut-win7-amd64 fail
test-amd64-amd64-xl-qemuu-win7-amd64 fail
test-amd64-i386-xl-qemuu-win7-amd64 fail
test-amd64-amd64-xl-qemut-ws16-amd64 fail
test-amd64-i386-xl-qemut-ws16-amd64 fail
test-amd64-amd64-xl-qemuu-ws16-amd64 fail
test-amd64-i386-xl-qemuu-ws16-amd64 fail
test-armhf-armhf-xl-arndale pass
test-amd64-amd64-xl-credit1 pass
test-arm64-arm64-xl-credit1 pass
test-armhf-armhf-xl-credit1 pass
test-amd64-amd64-xl-credit2 pass
test-arm64-arm64-xl-credit2 pass
test-armhf-armhf-xl-credit2 pass
test-armhf-armhf-xl-cubietruck pass
test-amd64-amd64-xl-qemuu-dmrestrict-amd64-dmrestrict pass
test-amd64-i386-xl-qemuu-dmrestrict-amd64-dmrestrict pass
test-amd64-amd64-examine pass
test-arm64-arm64-examine pass
test-armhf-armhf-examine pass
test-amd64-i386-examine pass
test-amd64-i386-freebsd10-i386 pass
test-amd64-amd64-qemuu-nested-intel pass
test-amd64-amd64-xl-pvhv2-intel pass
test-amd64-i386-qemut-rhel6hvm-intel pass
test-amd64-i386-qemuu-rhel6hvm-intel pass
test-amd64-amd64-libvirt pass
test-armhf-armhf-libvirt pass
test-amd64-i386-libvirt pass
test-amd64-amd64-xl-multivcpu pass
test-armhf-armhf-xl-multivcpu pass
test-amd64-amd64-pair pass
test-amd64-i386-pair pass
test-amd64-amd64-libvirt-pair pass
test-amd64-i386-libvirt-pair pass
test-amd64-amd64-amd64-pvgrub pass
test-amd64-amd64-i386-pvgrub pass
test-amd64-amd64-xl-pvshim pass
test-amd64-i386-xl-pvshim fail
test-amd64-amd64-pygrub pass
test-amd64-amd64-xl-qcow2 pass
test-armhf-armhf-libvirt-raw pass
test-amd64-i386-xl-raw pass
test-amd64-amd64-xl-rtds pass
test-armhf-armhf-xl-rtds pass
test-arm64-arm64-xl-seattle pass
test-amd64-amd64-xl-qemuu-debianhvm-amd64-shadow pass
test-amd64-i386-xl-qemuu-debianhvm-amd64-shadow pass
test-amd64-amd64-xl-shadow pass
test-amd64-i386-xl-shadow pass
test-arm64-arm64-xl-thunderx pass
test-amd64-amd64-libvirt-vhd pass
test-armhf-armhf-xl-vhd pass
------------------------------------------------------------
sg-report-flight on osstest.test-lab.xenproject.org
logs: /home/logs/logs
images: /home/logs/images
Logs, config files, etc. are available at
http://logs.test-lab.xenproject.org/osstest/logs
Explanation of these reports, and of osstest in general, is at
http://xenbits.xen.org/gitweb/?p=osstest.git;a=blob;f=README.email;hb=master
http://xenbits.xen.org/gitweb/?p=osstest.git;a=blob;f=README;hb=master
Test harness code can be found at
http://xenbits.xen.org/gitweb?p=osstest.git;a=summary
Pushing revision :
hint: The 'hooks/update' hook was ignored because it's not set as executable.
hint: You can disable this warning with `git config advice.ignoredHook false`.
hint: The 'hooks/post-receive' hook was ignored because it's not set as executable.
hint: You can disable this warning with `git config advice.ignoredHook false`.
hint: The 'hooks/post-update' hook was ignored because it's not set as executable.
hint: You can disable this warning with `git config advice.ignoredHook false`.
To xenbits.xen.org:/home/xen/git/linux-pvops.git
1c54d3c15afa..c57b1153a58a c57b1153a58a6263863667296b5f00933fc46a4f -> tested/linux-5.4
^ permalink raw reply [flat|nested] only message in thread
only message in thread, other threads:[~2020-07-16 21:50 UTC | newest]
Thread overview: (only message) (download: mbox.gz / follow: Atom feed)
-- links below jump to the message on this page --
2020-07-16 21:49 [linux-5.4 test] 151939: tolerable FAIL - PUSHED osstest service owner
This is a public inbox, see mirroring instructions
for how to clone and mirror all data and code used for this inbox;
as well as URLs for NNTP newsgroup(s).