* [qemu-mainline test] 151952: regressions - FAIL
@ 2020-07-17 13:57 osstest service owner
0 siblings, 0 replies; only message in thread
From: osstest service owner @ 2020-07-17 13:57 UTC (permalink / raw)
To: xen-devel, osstest-admin
flight 151952 qemu-mainline real [real]
http://logs.test-lab.xenproject.org/osstest/logs/151952/
Regressions :-(
Tests which did not succeed and are blocking,
including tests which could not be run:
test-amd64-amd64-xl-qemuu-ovmf-amd64 10 debian-hvm-install fail REGR. vs. 151065
test-amd64-amd64-xl-qemuu-dmrestrict-amd64-dmrestrict 10 debian-hvm-install fail REGR. vs. 151065
test-amd64-amd64-xl-qemuu-debianhvm-amd64 10 debian-hvm-install fail REGR. vs. 151065
test-amd64-amd64-qemuu-nested-intel 10 debian-hvm-install fail REGR. vs. 151065
test-amd64-i386-xl-qemuu-debianhvm-i386-xsm 10 debian-hvm-install fail REGR. vs. 151065
test-amd64-i386-xl-qemuu-dmrestrict-amd64-dmrestrict 10 debian-hvm-install fail REGR. vs. 151065
test-amd64-i386-xl-qemuu-ovmf-amd64 10 debian-hvm-install fail REGR. vs. 151065
test-amd64-amd64-xl-qemuu-debianhvm-i386-xsm 10 debian-hvm-install fail REGR. vs. 151065
test-amd64-amd64-xl-qemuu-debianhvm-amd64-shadow 10 debian-hvm-install fail REGR. vs. 151065
test-amd64-amd64-libvirt-qemuu-debianhvm-amd64-xsm 10 debian-hvm-install fail REGR. vs. 151065
test-amd64-i386-xl-qemuu-debianhvm-amd64 10 debian-hvm-install fail REGR. vs. 151065
test-amd64-i386-libvirt-qemuu-debianhvm-amd64-xsm 10 debian-hvm-install fail REGR. vs. 151065
test-amd64-i386-xl-qemuu-debianhvm-amd64-shadow 10 debian-hvm-install fail REGR. vs. 151065
test-amd64-i386-qemuu-rhel6hvm-intel 10 redhat-install fail REGR. vs. 151065
test-amd64-i386-freebsd10-i386 11 guest-start fail REGR. vs. 151065
test-amd64-i386-freebsd10-amd64 11 guest-start fail REGR. vs. 151065
test-amd64-amd64-qemuu-nested-amd 10 debian-hvm-install fail REGR. vs. 151065
test-armhf-armhf-xl-vhd 18 leak-check/check fail REGR. vs. 151065
test-amd64-i386-qemuu-rhel6hvm-amd 10 redhat-install fail REGR. vs. 151065
test-amd64-amd64-xl-qemuu-win7-amd64 10 windows-install fail REGR. vs. 151065
test-amd64-i386-xl-qemuu-win7-amd64 10 windows-install fail REGR. vs. 151065
test-amd64-amd64-xl-qemuu-ws16-amd64 10 windows-install fail REGR. vs. 151065
test-amd64-i386-xl-qemuu-ws16-amd64 10 windows-install fail REGR. vs. 151065
Tests which did not succeed, but are not blocking:
test-armhf-armhf-libvirt 14 saverestore-support-check fail like 151065
test-armhf-armhf-xl-rtds 16 guest-start/debian.repeat fail like 151065
test-armhf-armhf-libvirt-raw 13 saverestore-support-check fail like 151065
test-amd64-i386-xl-pvshim 12 guest-start fail never pass
test-arm64-arm64-xl-seattle 13 migrate-support-check fail never pass
test-arm64-arm64-xl-seattle 14 saverestore-support-check fail never pass
test-amd64-amd64-libvirt 13 migrate-support-check fail never pass
test-amd64-amd64-libvirt-xsm 13 migrate-support-check fail never pass
test-amd64-i386-libvirt 13 migrate-support-check fail never pass
test-amd64-i386-libvirt-xsm 13 migrate-support-check fail never pass
test-arm64-arm64-xl-credit1 13 migrate-support-check fail never pass
test-arm64-arm64-xl-credit1 14 saverestore-support-check fail never pass
test-arm64-arm64-xl 13 migrate-support-check fail never pass
test-arm64-arm64-xl-thunderx 13 migrate-support-check fail never pass
test-arm64-arm64-xl-credit2 13 migrate-support-check fail never pass
test-arm64-arm64-xl-credit2 14 saverestore-support-check fail never pass
test-arm64-arm64-xl-thunderx 14 saverestore-support-check fail never pass
test-arm64-arm64-xl 14 saverestore-support-check fail never pass
test-arm64-arm64-xl-xsm 13 migrate-support-check fail never pass
test-arm64-arm64-xl-xsm 14 saverestore-support-check fail never pass
test-arm64-arm64-libvirt-xsm 13 migrate-support-check fail never pass
test-arm64-arm64-libvirt-xsm 14 saverestore-support-check fail never pass
test-amd64-amd64-libvirt-vhd 12 migrate-support-check fail never pass
test-armhf-armhf-libvirt 13 migrate-support-check fail never pass
test-armhf-armhf-xl-credit1 13 migrate-support-check fail never pass
test-armhf-armhf-xl-credit1 14 saverestore-support-check fail never pass
test-armhf-armhf-xl-multivcpu 13 migrate-support-check fail never pass
test-armhf-armhf-xl-multivcpu 14 saverestore-support-check fail never pass
test-armhf-armhf-xl-cubietruck 13 migrate-support-check fail never pass
test-armhf-armhf-xl-cubietruck 14 saverestore-support-check fail never pass
test-armhf-armhf-xl-rtds 13 migrate-support-check fail never pass
test-armhf-armhf-xl-rtds 14 saverestore-support-check fail never pass
test-armhf-armhf-xl-credit2 13 migrate-support-check fail never pass
test-armhf-armhf-xl-credit2 14 saverestore-support-check fail never pass
test-armhf-armhf-xl-arndale 13 migrate-support-check fail never pass
test-armhf-armhf-xl-arndale 14 saverestore-support-check fail never pass
test-armhf-armhf-xl-vhd 12 migrate-support-check fail never pass
test-armhf-armhf-xl-vhd 13 saverestore-support-check fail never pass
test-armhf-armhf-libvirt-raw 12 migrate-support-check fail never pass
test-armhf-armhf-xl 13 migrate-support-check fail never pass
test-armhf-armhf-xl 14 saverestore-support-check fail never pass
version targeted for testing:
qemuu 95d1fbabae0cd44156ac4b96d512d143ca7dfd5e
baseline version:
qemuu 9e3903136d9acde2fb2dd9e967ba928050a6cb4a
Last test of basis 151065 2020-06-12 22:27:51 Z 34 days
Failing since 151101 2020-06-14 08:32:51 Z 33 days 45 attempts
Testing same since 151952 2020-07-16 22:36:32 Z 0 days 1 attempts
------------------------------------------------------------
People who touched revisions under test:
Aaron Lindsay <aaron@os.amperecomputing.com>
Ahmed Karaman <ahmedkhaledkaraman@gmail.com>
Alberto Garcia <berto@igalia.com>
Aleksandar Markovic <aleksandar.m.mail@gmail.com>
Aleksandar Markovic <aleksandar.qemu.devel@gmail.com>
Alex Bennée <alex.bennee@linaro.org>
Alex Richardson <Alexander.Richardson@cl.cam.ac.uk>
Alex Williamson <alex.williamson@redhat.com>
Alexander Boettcher <alexander.boettcher@genode-labs.com>
Alexander Bulekov <alxndr@bu.edu>
Alexandre Mergnat <amergnat@baylibre.com>
Alexey Krasikov <alex-krasikov@yandex-team.ru>
Alistair Francis <alistair.francis@wdc.com>
Allan Peramaki <aperamak@pp1.inet.fi>
Andrew <andrew@daynix.com>
Andrew Jones <drjones@redhat.com>
Andrew Melnychenko <andrew@daynix.com>
Ani Sinha <ani.sinha@nutanix.com>
Anthony PERARD <anthony.perard@citrix.com>
Ard Biesheuvel <ardb@kernel.org>
Artyom Tarasenko <atar4qemu@gmail.com>
Atish Patra <atish.patra@wdc.com>
Aurelien Jarno <aurelien@aurel32.net>
Babu Moger <babu.moger@amd.com>
BALATON Zoltan <balaton@eik.bme.hu>
Basil Salman <basil@daynix.com>
Basil Salman <bsalman@redhat.com>
Beata Michalska <beata.michalska@linaro.org>
Bin Meng <bin.meng@windriver.com>
Bin Meng <bmeng.cn@gmail.com>
Cameron Esfahani <dirty@apple.com>
Catherine A. Frederick <chocola@animebitch.es>
Cathy Zhang <cathy.zhang@intel.com>
Chen Gang <chengang@emindsoft.com.cn>
Christian Borntraeger <borntraeger@de.ibm.com>
Christian Ehrhardt <christian.ehrhardt@canonical.com>
Christophe de Dinechin <dinechin@redhat.com>
Chuan Zheng <zhengchuan@huawei.com>
Cindy Lu <lulu@redhat.com>
Claudio Fontana <cfontana@suse.de>
Cleber Rosa <crosa@redhat.com>
Colin Xu <colin.xu@intel.com>
Cornelia Huck <cohuck@redhat.com>
Cédric Le Goater <clg@kaod.org>
Daniel P. Berrange <berrange@redhat.com>
Daniel P. Berrangé <berrange@redhat.com>
Daniele Buono <dbuono@linux.vnet.ibm.com>
David Carlier <devnexen@gmail.com>
David Edmondson <david.edmondson@oracle.com>
David Gibson <david@gibson.dropbear.id.au>
David Hildenbrand <david@redhat.com>
Denis V. Lunev <den@openvz.org>
Derek Su <dereksu@qnap.com>
Dr. David Alan Gilbert <dgilbert@redhat.com>
Ed Robbins <E.J.C.Robbins@kent.ac.uk>
Edgar E. Iglesias <edgar.iglesias@xilinx.com>
Eduardo Habkost <ehabkost@redhat.com>
Emilio G. Cota <cota@braap.org>
Eric Auger <eric.auger@redhat.com>
Eric Blake <eblake@redhat.com>
Eric Farman <farman@linux.ibm.com>
Erik Smit <erik.lucas.smit@gmail.com>
erik-smit <erik.lucas.smit@gmail.com>
Evgeny Yakovlev <eyakovlev@virtuozzo.com>
fangying <fangying1@huawei.com>
Farhan Ali <alifm@linux.ibm.com>
Filip Bozuta <Filip.Bozuta@syrmia.com>
Finn Thain <fthain@telegraphics.com.au>
Frank Chang <frank.chang@sifive.com>
Geoffrey McRae <geoff@hostfission.com>
Gerd Hoffmann <kraxel@redhat.com>
Giuseppe Musacchio <thatlemon@gmail.com>
Greg Kurz <groug@kaod.org>
Guenter Roeck <linux@roeck-us.net>
Gustavo Romero <gromero@linux.ibm.com>
Halil Pasic <pasic@linux.ibm.com>
Havard Skinnemoen <hskinnemoen@google.com>
Helge Deller <deller@gmx.de>
Howard Spoelstra <hsp.cat7@gmail.com>
Huacai Chen <chenhc@lemote.com>
Huacai Chen <zltjiangshi@gmail.com>
Ian Jiang <ianjiang.ict@gmail.com>
Igor Mammedov <imammedo@redhat.com>
Jan Kiszka <jan.kiszka@siemens.com>
Janne Grunau <j@jannau.net>
Janosch Frank <frankja@linux.ibm.com>
Jason Andryuk <jandryuk@gmail.com>
Jason Wang <jasowang@redhat.com>
Jay Zhou <jianjay.zhou@huawei.com>
Jean-Christophe Dubois <jcd@tribudubois.net>
Jessica Clarke <jrtc27@jrtc27.com>
Jiaxun Yang <jiaxun.yang@flygoat.com>
Jingqi Liu <jingqi.liu@intel.com>
John Snow <jsnow@redhat.com>
Jon Doron <arilou@gmail.com>
Joseph Myers <joseph@codesourcery.com>
Josh Kunz <jkz@google.com>
Juan Quintela <quintela@redhat.com>
Julio Faracco <jcfaracco@gmail.com>
Keqian Zhu <zhukeqian1@huawei.com>
Kevin Wolf <kwolf@redhat.com>
Klaus Jensen <k.jensen@samsung.com>
Klaus Jensen <klaus.jensen@cnexlabs.com>
Laszlo Ersek <lersek@redhat.com>
Laurent Vivier <laurent@vivier.eu>
Laurent Vivier <lvivier@redhat.com>
Leif Lindholm <leif@nuviainc.com>
Leonid Bloch <lb.workbox@gmail.com>
Leonid Bloch <lbloch@janustech.com>
Li Feng <fengli@smartx.com>
Li Qiang <liq3ea@gmail.com>
Liao Pingfang <liao.pingfang@zte.com.cn>
lichun <lichun@ruijie.com.cn>
Lijun Pan <ljp@linux.ibm.com>
Like Xu <like.xu@linux.intel.com>
Lingfeng Yang <lfy@google.com>
Lingshan zhu <lingshan.zhu@intel.com>
Liran Alon <liran.alon@oracle.com>
LIU Zhiwei <zhiwei_liu@c-sky.com>
Lukas Straub <lukasstraub2@web.de>
Luwei Kang <luwei.kang@intel.com>
Maciej S. Szmigiero <maciej.szmigiero@oracle.com>
Magnus Damm <magnus.damm@gmail.com>
Mao Zhongyi <maozhongyi@cmss.chinamobile.com>
Marc-André Lureau <marcandre.lureau@redhat.com>
Marcelo Tosatti <mtosatti@redhat.com>
Marek Marczykowski-Górecki <marmarek@invisiblethingslab.com>
Mario Smarduch <msmarduch@digitalocean.com>
Mark Cave-Ayland <mark.cave-ayland@ilande.co.uk>
Markus Armbruster <armbru@redhat.com>
Masahiro Yamada <masahiroy@kernel.org>
Matus Kysel <mkysel@tachyum.com>
Max Filippov <jcmvbkbc@gmail.com>
Max Reitz <mreitz@redhat.com>
Maxim Levitsky <mlevitsk@redhat.com>
Maxime Coquelin <maxime.coquelin@redhat.com>
Menno Lageman <menno.lageman@oracle.com>
Michael Rolnik <mrolnik@gmail.com>
Michael Roth <mdroth@linux.vnet.ibm.com>
Michael S. Tsirkin <mst@redhat.com>
Michal Privoznik <mprivozn@redhat.com>
Michele Denber <denber@mindspring.com>
Niek Linnenbank <nieklinnenbank@gmail.com>
Nir Soffer <nsoffer@redhat.com>
Olaf Hering <olaf@aepfle.de>
Pan Nengyuan <pannengyuan@huawei.com>
Paolo Bonzini <pbonzini@redhat.com>
Paul Durrant <pdurrant@amazon.com>
Paul Zimmerman <pauldzim@gmail.com>
Pavel Dovgalyuk <Pavel.Dovgaluk@gmail.com>
Pavel Dovgalyuk <Pavel.Dovgaluk@ispras.ru>
Peter Maydell <peter.maydell@linaro.org>
Peter Xu <peterx@redhat.com>
Philippe Mathieu-Daude <philmd@redhat.com>
Philippe Mathieu-Daudé <f4bug@amsat.org>
Philippe Mathieu-Daudé <philmd@redhat.com>
Prasad J Pandit <pjp@fedoraproject.org>
Radoslaw Biernacki <rad@semihalf.com>
Raphael Norwitz <raphael.norwitz@nutanix.com>
Richard Henderson <richard.henderson@linaro.org>
Richard W.M. Jones <rjones@redhat.com>
Riku Voipio <riku.voipio@linaro.org>
Robert Foley <robert.foley@linaro.org>
Roman Bolshakov <r.bolshakov@yadro.com>
Roman Kagan <rkagan@virtuozzo.com>
Roman Kagan <rvkagan@yandex-team.ru>
Sai Pavan Boddu <sai.pavan.boddu@xilinx.com>
Sarah Harris <S.E.Harris@kent.ac.uk>
Sebastian Rasmussen <sebras@gmail.com>
Sergio Lopez <slp@redhat.com>
Shameer Kolothum <shameerali.kolothum.thodi@huawei.com>
Stefan Berger <stefanb@linux.ibm.com>
Stefan Berger <stefanb@linux.vnet.ibm.com>
Stefan Hajnoczi <stefanha@redhat.com>
Tao Xu <tao3.xu@intel.com>
Thomas Huth <huth@tuxfamily.org>
Thomas Huth <thuth@redhat.com>
Tiwei Bie <tiwei.bie@intel.com>
Tong Ho <tong.ho@xilinx.com>
Vivek Goyal <vgoyal@redhat.com>
Vladimir Sementsov-Ogievskiy <vsementsov@virtuozzo.com>
Volker Rümelin <vr_qemu@t-online.de>
WangBowen <bowen.wang@intel.com>
Wei Huang <wei.huang2@amd.com>
Wei Wang <wei.w.wang@intel.com>
Wentong Wu <wentong.wu@intel.com>
Xie Yongji <xieyongji@bytedance.com>
Yi Wang <wang.yi59@zte.com.cn>
Ying Fang <fangying1@huawei.com>
Yoshinori Sato <ysato@users.sourceforge.jp>
Yuri Benditovich <yuri.benditovich@daynix.com>
Zhang Chen <chen.zhang@intel.com>
Zheng Chuan <zhengchuan@huawei.com>
jobs:
build-amd64-xsm pass
build-arm64-xsm pass
build-i386-xsm pass
build-amd64 pass
build-arm64 pass
build-armhf pass
build-i386 pass
build-amd64-libvirt pass
build-arm64-libvirt pass
build-armhf-libvirt pass
build-i386-libvirt pass
build-amd64-pvops pass
build-arm64-pvops pass
build-armhf-pvops pass
build-i386-pvops pass
test-amd64-amd64-xl pass
test-amd64-coresched-amd64-xl pass
test-arm64-arm64-xl pass
test-armhf-armhf-xl pass
test-amd64-i386-xl pass
test-amd64-coresched-i386-xl pass
test-amd64-amd64-libvirt-qemuu-debianhvm-amd64-xsm fail
test-amd64-i386-libvirt-qemuu-debianhvm-amd64-xsm fail
test-amd64-amd64-xl-qemuu-debianhvm-i386-xsm fail
test-amd64-i386-xl-qemuu-debianhvm-i386-xsm fail
test-amd64-amd64-libvirt-xsm pass
test-arm64-arm64-libvirt-xsm pass
test-amd64-i386-libvirt-xsm pass
test-amd64-amd64-xl-xsm pass
test-arm64-arm64-xl-xsm pass
test-amd64-i386-xl-xsm pass
test-amd64-amd64-qemuu-nested-amd fail
test-amd64-amd64-xl-pvhv2-amd pass
test-amd64-i386-qemuu-rhel6hvm-amd fail
test-amd64-amd64-xl-qemuu-debianhvm-amd64 fail
test-amd64-i386-xl-qemuu-debianhvm-amd64 fail
test-amd64-i386-freebsd10-amd64 fail
test-amd64-amd64-xl-qemuu-ovmf-amd64 fail
test-amd64-i386-xl-qemuu-ovmf-amd64 fail
test-amd64-amd64-xl-qemuu-win7-amd64 fail
test-amd64-i386-xl-qemuu-win7-amd64 fail
test-amd64-amd64-xl-qemuu-ws16-amd64 fail
test-amd64-i386-xl-qemuu-ws16-amd64 fail
test-armhf-armhf-xl-arndale pass
test-amd64-amd64-xl-credit1 pass
test-arm64-arm64-xl-credit1 pass
test-armhf-armhf-xl-credit1 pass
test-amd64-amd64-xl-credit2 pass
test-arm64-arm64-xl-credit2 pass
test-armhf-armhf-xl-credit2 pass
test-armhf-armhf-xl-cubietruck pass
test-amd64-amd64-xl-qemuu-dmrestrict-amd64-dmrestrict fail
test-amd64-i386-xl-qemuu-dmrestrict-amd64-dmrestrict fail
test-amd64-i386-freebsd10-i386 fail
test-amd64-amd64-qemuu-nested-intel fail
test-amd64-amd64-xl-pvhv2-intel pass
test-amd64-i386-qemuu-rhel6hvm-intel fail
test-amd64-amd64-libvirt pass
test-armhf-armhf-libvirt pass
test-amd64-i386-libvirt pass
test-amd64-amd64-xl-multivcpu pass
test-armhf-armhf-xl-multivcpu pass
test-amd64-amd64-pair pass
test-amd64-i386-pair pass
test-amd64-amd64-libvirt-pair pass
test-amd64-i386-libvirt-pair pass
test-amd64-amd64-amd64-pvgrub pass
test-amd64-amd64-i386-pvgrub pass
test-amd64-amd64-xl-pvshim pass
test-amd64-i386-xl-pvshim fail
test-amd64-amd64-pygrub pass
test-amd64-amd64-xl-qcow2 pass
test-armhf-armhf-libvirt-raw pass
test-amd64-i386-xl-raw pass
test-amd64-amd64-xl-rtds pass
test-armhf-armhf-xl-rtds fail
test-arm64-arm64-xl-seattle pass
test-amd64-amd64-xl-qemuu-debianhvm-amd64-shadow fail
test-amd64-i386-xl-qemuu-debianhvm-amd64-shadow fail
test-amd64-amd64-xl-shadow pass
test-amd64-i386-xl-shadow pass
test-arm64-arm64-xl-thunderx pass
test-amd64-amd64-libvirt-vhd pass
test-armhf-armhf-xl-vhd fail
------------------------------------------------------------
sg-report-flight on osstest.test-lab.xenproject.org
logs: /home/logs/logs
images: /home/logs/images
Logs, config files, etc. are available at
http://logs.test-lab.xenproject.org/osstest/logs
Explanation of these reports, and of osstest in general, is at
http://xenbits.xen.org/gitweb/?p=osstest.git;a=blob;f=README.email;hb=master
http://xenbits.xen.org/gitweb/?p=osstest.git;a=blob;f=README;hb=master
Test harness code can be found at
http://xenbits.xen.org/gitweb?p=osstest.git;a=summary
Not pushing.
(No revision log; it would be 28936 lines long.)
^ permalink raw reply [flat|nested] only message in thread
only message in thread, other threads:[~2020-07-17 13:58 UTC | newest]
Thread overview: (only message) (download: mbox.gz / follow: Atom feed)
-- links below jump to the message on this page --
2020-07-17 13:57 [qemu-mainline test] 151952: regressions - FAIL osstest service owner
This is a public inbox, see mirroring instructions
for how to clone and mirror all data and code used for this inbox;
as well as URLs for NNTP newsgroup(s).