* [xen-4.12-testing test] 154663: regressions - FAIL
@ 2020-09-25 3:16 osstest service owner
0 siblings, 0 replies; only message in thread
From: osstest service owner @ 2020-09-25 3:16 UTC (permalink / raw)
To: xen-devel, osstest-admin
flight 154663 xen-4.12-testing real [real]
http://logs.test-lab.xenproject.org/osstest/logs/154663/
Regressions :-(
Tests which did not succeed and are blocking,
including tests which could not be run:
test-xtf-amd64-amd64-2 68 xtf/test-hvm64-xsa-221 fail REGR. vs. 154601
test-xtf-amd64-amd64-4 68 xtf/test-hvm64-xsa-221 fail REGR. vs. 154601
test-xtf-amd64-amd64-1 68 xtf/test-hvm64-xsa-221 fail REGR. vs. 154601
test-xtf-amd64-amd64-3 68 xtf/test-hvm64-xsa-221 fail REGR. vs. 154601
test-xtf-amd64-amd64-2 106 xtf/test-pv64-xsa-221 fail REGR. vs. 154601
test-xtf-amd64-amd64-4 106 xtf/test-pv64-xsa-221 fail REGR. vs. 154601
test-xtf-amd64-amd64-1 106 xtf/test-pv64-xsa-221 fail REGR. vs. 154601
test-xtf-amd64-amd64-3 106 xtf/test-pv64-xsa-221 fail REGR. vs. 154601
test-xtf-amd64-amd64-5 68 xtf/test-hvm64-xsa-221 fail REGR. vs. 154601
test-xtf-amd64-amd64-5 106 xtf/test-pv64-xsa-221 fail REGR. vs. 154601
test-amd64-i386-xl-xsm 12 guest-start fail REGR. vs. 154601
test-amd64-amd64-libvirt-xsm 12 guest-start fail REGR. vs. 154601
test-amd64-amd64-xl-xsm 12 guest-start fail REGR. vs. 154601
test-amd64-i386-libvirt-xsm 12 guest-start fail REGR. vs. 154601
test-amd64-amd64-libvirt-qemuu-debianhvm-amd64-xsm 10 debian-hvm-install fail REGR. vs. 154601
test-amd64-amd64-xl-qemut-stubdom-debianhvm-amd64-xsm 10 debian-hvm-install fail REGR. vs. 154601
test-amd64-amd64-xl-qemut-debianhvm-i386-xsm 10 debian-hvm-install fail REGR. vs. 154601
test-amd64-i386-libvirt-qemuu-debianhvm-amd64-xsm 10 debian-hvm-install fail REGR. vs. 154601
test-amd64-i386-xl-qemut-debianhvm-i386-xsm 10 debian-hvm-install fail REGR. vs. 154601
test-amd64-i386-xl-qemut-stubdom-debianhvm-amd64-xsm 10 debian-hvm-install fail REGR. vs. 154601
test-amd64-amd64-xl-qemuu-debianhvm-i386-xsm 10 debian-hvm-install fail REGR. vs. 154601
test-amd64-i386-xl-qemuu-debianhvm-i386-xsm 10 debian-hvm-install fail REGR. vs. 154601
Tests which are failing intermittently (not blocking):
test-arm64-arm64-xl-seattle 7 xen-boot fail pass in 154622
Tests which did not succeed, but are not blocking:
test-arm64-arm64-xl-seattle 13 migrate-support-check fail in 154622 never pass
test-arm64-arm64-xl-seattle 14 saverestore-support-check fail in 154622 never pass
test-amd64-amd64-xl-qcow2 17 guest-localmigrate/x10 fail like 154601
test-amd64-i386-xl-pvshim 12 guest-start fail never pass
test-amd64-amd64-libvirt 13 migrate-support-check fail never pass
test-amd64-i386-libvirt 13 migrate-support-check fail never pass
test-arm64-arm64-xl-credit1 13 migrate-support-check fail never pass
test-arm64-arm64-xl-credit2 13 migrate-support-check fail never pass
test-arm64-arm64-xl-credit1 14 saverestore-support-check fail never pass
test-arm64-arm64-xl-credit2 14 saverestore-support-check fail never pass
test-arm64-arm64-xl 13 migrate-support-check fail never pass
test-arm64-arm64-libvirt-xsm 13 migrate-support-check fail never pass
test-arm64-arm64-xl 14 saverestore-support-check fail never pass
test-arm64-arm64-libvirt-xsm 14 saverestore-support-check fail never pass
test-arm64-arm64-xl-thunderx 13 migrate-support-check fail never pass
test-arm64-arm64-xl-thunderx 14 saverestore-support-check fail never pass
test-arm64-arm64-xl-xsm 13 migrate-support-check fail never pass
test-arm64-arm64-xl-xsm 14 saverestore-support-check fail never pass
test-armhf-armhf-xl-credit2 13 migrate-support-check fail never pass
test-armhf-armhf-xl-credit2 14 saverestore-support-check fail never pass
test-armhf-armhf-xl-arndale 13 migrate-support-check fail never pass
test-armhf-armhf-xl-arndale 14 saverestore-support-check fail never pass
test-armhf-armhf-xl-multivcpu 13 migrate-support-check fail never pass
test-armhf-armhf-xl-multivcpu 14 saverestore-support-check fail never pass
test-amd64-amd64-libvirt-vhd 12 migrate-support-check fail never pass
test-amd64-i386-xl-qemuu-win7-amd64 17 guest-stop fail never pass
test-armhf-armhf-xl 13 migrate-support-check fail never pass
test-armhf-armhf-xl 14 saverestore-support-check fail never pass
test-armhf-armhf-xl-cubietruck 13 migrate-support-check fail never pass
test-armhf-armhf-xl-cubietruck 14 saverestore-support-check fail never pass
test-armhf-armhf-xl-credit1 13 migrate-support-check fail never pass
test-armhf-armhf-xl-credit1 14 saverestore-support-check fail never pass
test-amd64-amd64-xl-qemuu-ws16-amd64 17 guest-stop fail never pass
test-amd64-amd64-xl-qemut-ws16-amd64 17 guest-stop fail never pass
test-amd64-i386-xl-qemuu-ws16-amd64 17 guest-stop fail never pass
test-amd64-amd64-xl-qemut-win7-amd64 17 guest-stop fail never pass
test-amd64-amd64-xl-qemuu-win7-amd64 17 guest-stop fail never pass
test-amd64-i386-xl-qemut-win7-amd64 17 guest-stop fail never pass
test-armhf-armhf-libvirt 13 migrate-support-check fail never pass
test-armhf-armhf-libvirt 14 saverestore-support-check fail never pass
test-armhf-armhf-libvirt-raw 12 migrate-support-check fail never pass
test-armhf-armhf-libvirt-raw 13 saverestore-support-check fail never pass
test-armhf-armhf-xl-rtds 13 migrate-support-check fail never pass
test-armhf-armhf-xl-rtds 14 saverestore-support-check fail never pass
test-armhf-armhf-xl-vhd 12 migrate-support-check fail never pass
test-armhf-armhf-xl-vhd 13 saverestore-support-check fail never pass
test-amd64-i386-xl-qemut-ws16-amd64 17 guest-stop fail never pass
test-amd64-amd64-qemuu-nested-amd 17 debian-hvm-install/l1/l2 fail never pass
version targeted for testing:
xen 0186e76a62f7409804c2e4785d5a11e7f82a7c52
baseline version:
xen 0446e3db13671032b05d19f6117d902f5c5c76fa
Last test of basis 154601 2020-09-22 02:37:00 Z 3 days
Testing same since 154622 2020-09-22 16:36:57 Z 2 days 2 attempts
------------------------------------------------------------
People who touched revisions under test:
Andrew Cooper <andrew.cooper3@citrix.com>
Don Slutz <don.slutz@gmail.com>
Igor Druzhinin <igor.druzhinin@citrix.com>
Jan Beulich <jbeulich@suse.com>
Julien Grall <jgrall@amazon.com>
Roger Pau Monné <roger.pau@citrix.com>
jobs:
build-amd64-xsm pass
build-arm64-xsm pass
build-i386-xsm pass
build-amd64-xtf pass
build-amd64 pass
build-arm64 pass
build-armhf pass
build-i386 pass
build-amd64-libvirt pass
build-arm64-libvirt pass
build-armhf-libvirt pass
build-i386-libvirt pass
build-amd64-prev pass
build-i386-prev pass
build-amd64-pvops pass
build-arm64-pvops pass
build-armhf-pvops pass
build-i386-pvops pass
test-xtf-amd64-amd64-1 pass
test-xtf-amd64-amd64-2 pass
test-xtf-amd64-amd64-3 pass
test-xtf-amd64-amd64-4 pass
test-xtf-amd64-amd64-5 pass
test-amd64-amd64-xl pass
test-arm64-arm64-xl pass
test-armhf-armhf-xl pass
test-amd64-i386-xl pass
test-amd64-amd64-libvirt-qemuu-debianhvm-amd64-xsm fail
test-amd64-i386-libvirt-qemuu-debianhvm-amd64-xsm fail
test-amd64-amd64-xl-qemut-stubdom-debianhvm-amd64-xsm fail
test-amd64-i386-xl-qemut-stubdom-debianhvm-amd64-xsm fail
test-amd64-amd64-xl-qemut-debianhvm-i386-xsm fail
test-amd64-i386-xl-qemut-debianhvm-i386-xsm fail
test-amd64-amd64-xl-qemuu-debianhvm-i386-xsm fail
test-amd64-i386-xl-qemuu-debianhvm-i386-xsm fail
test-amd64-amd64-libvirt-xsm fail
test-arm64-arm64-libvirt-xsm pass
test-amd64-i386-libvirt-xsm fail
test-amd64-amd64-xl-xsm fail
test-arm64-arm64-xl-xsm pass
test-amd64-i386-xl-xsm fail
test-amd64-amd64-qemuu-nested-amd fail
test-amd64-amd64-xl-pvhv2-amd pass
test-amd64-i386-qemut-rhel6hvm-amd pass
test-amd64-i386-qemuu-rhel6hvm-amd pass
test-amd64-amd64-xl-qemut-debianhvm-amd64 pass
test-amd64-i386-xl-qemut-debianhvm-amd64 pass
test-amd64-amd64-xl-qemuu-debianhvm-amd64 pass
test-amd64-i386-xl-qemuu-debianhvm-amd64 pass
test-amd64-i386-freebsd10-amd64 pass
test-amd64-amd64-qemuu-freebsd11-amd64 pass
test-amd64-amd64-qemuu-freebsd12-amd64 pass
test-amd64-amd64-xl-qemuu-ovmf-amd64 pass
test-amd64-i386-xl-qemuu-ovmf-amd64 pass
test-amd64-amd64-xl-qemut-win7-amd64 fail
test-amd64-i386-xl-qemut-win7-amd64 fail
test-amd64-amd64-xl-qemuu-win7-amd64 fail
test-amd64-i386-xl-qemuu-win7-amd64 fail
test-amd64-amd64-xl-qemut-ws16-amd64 fail
test-amd64-i386-xl-qemut-ws16-amd64 fail
test-amd64-amd64-xl-qemuu-ws16-amd64 fail
test-amd64-i386-xl-qemuu-ws16-amd64 fail
test-armhf-armhf-xl-arndale pass
test-amd64-amd64-xl-credit1 pass
test-arm64-arm64-xl-credit1 pass
test-armhf-armhf-xl-credit1 pass
test-amd64-amd64-xl-credit2 pass
test-arm64-arm64-xl-credit2 pass
test-armhf-armhf-xl-credit2 pass
test-armhf-armhf-xl-cubietruck pass
test-amd64-amd64-xl-qemuu-dmrestrict-amd64-dmrestrict pass
test-amd64-i386-xl-qemuu-dmrestrict-amd64-dmrestrict pass
test-amd64-i386-freebsd10-i386 pass
test-amd64-amd64-qemuu-nested-intel pass
test-amd64-amd64-xl-pvhv2-intel pass
test-amd64-i386-qemut-rhel6hvm-intel pass
test-amd64-i386-qemuu-rhel6hvm-intel pass
test-amd64-amd64-libvirt pass
test-armhf-armhf-libvirt pass
test-amd64-i386-libvirt pass
test-amd64-amd64-livepatch pass
test-amd64-i386-livepatch pass
test-amd64-amd64-migrupgrade pass
test-amd64-i386-migrupgrade pass
test-amd64-amd64-xl-multivcpu pass
test-armhf-armhf-xl-multivcpu pass
test-amd64-amd64-pair pass
test-amd64-i386-pair pass
test-amd64-amd64-libvirt-pair pass
test-amd64-i386-libvirt-pair pass
test-amd64-amd64-amd64-pvgrub pass
test-amd64-amd64-i386-pvgrub pass
test-amd64-amd64-xl-pvshim pass
test-amd64-i386-xl-pvshim fail
test-amd64-amd64-pygrub pass
test-amd64-amd64-xl-qcow2 fail
test-armhf-armhf-libvirt-raw pass
test-amd64-i386-xl-raw pass
test-amd64-amd64-xl-rtds pass
test-armhf-armhf-xl-rtds pass
test-arm64-arm64-xl-seattle fail
test-amd64-amd64-xl-qemuu-debianhvm-amd64-shadow pass
test-amd64-i386-xl-qemuu-debianhvm-amd64-shadow pass
test-amd64-amd64-xl-shadow pass
test-amd64-i386-xl-shadow pass
test-arm64-arm64-xl-thunderx pass
test-amd64-amd64-libvirt-vhd pass
test-armhf-armhf-xl-vhd pass
------------------------------------------------------------
sg-report-flight on osstest.test-lab.xenproject.org
logs: /home/logs/logs
images: /home/logs/images
Logs, config files, etc. are available at
http://logs.test-lab.xenproject.org/osstest/logs
Explanation of these reports, and of osstest in general, is at
http://xenbits.xen.org/gitweb/?p=osstest.git;a=blob;f=README.email;hb=master
http://xenbits.xen.org/gitweb/?p=osstest.git;a=blob;f=README;hb=master
Test harness code can be found at
http://xenbits.xen.org/gitweb?p=osstest.git;a=summary
Not pushing.
(No revision log; it would be 473 lines long.)
^ permalink raw reply [flat|nested] only message in thread
only message in thread, other threads:[~2020-09-25 3:17 UTC | newest]
Thread overview: (only message) (download: mbox.gz / follow: Atom feed)
-- links below jump to the message on this page --
2020-09-25 3:16 [xen-4.12-testing test] 154663: regressions - FAIL osstest service owner
This is a public inbox, see mirroring instructions
for how to clone and mirror all data and code used for this inbox;
as well as URLs for NNTP newsgroup(s).