* [xen-unstable-smoke test] 155818: regressions - FAIL
@ 2020-10-14 23:21 osstest service owner
0 siblings, 0 replies; only message in thread
From: osstest service owner @ 2020-10-14 23:21 UTC (permalink / raw)
To: xen-devel, osstest-admin
flight 155818 xen-unstable-smoke real [real]
http://logs.test-lab.xenproject.org/osstest/logs/155818/
Regressions :-(
Tests which did not succeed and are blocking,
including tests which could not be run:
build-amd64 6 xen-build fail REGR. vs. 155805
Tests which did not succeed, but are not blocking:
build-amd64-libvirt 1 build-check(1) blocked n/a
test-amd64-amd64-libvirt 1 build-check(1) blocked n/a
test-amd64-amd64-xl-qemuu-debianhvm-amd64 1 build-check(1) blocked n/a
test-arm64-arm64-xl-xsm 15 migrate-support-check fail never pass
test-arm64-arm64-xl-xsm 16 saverestore-support-check fail never pass
test-armhf-armhf-xl 15 migrate-support-check fail never pass
test-armhf-armhf-xl 16 saverestore-support-check fail never pass
version targeted for testing:
xen f776e5fb3ee699745f6442ec8c47d0fa647e0575
baseline version:
xen 884ef07f4f66b9d12fc4811047db95ba649db85c
Last test of basis 155805 2020-10-14 13:00:28 Z 0 days
Testing same since 155811 2020-10-14 18:03:04 Z 0 days 2 attempts
------------------------------------------------------------
People who touched revisions under test:
Michal Orzel <michal.orzel@arm.com>
jobs:
build-arm64-xsm pass
build-amd64 fail
build-armhf pass
build-amd64-libvirt blocked
test-armhf-armhf-xl pass
test-arm64-arm64-xl-xsm pass
test-amd64-amd64-xl-qemuu-debianhvm-amd64 blocked
test-amd64-amd64-libvirt blocked
------------------------------------------------------------
sg-report-flight on osstest.test-lab.xenproject.org
logs: /home/logs/logs
images: /home/logs/images
Logs, config files, etc. are available at
http://logs.test-lab.xenproject.org/osstest/logs
Explanation of these reports, and of osstest in general, is at
http://xenbits.xen.org/gitweb/?p=osstest.git;a=blob;f=README.email;hb=master
http://xenbits.xen.org/gitweb/?p=osstest.git;a=blob;f=README;hb=master
Test harness code can be found at
http://xenbits.xen.org/gitweb?p=osstest.git;a=summary
Not pushing.
------------------------------------------------------------
commit f776e5fb3ee699745f6442ec8c47d0fa647e0575
Author: Michal Orzel <michal.orzel@arm.com>
Date: Wed Oct 14 12:05:41 2020 +0200
xen/arm: Document the erratum #853709 related to Cortex A72
The Cortex-A72 erratum #853709 is the same as the Cortex-A57
erratum #852523. As the latter is already workaround, we only
need to update the documentation.
Signed-off-by: Michal Orzel <michal.orzel@arm.com>
[julieng: Reworded the commit message]
Reviewed-by: Julien Grall <jgrall@amazon.com>
Reviewed-by: Bertrand Marquis <bertrand.marquis@arm.com>
(qemu changes not included)
^ permalink raw reply [flat|nested] only message in thread
only message in thread, other threads:[~2020-10-14 23:21 UTC | newest]
Thread overview: (only message) (download: mbox.gz / follow: Atom feed)
-- links below jump to the message on this page --
2020-10-14 23:21 [xen-unstable-smoke test] 155818: regressions - FAIL osstest service owner
This is a public inbox, see mirroring instructions
for how to clone and mirror all data and code used for this inbox;
as well as URLs for NNTP newsgroup(s).