* [xen-unstable-smoke test] 155850: tolerable all pass - PUSHED
@ 2020-10-15 17:46 osstest service owner
0 siblings, 0 replies; only message in thread
From: osstest service owner @ 2020-10-15 17:46 UTC (permalink / raw)
To: xen-devel, osstest-admin
flight 155850 xen-unstable-smoke real [real]
http://logs.test-lab.xenproject.org/osstest/logs/155850/
Failures :-/ but no regressions.
Tests which did not succeed, but are not blocking:
test-amd64-amd64-libvirt 15 migrate-support-check fail never pass
test-arm64-arm64-xl-xsm 15 migrate-support-check fail never pass
test-arm64-arm64-xl-xsm 16 saverestore-support-check fail never pass
test-armhf-armhf-xl 15 migrate-support-check fail never pass
test-armhf-armhf-xl 16 saverestore-support-check fail never pass
version targeted for testing:
xen a8a85f03c826bea045e345fa405f187049d63584
baseline version:
xen f776e5fb3ee699745f6442ec8c47d0fa647e0575
Last test of basis 155828 2020-10-15 03:00:27 Z 0 days
Testing same since 155842 2020-10-15 11:00:25 Z 0 days 2 attempts
------------------------------------------------------------
People who touched revisions under test:
Chen Yu <yu.c.chen@intel.com>
Igor Druzhinin <igor.druzhinin@citrix.com>
Jan Beulich <jbeulich@suse.com>
Rafael J. Wysocki <rafael.j.wysocki@intel.com>
jobs:
build-arm64-xsm pass
build-amd64 pass
build-armhf pass
build-amd64-libvirt pass
test-armhf-armhf-xl pass
test-arm64-arm64-xl-xsm pass
test-amd64-amd64-xl-qemuu-debianhvm-amd64 pass
test-amd64-amd64-libvirt pass
------------------------------------------------------------
sg-report-flight on osstest.test-lab.xenproject.org
logs: /home/logs/logs
images: /home/logs/images
Logs, config files, etc. are available at
http://logs.test-lab.xenproject.org/osstest/logs
Explanation of these reports, and of osstest in general, is at
http://xenbits.xen.org/gitweb/?p=osstest.git;a=blob;f=README.email;hb=master
http://xenbits.xen.org/gitweb/?p=osstest.git;a=blob;f=README;hb=master
Test harness code can be found at
http://xenbits.xen.org/gitweb?p=osstest.git;a=summary
Pushing revision :
To xenbits.xen.org:/home/xen/git/xen.git
f776e5fb3e..a8a85f03c8 a8a85f03c826bea045e345fa405f187049d63584 -> smoke
^ permalink raw reply [flat|nested] only message in thread
only message in thread, other threads:[~2020-10-15 17:47 UTC | newest]
Thread overview: (only message) (download: mbox.gz / follow: Atom feed)
-- links below jump to the message on this page --
2020-10-15 17:46 [xen-unstable-smoke test] 155850: tolerable all pass - PUSHED osstest service owner
This is a public inbox, see mirroring instructions
for how to clone and mirror all data and code used for this inbox;
as well as URLs for NNTP newsgroup(s).