* [xen-unstable-smoke test] 157598: regressions - FAIL
@ 2020-12-16 8:28 osstest service owner
0 siblings, 0 replies; only message in thread
From: osstest service owner @ 2020-12-16 8:28 UTC (permalink / raw)
To: xen-devel, osstest-admin
flight 157598 xen-unstable-smoke real [real]
http://logs.test-lab.xenproject.org/osstest/logs/157598/
Regressions :-(
Tests which did not succeed and are blocking,
including tests which could not be run:
build-amd64-libvirt 6 libvirt-build fail REGR. vs. 157560
Tests which did not succeed, but are not blocking:
test-amd64-amd64-libvirt 1 build-check(1) blocked n/a
test-arm64-arm64-xl-xsm 15 migrate-support-check fail never pass
test-arm64-arm64-xl-xsm 16 saverestore-support-check fail never pass
test-armhf-armhf-xl 15 migrate-support-check fail never pass
test-armhf-armhf-xl 16 saverestore-support-check fail never pass
version targeted for testing:
xen 8bf0fab14256057bbd145563151814300476bb28
baseline version:
xen 904148ecb4a59d4c8375d8e8d38117b8605e10ac
Last test of basis 157560 2020-12-15 13:00:26 Z 0 days
Testing same since 157570 2020-12-15 17:00:30 Z 0 days 5 attempts
------------------------------------------------------------
People who touched revisions under test:
Christian Lindig <christian.lindig@citrix.com>
Elliott Mitchell <ehem+xen@m5p.com>
Juergen Gross <jgross@suse.com>
Julien Grall <jgrall@amazon.com>
Nick Rosbrook <rosbrookn@ainfosec.com>
Olaf Hering <olaf@aepfle.de>
Paul Durrant <pdurrant@amazon.com>
Wei Liu <wl@xen.org>
jobs:
build-arm64-xsm pass
build-amd64 pass
build-armhf pass
build-amd64-libvirt fail
test-armhf-armhf-xl pass
test-arm64-arm64-xl-xsm pass
test-amd64-amd64-xl-qemuu-debianhvm-amd64 pass
test-amd64-amd64-libvirt blocked
------------------------------------------------------------
sg-report-flight on osstest.test-lab.xenproject.org
logs: /home/logs/logs
images: /home/logs/images
Logs, config files, etc. are available at
http://logs.test-lab.xenproject.org/osstest/logs
Explanation of these reports, and of osstest in general, is at
http://xenbits.xen.org/gitweb/?p=osstest.git;a=blob;f=README.email;hb=master
http://xenbits.xen.org/gitweb/?p=osstest.git;a=blob;f=README;hb=master
Test harness code can be found at
http://xenbits.xen.org/gitweb?p=osstest.git;a=summary
Not pushing.
(No revision log; it would be 556 lines long.)
^ permalink raw reply [flat|nested] only message in thread
only message in thread, other threads:[~2020-12-16 8:28 UTC | newest]
Thread overview: (only message) (download: mbox.gz / follow: Atom feed)
-- links below jump to the message on this page --
2020-12-16 8:28 [xen-unstable-smoke test] 157598: regressions - FAIL osstest service owner
This is a public inbox, see mirroring instructions
for how to clone and mirror all data and code used for this inbox;
as well as URLs for NNTP newsgroup(s).