* [ovmf test] 157612: regressions - FAIL
@ 2020-12-17 9:09 osstest service owner
0 siblings, 0 replies; only message in thread
From: osstest service owner @ 2020-12-17 9:09 UTC (permalink / raw)
To: xen-devel, osstest-admin
flight 157612 ovmf real [real]
http://logs.test-lab.xenproject.org/osstest/logs/157612/
Regressions :-(
Tests which did not succeed and are blocking,
including tests which could not be run:
test-amd64-i386-xl-qemuu-ovmf-amd64 12 debian-hvm-install fail REGR. vs. 157345
test-amd64-amd64-xl-qemuu-ovmf-amd64 12 debian-hvm-install fail REGR. vs. 157345
version targeted for testing:
ovmf e6ae24e1d676bb2bdc0fc715b49b04908f41fc10
baseline version:
ovmf f95e80d832e923046c92cd6f0b8208cec147138e
Last test of basis 157345 2020-12-09 12:40:46 Z 7 days
Failing since 157348 2020-12-09 15:39:39 Z 7 days 51 attempts
Testing same since 157612 2020-12-16 21:09:14 Z 0 days 1 attempts
------------------------------------------------------------
People who touched revisions under test:
Abner Chang <abner.chang@hpe.com>
Ard Biesheuvel <ard.biesheuvel@arm.com>
Baraneedharan Anbazhagan <anbazhagan@hp.com>
Baraneedharan Anbazhagan <anbazhgan@hp.com>
Bret Barkelew <Bret.Barkelew@microsoft.com>
Chen, Christine <Yuwei.Chen@intel.com>
Fan Wang <fan.wang@intel.com>
James Bottomley <jejb@linux.ibm.com>
Jiaxin Wu <jiaxin.wu@intel.com>
Marc Moisson-Franckhauser <marc.moisson-franckhauser@arm.com>
Michael D Kinney <michael.d.kinney@intel.com>
Michael Kubacki <michael.kubacki@microsoft.com>
Pierre Gondois <Pierre.Gondois@arm.com>
Ray Ni <ray.ni@intel.com>
Rebecca Cran <rebecca@nuviainc.com>
Sami Mujawar <sami.mujawar@arm.com>
Sean Brogan <sean.brogan@microsoft.com>
Sheng Wei <w.sheng@intel.com>
Siyuan Fu <siyuan.fu@intel.com>
Star Zeng <star.zeng@intel.com>
Ting Ye <ting.ye@intel.com>
Yuwei Chen <yuwei.chen@intel.com>
jobs:
build-amd64-xsm pass
build-i386-xsm pass
build-amd64 pass
build-i386 pass
build-amd64-libvirt pass
build-i386-libvirt pass
build-amd64-pvops pass
build-i386-pvops pass
test-amd64-amd64-xl-qemuu-ovmf-amd64 fail
test-amd64-i386-xl-qemuu-ovmf-amd64 fail
------------------------------------------------------------
sg-report-flight on osstest.test-lab.xenproject.org
logs: /home/logs/logs
images: /home/logs/images
Logs, config files, etc. are available at
http://logs.test-lab.xenproject.org/osstest/logs
Explanation of these reports, and of osstest in general, is at
http://xenbits.xen.org/gitweb/?p=osstest.git;a=blob;f=README.email;hb=master
http://xenbits.xen.org/gitweb/?p=osstest.git;a=blob;f=README;hb=master
Test harness code can be found at
http://xenbits.xen.org/gitweb?p=osstest.git;a=summary
Not pushing.
(No revision log; it would be 699 lines long.)
^ permalink raw reply [flat|nested] only message in thread
only message in thread, other threads:[~2020-12-17 9:10 UTC | newest]
Thread overview: (only message) (download: mbox.gz / follow: Atom feed)
-- links below jump to the message on this page --
2020-12-17 9:09 [ovmf test] 157612: regressions - FAIL osstest service owner
This is a public inbox, see mirroring instructions
for how to clone and mirror all data and code used for this inbox;
as well as URLs for NNTP newsgroup(s).