* [xen-unstable-smoke test] 157779: tolerable all pass - PUSHED
@ 2020-12-22 1:24 osstest service owner
0 siblings, 0 replies; only message in thread
From: osstest service owner @ 2020-12-22 1:24 UTC (permalink / raw)
To: xen-devel, osstest-admin
flight 157779 xen-unstable-smoke real [real]
http://logs.test-lab.xenproject.org/osstest/logs/157779/
Failures :-/ but no regressions.
Tests which did not succeed, but are not blocking:
test-amd64-amd64-libvirt 15 migrate-support-check fail never pass
test-arm64-arm64-xl-xsm 15 migrate-support-check fail never pass
test-arm64-arm64-xl-xsm 16 saverestore-support-check fail never pass
test-armhf-armhf-xl 15 migrate-support-check fail never pass
test-armhf-armhf-xl 16 saverestore-support-check fail never pass
version targeted for testing:
xen 8c8938dcc1bd37dd61f705410053e08804ca2b55
baseline version:
xen ffa9d2999722a404d3a4381b0249d191de134d33
Last test of basis 157766 2020-12-21 18:00:26 Z 0 days
Testing same since 157779 2020-12-21 23:00:27 Z 0 days 1 attempts
------------------------------------------------------------
People who touched revisions under test:
Jan Beulich <jbeulich@suse.com>
Julien Grall <jgrall@amazon.com>
Stefano Stabellini <sstabellini@kernel.org>
jobs:
build-arm64-xsm pass
build-amd64 pass
build-armhf pass
build-amd64-libvirt pass
test-armhf-armhf-xl pass
test-arm64-arm64-xl-xsm pass
test-amd64-amd64-xl-qemuu-debianhvm-amd64 pass
test-amd64-amd64-libvirt pass
------------------------------------------------------------
sg-report-flight on osstest.test-lab.xenproject.org
logs: /home/logs/logs
images: /home/logs/images
Logs, config files, etc. are available at
http://logs.test-lab.xenproject.org/osstest/logs
Explanation of these reports, and of osstest in general, is at
http://xenbits.xen.org/gitweb/?p=osstest.git;a=blob;f=README.email;hb=master
http://xenbits.xen.org/gitweb/?p=osstest.git;a=blob;f=README;hb=master
Test harness code can be found at
http://xenbits.xen.org/gitweb?p=osstest.git;a=summary
Pushing revision :
To xenbits.xen.org:/home/xen/git/xen.git
ffa9d29997..8c8938dcc1 8c8938dcc1bd37dd61f705410053e08804ca2b55 -> smoke
^ permalink raw reply [flat|nested] only message in thread
only message in thread, other threads:[~2020-12-22 1:25 UTC | newest]
Thread overview: (only message) (download: mbox.gz / follow: Atom feed)
-- links below jump to the message on this page --
2020-12-22 1:24 [xen-unstable-smoke test] 157779: tolerable all pass - PUSHED osstest service owner
This is a public inbox, see mirroring instructions
for how to clone and mirror all data and code used for this inbox;
as well as URLs for NNTP newsgroup(s).