* [xen-unstable-smoke test] 158909: regressions - trouble: blocked/fail
@ 2021-02-01 23:53 osstest service owner
0 siblings, 0 replies; only message in thread
From: osstest service owner @ 2021-02-01 23:53 UTC (permalink / raw)
To: xen-devel, osstest-admin
flight 158909 xen-unstable-smoke real [real]
http://logs.test-lab.xenproject.org/osstest/logs/158909/
Regressions :-(
Tests which did not succeed and are blocking,
including tests which could not be run:
build-amd64 6 xen-build fail REGR. vs. 158804
build-arm64-xsm 6 xen-build fail REGR. vs. 158804
build-armhf 6 xen-build fail REGR. vs. 158804
Tests which did not succeed, but are not blocking:
build-amd64-libvirt 1 build-check(1) blocked n/a
test-amd64-amd64-libvirt 1 build-check(1) blocked n/a
test-amd64-amd64-xl-qemuu-debianhvm-amd64 1 build-check(1) blocked n/a
test-arm64-arm64-xl-xsm 1 build-check(1) blocked n/a
test-armhf-armhf-xl 1 build-check(1) blocked n/a
version targeted for testing:
xen ffbb8aa282de262403275f2395d8540818cf576e
baseline version:
xen 9dc687f155a57216b83b17f9cde55dd43e06b0cd
Last test of basis 158804 2021-01-30 04:00:24 Z 2 days
Failing since 158892 2021-02-01 16:00:25 Z 0 days 4 attempts
Testing same since 158897 2021-02-01 19:02:25 Z 0 days 3 attempts
------------------------------------------------------------
People who touched revisions under test:
Ian Jackson <iwj@xenproject.org>
Manuel Bouyer <bouyer@netbsd.org>
Roger Pau Monne <roger.pau@citrix.com>
Roger Pau Monné <roger.pau@citrix.com>
jobs:
build-arm64-xsm fail
build-amd64 fail
build-armhf fail
build-amd64-libvirt blocked
test-armhf-armhf-xl blocked
test-arm64-arm64-xl-xsm blocked
test-amd64-amd64-xl-qemuu-debianhvm-amd64 blocked
test-amd64-amd64-libvirt blocked
------------------------------------------------------------
sg-report-flight on osstest.test-lab.xenproject.org
logs: /home/logs/logs
images: /home/logs/images
Logs, config files, etc. are available at
http://logs.test-lab.xenproject.org/osstest/logs
Explanation of these reports, and of osstest in general, is at
http://xenbits.xen.org/gitweb/?p=osstest.git;a=blob;f=README.email;hb=master
http://xenbits.xen.org/gitweb/?p=osstest.git;a=blob;f=README;hb=master
Test harness code can be found at
http://xenbits.xen.org/gitweb?p=osstest.git;a=summary
Not pushing.
------------------------------------------------------------
commit ffbb8aa282de262403275f2395d8540818cf576e
Author: Roger Pau Monne <roger.pau@citrix.com>
Date: Mon Feb 1 16:53:17 2021 +0100
xenstore: fix build on {Net/Free}BSD
The endian.h header is in sys/ on NetBSD and FreeBSD.
Signed-off-by: Roger Pau Monné <roger.pau@citrix.com>
Acked-by: Ian Jackson <iwj@xenproject.org>
Release-Acked-by: Ian Jackson <iwj@xenproject.org>
commit 419cd07895891c6642f29085aee07be72413f08c
Author: Ian Jackson <iwj@xenproject.org>
Date: Mon Feb 1 15:18:36 2021 +0000
xenpmd.c: Remove hard tab
bbed98e7cedc "xenpmd.c: use dynamic allocation" had a hard tab.
I thought we had fixed that and I thought I had checked.
Remove it now.
Signed-off-by: Ian Jackson <iwj@xenproject.org>
commit bbed98e7cedcd5072671c21605330075740382d3
Author: Manuel Bouyer <bouyer@netbsd.org>
Date: Sat Jan 30 19:27:10 2021 +0100
xenpmd.c: use dynamic allocation
On NetBSD, d_name is larger than 256, so file_name[284] may not be large
enough (and gcc emits a format-truncation error).
Use asprintf() instead of snprintf() on a static on-stack buffer.
Signed-off-by: Manuel Bouyer <bouyer@netbsd.org>
Reviewed-by: Ian Jackson <ian.jackson@eu.citrix.com>
Reviewed-by: Roger Pau Monné <roger.pau@citrix.com>
Release-Acked-by: Ian Jackson <iwj@xenproject.org>
Plus
define GNU_SOURCE for asprintf()
Harmless on NetBSD.
Signed-off-by: Manuel Bouyer <bouyer@netbsd.org>
Reviewed-by: Ian Jackson <ian.jackson@eu.citrix.com>
Release-Acked-by: Ian Jackson <iwj@xenproject.org>
(qemu changes not included)
^ permalink raw reply [flat|nested] only message in thread
only message in thread, other threads:[~2021-02-01 23:53 UTC | newest]
Thread overview: (only message) (download: mbox.gz / follow: Atom feed)
-- links below jump to the message on this page --
2021-02-01 23:53 [xen-unstable-smoke test] 158909: regressions - trouble: blocked/fail osstest service owner
This is a public inbox, see mirroring instructions
for how to clone and mirror all data and code used for this inbox;
as well as URLs for NNTP newsgroup(s).