* [xen-unstable test] 158996: trouble: broken/fail/pass
@ 2021-02-04 13:55 osstest service owner
0 siblings, 0 replies; only message in thread
From: osstest service owner @ 2021-02-04 13:55 UTC (permalink / raw)
To: xen-devel, osstest-admin
flight 158996 xen-unstable real [real]
http://logs.test-lab.xenproject.org/osstest/logs/158996/
Failures and problems with tests :-(
Tests which did not succeed and are blocking,
including tests which could not be run:
test-arm64-arm64-xl-credit1 <job status> broken
test-arm64-arm64-xl-xsm <job status> broken
Regressions which are regarded as allowable (not blocking):
test-armhf-armhf-xl-rtds 17 guest-stop fail REGR. vs. 158977
Tests which did not succeed, but are not blocking:
test-arm64-arm64-xl-xsm 5 host-install(5) broken like 158977
test-arm64-arm64-xl-credit1 5 host-install(5) broken like 158977
test-armhf-armhf-libvirt 16 saverestore-support-check fail like 158977
test-amd64-amd64-xl-qemuu-ws16-amd64 19 guest-stop fail like 158977
test-amd64-amd64-xl-qemuu-win7-amd64 19 guest-stop fail like 158977
test-amd64-i386-xl-qemut-ws16-amd64 19 guest-stop fail like 158977
test-amd64-amd64-xl-qemut-win7-amd64 19 guest-stop fail like 158977
test-amd64-i386-xl-qemut-win7-amd64 19 guest-stop fail like 158977
test-armhf-armhf-libvirt-raw 13 guest-start fail like 158977
test-armhf-armhf-xl-vhd 13 guest-start fail like 158977
test-amd64-i386-xl-qemuu-win7-amd64 19 guest-stop fail like 158977
test-amd64-amd64-xl-qemut-ws16-amd64 19 guest-stop fail like 158977
test-amd64-amd64-qemuu-nested-amd 20 debian-hvm-install/l1/l2 fail like 158977
test-amd64-i386-xl-qemuu-ws16-amd64 19 guest-stop fail like 158977
test-amd64-i386-xl-pvshim 14 guest-start fail never pass
test-amd64-amd64-libvirt-xsm 15 migrate-support-check fail never pass
test-amd64-amd64-libvirt 15 migrate-support-check fail never pass
test-amd64-i386-libvirt 15 migrate-support-check fail never pass
test-arm64-arm64-xl-seattle 15 migrate-support-check fail never pass
test-arm64-arm64-xl-seattle 16 saverestore-support-check fail never pass
test-amd64-i386-libvirt-xsm 15 migrate-support-check fail never pass
test-arm64-arm64-xl 15 migrate-support-check fail never pass
test-arm64-arm64-xl 16 saverestore-support-check fail never pass
test-arm64-arm64-xl-credit2 15 migrate-support-check fail never pass
test-arm64-arm64-xl-credit2 16 saverestore-support-check fail never pass
test-arm64-arm64-libvirt-xsm 15 migrate-support-check fail never pass
test-arm64-arm64-xl-thunderx 15 migrate-support-check fail never pass
test-arm64-arm64-libvirt-xsm 16 saverestore-support-check fail never pass
test-arm64-arm64-xl-thunderx 16 saverestore-support-check fail never pass
test-amd64-amd64-libvirt-qemuu-debianhvm-amd64-xsm 13 migrate-support-check fail never pass
test-armhf-armhf-xl-arndale 15 migrate-support-check fail never pass
test-armhf-armhf-xl-arndale 16 saverestore-support-check fail never pass
test-amd64-i386-libvirt-qemuu-debianhvm-amd64-xsm 13 migrate-support-check fail never pass
test-amd64-amd64-libvirt-vhd 14 migrate-support-check fail never pass
test-armhf-armhf-xl-multivcpu 15 migrate-support-check fail never pass
test-armhf-armhf-xl-multivcpu 16 saverestore-support-check fail never pass
test-armhf-armhf-libvirt 15 migrate-support-check fail never pass
test-armhf-armhf-xl-cubietruck 15 migrate-support-check fail never pass
test-armhf-armhf-xl-cubietruck 16 saverestore-support-check fail never pass
test-armhf-armhf-xl-credit1 15 migrate-support-check fail never pass
test-armhf-armhf-xl-credit1 16 saverestore-support-check fail never pass
test-armhf-armhf-xl-rtds 15 migrate-support-check fail never pass
test-armhf-armhf-xl-rtds 16 saverestore-support-check fail never pass
test-armhf-armhf-xl 15 migrate-support-check fail never pass
test-armhf-armhf-xl 16 saverestore-support-check fail never pass
test-armhf-armhf-xl-credit2 15 migrate-support-check fail never pass
test-armhf-armhf-xl-credit2 16 saverestore-support-check fail never pass
version targeted for testing:
xen d203dbd69f1a02577dd6fe571d72beb980c548a6
baseline version:
xen 5e7aa904405fa2f268c3af213516bae271de3265
Last test of basis 158977 2021-02-03 08:08:44 Z 1 days
Testing same since 158996 2021-02-04 00:07:40 Z 0 days 1 attempts
------------------------------------------------------------
People who touched revisions under test:
Andrew Cooper <andrew.cooper3@citrix.com>
jobs:
build-amd64-xsm pass
build-arm64-xsm pass
build-i386-xsm pass
build-amd64-xtf pass
build-amd64 pass
build-arm64 pass
build-armhf pass
build-i386 pass
build-amd64-libvirt pass
build-arm64-libvirt pass
build-armhf-libvirt pass
build-i386-libvirt pass
build-amd64-prev pass
build-i386-prev pass
build-amd64-pvops pass
build-arm64-pvops pass
build-armhf-pvops pass
build-i386-pvops pass
test-xtf-amd64-amd64-1 pass
test-xtf-amd64-amd64-2 pass
test-xtf-amd64-amd64-3 pass
test-xtf-amd64-amd64-4 pass
test-xtf-amd64-amd64-5 pass
test-amd64-amd64-xl pass
test-amd64-coresched-amd64-xl pass
test-arm64-arm64-xl pass
test-armhf-armhf-xl pass
test-amd64-i386-xl pass
test-amd64-coresched-i386-xl pass
test-amd64-amd64-libvirt-qemuu-debianhvm-amd64-xsm pass
test-amd64-i386-libvirt-qemuu-debianhvm-amd64-xsm pass
test-amd64-amd64-xl-qemut-stubdom-debianhvm-amd64-xsm pass
test-amd64-i386-xl-qemut-stubdom-debianhvm-amd64-xsm pass
test-amd64-amd64-xl-qemut-debianhvm-i386-xsm pass
test-amd64-i386-xl-qemut-debianhvm-i386-xsm pass
test-amd64-amd64-xl-qemuu-debianhvm-i386-xsm pass
test-amd64-i386-xl-qemuu-debianhvm-i386-xsm pass
test-amd64-amd64-libvirt-xsm pass
test-arm64-arm64-libvirt-xsm pass
test-amd64-i386-libvirt-xsm pass
test-amd64-amd64-xl-xsm pass
test-arm64-arm64-xl-xsm broken
test-amd64-i386-xl-xsm pass
test-amd64-amd64-qemuu-nested-amd fail
test-amd64-amd64-xl-pvhv2-amd pass
test-amd64-i386-qemut-rhel6hvm-amd pass
test-amd64-i386-qemuu-rhel6hvm-amd pass
test-amd64-amd64-dom0pvh-xl-amd pass
test-amd64-amd64-xl-qemut-debianhvm-amd64 pass
test-amd64-i386-xl-qemut-debianhvm-amd64 pass
test-amd64-amd64-xl-qemuu-debianhvm-amd64 pass
test-amd64-i386-xl-qemuu-debianhvm-amd64 pass
test-amd64-i386-freebsd10-amd64 pass
test-amd64-amd64-qemuu-freebsd11-amd64 pass
test-amd64-amd64-qemuu-freebsd12-amd64 pass
test-amd64-amd64-xl-qemuu-ovmf-amd64 pass
test-amd64-i386-xl-qemuu-ovmf-amd64 pass
test-amd64-amd64-xl-qemut-win7-amd64 fail
test-amd64-i386-xl-qemut-win7-amd64 fail
test-amd64-amd64-xl-qemuu-win7-amd64 fail
test-amd64-i386-xl-qemuu-win7-amd64 fail
test-amd64-amd64-xl-qemut-ws16-amd64 fail
test-amd64-i386-xl-qemut-ws16-amd64 fail
test-amd64-amd64-xl-qemuu-ws16-amd64 fail
test-amd64-i386-xl-qemuu-ws16-amd64 fail
test-armhf-armhf-xl-arndale pass
test-amd64-amd64-xl-credit1 pass
test-arm64-arm64-xl-credit1 broken
test-armhf-armhf-xl-credit1 pass
test-amd64-amd64-xl-credit2 pass
test-arm64-arm64-xl-credit2 pass
test-armhf-armhf-xl-credit2 pass
test-armhf-armhf-xl-cubietruck pass
test-amd64-amd64-xl-qemuu-dmrestrict-amd64-dmrestrict pass
test-amd64-i386-xl-qemuu-dmrestrict-amd64-dmrestrict pass
test-amd64-amd64-examine pass
test-arm64-arm64-examine pass
test-armhf-armhf-examine pass
test-amd64-i386-examine pass
test-amd64-i386-freebsd10-i386 pass
test-amd64-amd64-qemuu-nested-intel pass
test-amd64-amd64-xl-pvhv2-intel pass
test-amd64-i386-qemut-rhel6hvm-intel pass
test-amd64-i386-qemuu-rhel6hvm-intel pass
test-amd64-amd64-dom0pvh-xl-intel pass
test-amd64-amd64-libvirt pass
test-armhf-armhf-libvirt pass
test-amd64-i386-libvirt pass
test-amd64-amd64-livepatch pass
test-amd64-i386-livepatch pass
test-amd64-amd64-migrupgrade pass
test-amd64-i386-migrupgrade pass
test-amd64-amd64-xl-multivcpu pass
test-armhf-armhf-xl-multivcpu pass
test-amd64-amd64-pair pass
test-amd64-i386-pair pass
test-amd64-amd64-libvirt-pair pass
test-amd64-i386-libvirt-pair pass
test-amd64-amd64-amd64-pvgrub pass
test-amd64-amd64-i386-pvgrub pass
test-amd64-amd64-xl-pvshim pass
test-amd64-i386-xl-pvshim fail
test-amd64-amd64-pygrub pass
test-amd64-amd64-xl-qcow2 pass
test-armhf-armhf-libvirt-raw fail
test-amd64-i386-xl-raw pass
test-amd64-amd64-xl-rtds pass
test-armhf-armhf-xl-rtds fail
test-arm64-arm64-xl-seattle pass
test-amd64-amd64-xl-qemuu-debianhvm-amd64-shadow pass
test-amd64-i386-xl-qemuu-debianhvm-amd64-shadow pass
test-amd64-amd64-xl-shadow pass
test-amd64-i386-xl-shadow pass
test-arm64-arm64-xl-thunderx pass
test-amd64-amd64-libvirt-vhd pass
test-armhf-armhf-xl-vhd fail
------------------------------------------------------------
sg-report-flight on osstest.test-lab.xenproject.org
logs: /home/logs/logs
images: /home/logs/images
Logs, config files, etc. are available at
http://logs.test-lab.xenproject.org/osstest/logs
Explanation of these reports, and of osstest in general, is at
http://xenbits.xen.org/gitweb/?p=osstest.git;a=blob;f=README.email;hb=master
http://xenbits.xen.org/gitweb/?p=osstest.git;a=blob;f=README;hb=master
Test harness code can be found at
http://xenbits.xen.org/gitweb?p=osstest.git;a=summary
broken-job test-arm64-arm64-xl-credit1 broken
broken-job test-arm64-arm64-xl-xsm broken
broken-step test-arm64-arm64-xl-xsm host-install(5)
broken-step test-arm64-arm64-xl-credit1 host-install(5)
Not pushing.
------------------------------------------------------------
commit d203dbd69f1a02577dd6fe571d72beb980c548a6
Author: Andrew Cooper <andrew.cooper3@citrix.com>
Date: Wed Feb 3 15:43:35 2021 +0000
libs/foreignmem: Fix/simplify errno handling for map_resource
Simplify the FreeBSD and Linux logic, left in this state by the previous
change. No functional change.
Duplicate the FreeBSD logic for NetBSD, to maintain the uniform ABI for
callers that EOPNOTSUPP covers all Xen/Kernel support.
Signed-off-by: Andrew Cooper <andrew.cooper3@citrix.com>
Reviewed-by: Ian Jackson <iwj@xenproject.org>
Release-Acked-by: Ian Jackson <iwj@xenproject.org>
commit 9351e1468d67ee79fbc6411b087c67ac34813891
Author: Andrew Cooper <andrew.cooper3@citrix.com>
Date: Wed Feb 3 15:41:55 2021 +0000
libs/foreignmem: Drop useless and/or misleading logging
These log lines are all in response to single system calls, and do not provide
any information which the immediate caller can't determine themselves. It is
however rude to put junk like this onto stderr, especially as system call
failures are not even error conditions in certain circumstances.
The FreeBSD logging has stale function names in, and Solaris shouldn't have
passed code review to start with.
No functional change.
Signed-off-by: Andrew Cooper <andrew.cooper3@citrix.com>
Reviewed-by: Ian Jackson <iwj@xenproject.org>
Release-Acked-by: Ian Jackson <iwj@xenproject.org>
(qemu changes not included)
^ permalink raw reply [flat|nested] only message in thread
only message in thread, other threads:[~2021-02-04 13:56 UTC | newest]
Thread overview: (only message) (download: mbox.gz / follow: Atom feed)
-- links below jump to the message on this page --
2021-02-04 13:55 [xen-unstable test] 158996: trouble: broken/fail/pass osstest service owner
This is a public inbox, see mirroring instructions
for how to clone and mirror all data and code used for this inbox;
as well as URLs for NNTP newsgroup(s).