* [xen-unstable test] 159491: regressions - FAIL
@ 2021-02-21 4:27 osstest service owner
0 siblings, 0 replies; only message in thread
From: osstest service owner @ 2021-02-21 4:27 UTC (permalink / raw)
To: xen-devel, osstest-admin
flight 159491 xen-unstable real [real]
http://logs.test-lab.xenproject.org/osstest/logs/159491/
Regressions :-(
Tests which did not succeed and are blocking,
including tests which could not be run:
test-xtf-amd64-amd64-5 19 xtf/test-pv32pae-selftest fail REGR. vs. 159475
test-amd64-i386-xl-qemut-ws16-amd64 8 xen-boot fail REGR. vs. 159475
test-xtf-amd64-amd64-1 19 xtf/test-pv32pae-selftest fail REGR. vs. 159475
test-amd64-i386-xl-qemuu-debianhvm-amd64 8 xen-boot fail REGR. vs. 159475
test-xtf-amd64-amd64-2 19 xtf/test-pv32pae-selftest fail REGR. vs. 159475
test-amd64-i386-qemut-rhel6hvm-intel 8 xen-boot fail REGR. vs. 159475
test-amd64-i386-libvirt-xsm 8 xen-boot fail REGR. vs. 159475
test-xtf-amd64-amd64-3 19 xtf/test-pv32pae-selftest fail REGR. vs. 159475
test-amd64-i386-xl-raw 8 xen-boot fail REGR. vs. 159475
test-amd64-i386-xl-qemut-debianhvm-amd64 8 xen-boot fail REGR. vs. 159475
test-amd64-coresched-i386-xl 8 xen-boot fail REGR. vs. 159475
test-xtf-amd64-amd64-4 19 xtf/test-pv32pae-selftest fail REGR. vs. 159475
test-amd64-i386-xl-shadow 8 xen-boot fail REGR. vs. 159475
test-amd64-i386-libvirt-pair 12 xen-boot/src_host fail REGR. vs. 159475
test-amd64-i386-libvirt-pair 13 xen-boot/dst_host fail REGR. vs. 159475
test-amd64-i386-migrupgrade 13 xen-boot/dst_host fail REGR. vs. 159475
test-amd64-i386-xl-qemut-debianhvm-i386-xsm 8 xen-boot fail REGR. vs. 159475
test-amd64-i386-xl-xsm 8 xen-boot fail REGR. vs. 159475
test-amd64-i386-xl-qemuu-ovmf-amd64 8 xen-boot fail REGR. vs. 159475
test-amd64-i386-qemut-rhel6hvm-amd 8 xen-boot fail REGR. vs. 159475
test-amd64-i386-xl-qemut-stubdom-debianhvm-amd64-xsm 8 xen-boot fail REGR. vs. 159475
test-amd64-i386-xl-qemuu-debianhvm-amd64-shadow 8 xen-boot fail REGR. vs. 159475
test-amd64-i386-xl 8 xen-boot fail REGR. vs. 159475
test-amd64-i386-qemuu-rhel6hvm-amd 8 xen-boot fail REGR. vs. 159475
test-amd64-i386-xl-qemut-win7-amd64 8 xen-boot fail REGR. vs. 159475
test-amd64-i386-examine 8 reboot fail REGR. vs. 159475
test-amd64-i386-freebsd10-amd64 8 xen-boot fail REGR. vs. 159475
test-amd64-i386-freebsd10-i386 8 xen-boot fail REGR. vs. 159475
test-amd64-i386-livepatch 8 xen-boot fail REGR. vs. 159475
test-amd64-i386-libvirt 8 xen-boot fail REGR. vs. 159475
test-amd64-i386-xl-qemuu-debianhvm-i386-xsm 8 xen-boot fail REGR. vs. 159475
test-amd64-i386-xl-qemuu-dmrestrict-amd64-dmrestrict 8 xen-boot fail REGR. vs. 159475
test-amd64-i386-qemuu-rhel6hvm-intel 8 xen-boot fail REGR. vs. 159475
test-amd64-i386-xl-pvshim 8 xen-boot fail REGR. vs. 159475
test-amd64-i386-xl-qemuu-ws16-amd64 8 xen-boot fail REGR. vs. 159475
test-amd64-i386-pair 12 xen-boot/src_host fail REGR. vs. 159475
test-amd64-i386-pair 13 xen-boot/dst_host fail REGR. vs. 159475
test-amd64-i386-libvirt-qemuu-debianhvm-amd64-xsm 8 xen-boot fail REGR. vs. 159475
test-amd64-i386-xl-qemuu-win7-amd64 8 xen-boot fail REGR. vs. 159475
Tests which did not succeed, but are not blocking:
test-armhf-armhf-libvirt 16 saverestore-support-check fail like 159475
test-amd64-amd64-qemuu-nested-amd 20 debian-hvm-install/l1/l2 fail like 159475
test-amd64-amd64-xl-qemuu-ws16-amd64 19 guest-stop fail like 159475
test-amd64-amd64-xl-qemuu-win7-amd64 19 guest-stop fail like 159475
test-amd64-amd64-xl-qemut-win7-amd64 19 guest-stop fail like 159475
test-armhf-armhf-libvirt-raw 15 saverestore-support-check fail like 159475
test-amd64-amd64-xl-qemut-ws16-amd64 19 guest-stop fail like 159475
test-arm64-arm64-xl-seattle 15 migrate-support-check fail never pass
test-arm64-arm64-xl-seattle 16 saverestore-support-check fail never pass
test-arm64-arm64-xl 15 migrate-support-check fail never pass
test-arm64-arm64-xl 16 saverestore-support-check fail never pass
test-amd64-amd64-libvirt-xsm 15 migrate-support-check fail never pass
test-amd64-amd64-libvirt 15 migrate-support-check fail never pass
test-arm64-arm64-xl-xsm 15 migrate-support-check fail never pass
test-arm64-arm64-xl-xsm 16 saverestore-support-check fail never pass
test-arm64-arm64-libvirt-xsm 15 migrate-support-check fail never pass
test-arm64-arm64-libvirt-xsm 16 saverestore-support-check fail never pass
test-arm64-arm64-xl-credit1 15 migrate-support-check fail never pass
test-arm64-arm64-xl-credit1 16 saverestore-support-check fail never pass
test-arm64-arm64-xl-credit2 15 migrate-support-check fail never pass
test-arm64-arm64-xl-credit2 16 saverestore-support-check fail never pass
test-arm64-arm64-xl-thunderx 15 migrate-support-check fail never pass
test-arm64-arm64-xl-thunderx 16 saverestore-support-check fail never pass
test-amd64-amd64-libvirt-qemuu-debianhvm-amd64-xsm 13 migrate-support-check fail never pass
test-armhf-armhf-xl-arndale 15 migrate-support-check fail never pass
test-armhf-armhf-xl-arndale 16 saverestore-support-check fail never pass
test-amd64-amd64-libvirt-vhd 14 migrate-support-check fail never pass
test-armhf-armhf-xl-credit1 15 migrate-support-check fail never pass
test-armhf-armhf-xl-credit1 16 saverestore-support-check fail never pass
test-armhf-armhf-libvirt 15 migrate-support-check fail never pass
test-armhf-armhf-xl-credit2 15 migrate-support-check fail never pass
test-armhf-armhf-xl-credit2 16 saverestore-support-check fail never pass
test-armhf-armhf-xl-cubietruck 15 migrate-support-check fail never pass
test-armhf-armhf-xl-cubietruck 16 saverestore-support-check fail never pass
test-armhf-armhf-xl 15 migrate-support-check fail never pass
test-armhf-armhf-xl 16 saverestore-support-check fail never pass
test-armhf-armhf-libvirt-raw 14 migrate-support-check fail never pass
test-armhf-armhf-xl-multivcpu 15 migrate-support-check fail never pass
test-armhf-armhf-xl-multivcpu 16 saverestore-support-check fail never pass
test-armhf-armhf-xl-rtds 15 migrate-support-check fail never pass
test-armhf-armhf-xl-rtds 16 saverestore-support-check fail never pass
test-armhf-armhf-xl-vhd 14 migrate-support-check fail never pass
test-armhf-armhf-xl-vhd 15 saverestore-support-check fail never pass
version targeted for testing:
xen 87a067fd8f4d4f7c6be02c3d38145115ac542017
baseline version:
xen e8185c5f01c68f7d29d23a4a91bc1be1ff2cc1ca
Last test of basis 159475 2021-02-19 06:26:37 Z 1 days
Testing same since 159487 2021-02-20 04:29:29 Z 0 days 2 attempts
------------------------------------------------------------
People who touched revisions under test:
Andrew Cooper <andrew.cooper3@citrix.com>
Ian Jackson <iwj@xenproject.org>
Jan Beulich <jbeulich@suse.com>
Juergen Gross <jgross@suse.com>
Marek Marczykowski-Górecki <marmarek@invisiblethingslab.com>
Norbert Manthey <nmanthey@amazon.de>
Rahul Singh <rahul.singh@arm.com>
Roger Pau Monné <roger.pau@citrix.com>
Wei Liu <wl@xen.org>
jobs:
build-amd64-xsm pass
build-arm64-xsm pass
build-i386-xsm pass
build-amd64-xtf pass
build-amd64 pass
build-arm64 pass
build-armhf pass
build-i386 pass
build-amd64-libvirt pass
build-arm64-libvirt pass
build-armhf-libvirt pass
build-i386-libvirt pass
build-amd64-prev pass
build-i386-prev pass
build-amd64-pvops pass
build-arm64-pvops pass
build-armhf-pvops pass
build-i386-pvops pass
test-xtf-amd64-amd64-1 pass
test-xtf-amd64-amd64-2 pass
test-xtf-amd64-amd64-3 pass
test-xtf-amd64-amd64-4 pass
test-xtf-amd64-amd64-5 pass
test-amd64-amd64-xl pass
test-amd64-coresched-amd64-xl pass
test-arm64-arm64-xl pass
test-armhf-armhf-xl pass
test-amd64-i386-xl fail
test-amd64-coresched-i386-xl fail
test-amd64-amd64-libvirt-qemuu-debianhvm-amd64-xsm pass
test-amd64-i386-libvirt-qemuu-debianhvm-amd64-xsm fail
test-amd64-amd64-xl-qemut-stubdom-debianhvm-amd64-xsm pass
test-amd64-i386-xl-qemut-stubdom-debianhvm-amd64-xsm fail
test-amd64-amd64-xl-qemut-debianhvm-i386-xsm pass
test-amd64-i386-xl-qemut-debianhvm-i386-xsm fail
test-amd64-amd64-xl-qemuu-debianhvm-i386-xsm pass
test-amd64-i386-xl-qemuu-debianhvm-i386-xsm fail
test-amd64-amd64-libvirt-xsm pass
test-arm64-arm64-libvirt-xsm pass
test-amd64-i386-libvirt-xsm fail
test-amd64-amd64-xl-xsm pass
test-arm64-arm64-xl-xsm pass
test-amd64-i386-xl-xsm fail
test-amd64-amd64-qemuu-nested-amd fail
test-amd64-amd64-xl-pvhv2-amd pass
test-amd64-i386-qemut-rhel6hvm-amd fail
test-amd64-i386-qemuu-rhel6hvm-amd fail
test-amd64-amd64-dom0pvh-xl-amd pass
test-amd64-amd64-xl-qemut-debianhvm-amd64 pass
test-amd64-i386-xl-qemut-debianhvm-amd64 fail
test-amd64-amd64-xl-qemuu-debianhvm-amd64 pass
test-amd64-i386-xl-qemuu-debianhvm-amd64 fail
test-amd64-i386-freebsd10-amd64 fail
test-amd64-amd64-qemuu-freebsd11-amd64 pass
test-amd64-amd64-qemuu-freebsd12-amd64 pass
test-amd64-amd64-xl-qemuu-ovmf-amd64 pass
test-amd64-i386-xl-qemuu-ovmf-amd64 fail
test-amd64-amd64-xl-qemut-win7-amd64 fail
test-amd64-i386-xl-qemut-win7-amd64 fail
test-amd64-amd64-xl-qemuu-win7-amd64 fail
test-amd64-i386-xl-qemuu-win7-amd64 fail
test-amd64-amd64-xl-qemut-ws16-amd64 fail
test-amd64-i386-xl-qemut-ws16-amd64 fail
test-amd64-amd64-xl-qemuu-ws16-amd64 fail
test-amd64-i386-xl-qemuu-ws16-amd64 fail
test-armhf-armhf-xl-arndale pass
test-amd64-amd64-xl-credit1 pass
test-arm64-arm64-xl-credit1 pass
test-armhf-armhf-xl-credit1 pass
test-amd64-amd64-xl-credit2 pass
test-arm64-arm64-xl-credit2 pass
test-armhf-armhf-xl-credit2 pass
test-armhf-armhf-xl-cubietruck pass
test-amd64-amd64-xl-qemuu-dmrestrict-amd64-dmrestrict pass
test-amd64-i386-xl-qemuu-dmrestrict-amd64-dmrestrict fail
test-amd64-amd64-examine pass
test-arm64-arm64-examine pass
test-armhf-armhf-examine pass
test-amd64-i386-examine fail
test-amd64-i386-freebsd10-i386 fail
test-amd64-amd64-qemuu-nested-intel pass
test-amd64-amd64-xl-pvhv2-intel pass
test-amd64-i386-qemut-rhel6hvm-intel fail
test-amd64-i386-qemuu-rhel6hvm-intel fail
test-amd64-amd64-dom0pvh-xl-intel pass
test-amd64-amd64-libvirt pass
test-armhf-armhf-libvirt pass
test-amd64-i386-libvirt fail
test-amd64-amd64-livepatch pass
test-amd64-i386-livepatch fail
test-amd64-amd64-migrupgrade pass
test-amd64-i386-migrupgrade fail
test-amd64-amd64-xl-multivcpu pass
test-armhf-armhf-xl-multivcpu pass
test-amd64-amd64-pair pass
test-amd64-i386-pair fail
test-amd64-amd64-libvirt-pair pass
test-amd64-i386-libvirt-pair fail
test-amd64-amd64-amd64-pvgrub pass
test-amd64-amd64-i386-pvgrub pass
test-amd64-amd64-xl-pvshim pass
test-amd64-i386-xl-pvshim fail
test-amd64-amd64-pygrub pass
test-amd64-amd64-xl-qcow2 pass
test-armhf-armhf-libvirt-raw pass
test-amd64-i386-xl-raw fail
test-amd64-amd64-xl-rtds pass
test-armhf-armhf-xl-rtds pass
test-arm64-arm64-xl-seattle pass
test-amd64-amd64-xl-qemuu-debianhvm-amd64-shadow pass
test-amd64-i386-xl-qemuu-debianhvm-amd64-shadow fail
test-amd64-amd64-xl-shadow pass
test-amd64-i386-xl-shadow fail
test-arm64-arm64-xl-thunderx pass
test-amd64-amd64-libvirt-vhd pass
test-armhf-armhf-xl-vhd pass
------------------------------------------------------------
sg-report-flight on osstest.test-lab.xenproject.org
logs: /home/logs/logs
images: /home/logs/images
Logs, config files, etc. are available at
http://logs.test-lab.xenproject.org/osstest/logs
Explanation of these reports, and of osstest in general, is at
http://xenbits.xen.org/gitweb/?p=osstest.git;a=blob;f=README.email;hb=master
http://xenbits.xen.org/gitweb/?p=osstest.git;a=blob;f=README;hb=master
Test harness code can be found at
http://xenbits.xen.org/gitweb?p=osstest.git;a=summary
Not pushing.
(No revision log; it would be 305 lines long.)
^ permalink raw reply [flat|nested] only message in thread
only message in thread, other threads:[~2021-02-21 4:28 UTC | newest]
Thread overview: (only message) (download: mbox.gz / follow: Atom feed)
-- links below jump to the message on this page --
2021-02-21 4:27 [xen-unstable test] 159491: regressions - FAIL osstest service owner
This is a public inbox, see mirroring instructions
for how to clone and mirror all data and code used for this inbox;
as well as URLs for NNTP newsgroup(s).