* [xen-unstable-smoke test] 159704: tolerable all pass - PUSHED
@ 2021-02-26 12:21 osstest service owner
0 siblings, 0 replies; only message in thread
From: osstest service owner @ 2021-02-26 12:21 UTC (permalink / raw)
To: xen-devel, osstest-admin
flight 159704 xen-unstable-smoke real [real]
http://logs.test-lab.xenproject.org/osstest/logs/159704/
Failures :-/ but no regressions.
Tests which did not succeed, but are not blocking:
test-amd64-amd64-libvirt 15 migrate-support-check fail never pass
test-arm64-arm64-xl-xsm 15 migrate-support-check fail never pass
test-arm64-arm64-xl-xsm 16 saverestore-support-check fail never pass
test-armhf-armhf-xl 15 migrate-support-check fail never pass
test-armhf-armhf-xl 16 saverestore-support-check fail never pass
version targeted for testing:
xen 109e8177fd4a225e7025c4c17d2c9537b550b4ed
baseline version:
xen fc8fb368515391374e5f170a1e07205d914bc14a
Last test of basis 159674 2021-02-25 16:01:33 Z 0 days
Testing same since 159704 2021-02-26 10:01:26 Z 0 days 1 attempts
------------------------------------------------------------
People who touched revisions under test:
Dario Faggioli <dfaggioli@suse.com>
Jan Beulich <jbeulich@suse.com>
Julien Grall <jgrall@amazon.com>
Roger Pau Monné <roger.pau@citrix.com>
Stefano Stabellini <sstabellini@kernel.org>
jobs:
build-arm64-xsm pass
build-amd64 pass
build-armhf pass
build-amd64-libvirt pass
test-armhf-armhf-xl pass
test-arm64-arm64-xl-xsm pass
test-amd64-amd64-xl-qemuu-debianhvm-amd64 pass
test-amd64-amd64-libvirt pass
------------------------------------------------------------
sg-report-flight on osstest.test-lab.xenproject.org
logs: /home/logs/logs
images: /home/logs/images
Logs, config files, etc. are available at
http://logs.test-lab.xenproject.org/osstest/logs
Explanation of these reports, and of osstest in general, is at
http://xenbits.xen.org/gitweb/?p=osstest.git;a=blob;f=README.email;hb=master
http://xenbits.xen.org/gitweb/?p=osstest.git;a=blob;f=README;hb=master
Test harness code can be found at
http://xenbits.xen.org/gitweb?p=osstest.git;a=summary
Pushing revision :
To xenbits.xen.org:/home/xen/git/xen.git
fc8fb36851..109e8177fd 109e8177fd4a225e7025c4c17d2c9537b550b4ed -> smoke
^ permalink raw reply [flat|nested] only message in thread
only message in thread, other threads:[~2021-02-26 12:21 UTC | newest]
Thread overview: (only message) (download: mbox.gz / follow: Atom feed)
-- links below jump to the message on this page --
2021-02-26 12:21 [xen-unstable-smoke test] 159704: tolerable all pass - PUSHED osstest service owner
This is a public inbox, see mirroring instructions
for how to clone and mirror all data and code used for this inbox;
as well as URLs for NNTP newsgroup(s).