* [xen-unstable-smoke test] 160641: tolerable all pass - PUSHED
@ 2021-04-01 14:14 osstest service owner
0 siblings, 0 replies; only message in thread
From: osstest service owner @ 2021-04-01 14:14 UTC (permalink / raw)
To: xen-devel, osstest-admin
flight 160641 xen-unstable-smoke real [real]
http://logs.test-lab.xenproject.org/osstest/logs/160641/
Failures :-/ but no regressions.
Tests which did not succeed, but are not blocking:
test-amd64-amd64-libvirt 15 migrate-support-check fail never pass
test-arm64-arm64-xl-xsm 15 migrate-support-check fail never pass
test-arm64-arm64-xl-xsm 16 saverestore-support-check fail never pass
test-armhf-armhf-xl 15 migrate-support-check fail never pass
test-armhf-armhf-xl 16 saverestore-support-check fail never pass
version targeted for testing:
xen b0976d5c0441378b6348f5bfedbf431055bd0147
baseline version:
xen 90629587e16e2efdb61da77f25c25fba3c4a5fd7
Last test of basis 160565 2021-03-30 17:00:31 Z 1 days
Testing same since 160641 2021-04-01 11:00:28 Z 0 days 1 attempts
------------------------------------------------------------
People who touched revisions under test:
George Dunlap <george.dunlap@citrix.com>
Jan Beulich <jbeulich@suse.com>
Stefano Stabellini <sstabellini@kernel.org>
jobs:
build-arm64-xsm pass
build-amd64 pass
build-armhf pass
build-amd64-libvirt pass
test-armhf-armhf-xl pass
test-arm64-arm64-xl-xsm pass
test-amd64-amd64-xl-qemuu-debianhvm-amd64 pass
test-amd64-amd64-libvirt pass
------------------------------------------------------------
sg-report-flight on osstest.test-lab.xenproject.org
logs: /home/logs/logs
images: /home/logs/images
Logs, config files, etc. are available at
http://logs.test-lab.xenproject.org/osstest/logs
Explanation of these reports, and of osstest in general, is at
http://xenbits.xen.org/gitweb/?p=osstest.git;a=blob;f=README.email;hb=master
http://xenbits.xen.org/gitweb/?p=osstest.git;a=blob;f=README;hb=master
Test harness code can be found at
http://xenbits.xen.org/gitweb?p=osstest.git;a=summary
Pushing revision :
To xenbits.xen.org:/home/xen/git/xen.git
90629587e1..b0976d5c04 b0976d5c0441378b6348f5bfedbf431055bd0147 -> smoke
^ permalink raw reply [flat|nested] only message in thread
only message in thread, other threads:[~2021-04-01 14:15 UTC | newest]
Thread overview: (only message) (download: mbox.gz / follow: Atom feed)
-- links below jump to the message on this page --
2021-04-01 14:14 [xen-unstable-smoke test] 160641: tolerable all pass - PUSHED osstest service owner
This is a public inbox, see mirroring instructions
for how to clone and mirror all data and code used for this inbox;
as well as URLs for NNTP newsgroup(s).