* [xen-unstable-smoke test] 160777: tolerable all pass - PUSHED
@ 2021-04-07 1:07 osstest service owner
0 siblings, 0 replies; only message in thread
From: osstest service owner @ 2021-04-07 1:07 UTC (permalink / raw)
To: xen-devel, osstest-admin
flight 160777 xen-unstable-smoke real [real]
http://logs.test-lab.xenproject.org/osstest/logs/160777/
Failures :-/ but no regressions.
Tests which did not succeed, but are not blocking:
test-amd64-amd64-libvirt 15 migrate-support-check fail never pass
test-arm64-arm64-xl-xsm 15 migrate-support-check fail never pass
test-arm64-arm64-xl-xsm 16 saverestore-support-check fail never pass
test-armhf-armhf-xl 15 migrate-support-check fail never pass
test-armhf-armhf-xl 16 saverestore-support-check fail never pass
version targeted for testing:
xen 19be4d56a1f7aa65eb4d92276fa5d386e9cb2a62
baseline version:
xen 6425fcf37122b1f1e4ceaacadd00a4c280a58f57
Last test of basis 160772 2021-04-06 15:00:34 Z 0 days
Testing same since 160777 2021-04-06 21:02:47 Z 0 days 1 attempts
------------------------------------------------------------
People who touched revisions under test:
George Dunlap <george.dunlap@citrix.com>
Ian Jackson <ian.jackson@citrix.com>
Jan Beulich <jbeulich@suse.com>
Julien Grall <jgrall@amazon.com>
Tim Deegan <tim@xen.org>
jobs:
build-arm64-xsm pass
build-amd64 pass
build-armhf pass
build-amd64-libvirt pass
test-armhf-armhf-xl pass
test-arm64-arm64-xl-xsm pass
test-amd64-amd64-xl-qemuu-debianhvm-amd64 pass
test-amd64-amd64-libvirt pass
------------------------------------------------------------
sg-report-flight on osstest.test-lab.xenproject.org
logs: /home/logs/logs
images: /home/logs/images
Logs, config files, etc. are available at
http://logs.test-lab.xenproject.org/osstest/logs
Explanation of these reports, and of osstest in general, is at
http://xenbits.xen.org/gitweb/?p=osstest.git;a=blob;f=README.email;hb=master
http://xenbits.xen.org/gitweb/?p=osstest.git;a=blob;f=README;hb=master
Test harness code can be found at
http://xenbits.xen.org/gitweb?p=osstest.git;a=summary
Pushing revision :
To xenbits.xen.org:/home/xen/git/xen.git
6425fcf371..19be4d56a1 19be4d56a1f7aa65eb4d92276fa5d386e9cb2a62 -> smoke
^ permalink raw reply [flat|nested] only message in thread
only message in thread, other threads:[~2021-04-07 1:08 UTC | newest]
Thread overview: (only message) (download: mbox.gz / follow: Atom feed)
-- links below jump to the message on this page --
2021-04-07 1:07 [xen-unstable-smoke test] 160777: tolerable all pass - PUSHED osstest service owner
This is a public inbox, see mirroring instructions
for how to clone and mirror all data and code used for this inbox;
as well as URLs for NNTP newsgroup(s).