* [qemu-mainline test] 161915: regressions - FAIL
@ 2021-05-12 23:05 osstest service owner
0 siblings, 0 replies; only message in thread
From: osstest service owner @ 2021-05-12 23:05 UTC (permalink / raw)
To: xen-devel, osstest-admin
flight 161915 qemu-mainline real [real]
http://logs.test-lab.xenproject.org/osstest/logs/161915/
Regressions :-(
Tests which did not succeed and are blocking,
including tests which could not be run:
test-amd64-amd64-qemuu-freebsd11-amd64 16 guest-saverestore fail REGR. vs. 152631
test-amd64-i386-libvirt 14 guest-start fail REGR. vs. 152631
test-amd64-amd64-libvirt 14 guest-start fail REGR. vs. 152631
test-amd64-i386-libvirt-xsm 14 guest-start fail REGR. vs. 152631
test-amd64-amd64-libvirt-xsm 14 guest-start fail REGR. vs. 152631
test-amd64-amd64-qemuu-freebsd12-amd64 16 guest-saverestore fail REGR. vs. 152631
test-amd64-i386-freebsd10-i386 16 guest-saverestore fail REGR. vs. 152631
test-amd64-amd64-libvirt-pair 25 guest-start/debian fail REGR. vs. 152631
test-amd64-i386-freebsd10-amd64 16 guest-saverestore fail REGR. vs. 152631
test-amd64-i386-libvirt-pair 25 guest-start/debian fail REGR. vs. 152631
test-amd64-i386-xl-qemuu-debianhvm-amd64-shadow 15 guest-saverestore fail REGR. vs. 152631
test-amd64-i386-xl-qemuu-debianhvm-amd64 15 guest-saverestore fail REGR. vs. 152631
test-amd64-amd64-xl-qemuu-debianhvm-i386-xsm 15 guest-saverestore fail REGR. vs. 152631
test-amd64-i386-xl-qemuu-ovmf-amd64 15 guest-saverestore fail REGR. vs. 152631
test-amd64-amd64-xl-qemuu-debianhvm-amd64 15 guest-saverestore fail REGR. vs. 152631
test-amd64-amd64-xl-qemuu-debianhvm-amd64-shadow 15 guest-saverestore fail REGR. vs. 152631
test-amd64-amd64-xl-qemuu-win7-amd64 15 guest-saverestore fail REGR. vs. 152631
test-amd64-amd64-xl-qemuu-ovmf-amd64 15 guest-saverestore fail REGR. vs. 152631
test-arm64-arm64-libvirt-xsm 14 guest-start fail REGR. vs. 152631
test-amd64-i386-xl-qemuu-debianhvm-i386-xsm 15 guest-saverestore fail REGR. vs. 152631
test-amd64-amd64-qemuu-nested-intel 20 debian-hvm-install/l1/l2 fail REGR. vs. 152631
test-amd64-i386-xl-qemuu-win7-amd64 15 guest-saverestore fail REGR. vs. 152631
test-armhf-armhf-libvirt 14 guest-start fail REGR. vs. 152631
test-amd64-amd64-libvirt-qemuu-debianhvm-amd64-xsm 12 debian-hvm-install fail REGR. vs. 152631
test-amd64-i386-libvirt-qemuu-debianhvm-amd64-xsm 12 debian-hvm-install fail REGR. vs. 152631
test-amd64-i386-xl-qemuu-ws16-amd64 15 guest-saverestore fail REGR. vs. 152631
test-amd64-amd64-xl-qemuu-ws16-amd64 15 guest-saverestore fail REGR. vs. 152631
Tests which did not succeed, but are not blocking:
test-amd64-amd64-qemuu-nested-amd 20 debian-hvm-install/l1/l2 fail like 152631
test-armhf-armhf-xl-rtds 18 guest-start/debian.repeat fail like 152631
test-armhf-armhf-libvirt-raw 15 saverestore-support-check fail like 152631
test-amd64-i386-xl-pvshim 14 guest-start fail never pass
test-arm64-arm64-xl-seattle 15 migrate-support-check fail never pass
test-arm64-arm64-xl-seattle 16 saverestore-support-check fail never pass
test-arm64-arm64-xl 15 migrate-support-check fail never pass
test-arm64-arm64-xl 16 saverestore-support-check fail never pass
test-arm64-arm64-xl-credit1 15 migrate-support-check fail never pass
test-arm64-arm64-xl-credit1 16 saverestore-support-check fail never pass
test-arm64-arm64-xl-credit2 15 migrate-support-check fail never pass
test-arm64-arm64-xl-credit2 16 saverestore-support-check fail never pass
test-arm64-arm64-xl-xsm 15 migrate-support-check fail never pass
test-arm64-arm64-xl-xsm 16 saverestore-support-check fail never pass
test-arm64-arm64-xl-thunderx 15 migrate-support-check fail never pass
test-arm64-arm64-xl-thunderx 16 saverestore-support-check fail never pass
test-amd64-amd64-libvirt-vhd 14 migrate-support-check fail never pass
test-armhf-armhf-xl-credit1 15 migrate-support-check fail never pass
test-armhf-armhf-xl-credit1 16 saverestore-support-check fail never pass
test-armhf-armhf-xl 15 migrate-support-check fail never pass
test-armhf-armhf-xl-credit2 15 migrate-support-check fail never pass
test-armhf-armhf-xl 16 saverestore-support-check fail never pass
test-armhf-armhf-xl-credit2 16 saverestore-support-check fail never pass
test-armhf-armhf-xl-rtds 15 migrate-support-check fail never pass
test-armhf-armhf-xl-rtds 16 saverestore-support-check fail never pass
test-armhf-armhf-xl-cubietruck 15 migrate-support-check fail never pass
test-armhf-armhf-xl-cubietruck 16 saverestore-support-check fail never pass
test-armhf-armhf-xl-multivcpu 15 migrate-support-check fail never pass
test-armhf-armhf-xl-multivcpu 16 saverestore-support-check fail never pass
test-armhf-armhf-xl-arndale 15 migrate-support-check fail never pass
test-armhf-armhf-xl-arndale 16 saverestore-support-check fail never pass
test-armhf-armhf-libvirt-raw 14 migrate-support-check fail never pass
test-armhf-armhf-xl-vhd 14 migrate-support-check fail never pass
test-armhf-armhf-xl-vhd 15 saverestore-support-check fail never pass
version targeted for testing:
qemuu f9a576a818044133f8564e0d243ebd97df0b3280
baseline version:
qemuu 1d806cef0e38b5db8347a8e12f214d543204a314
Last test of basis 152631 2020-08-20 09:07:46 Z 265 days
Failing since 152659 2020-08-21 14:07:39 Z 264 days 483 attempts
Testing same since 161907 2021-05-11 16:09:28 Z 1 days 2 attempts
------------------------------------------------------------
491 people touched revisions under test,
not listing them all
jobs:
build-amd64-xsm pass
build-arm64-xsm pass
build-i386-xsm pass
build-amd64 pass
build-arm64 pass
build-armhf pass
build-i386 pass
build-amd64-libvirt pass
build-arm64-libvirt pass
build-armhf-libvirt pass
build-i386-libvirt pass
build-amd64-pvops pass
build-arm64-pvops pass
build-armhf-pvops pass
build-i386-pvops pass
test-amd64-amd64-xl pass
test-amd64-coresched-amd64-xl pass
test-arm64-arm64-xl pass
test-armhf-armhf-xl pass
test-amd64-i386-xl pass
test-amd64-coresched-i386-xl pass
test-amd64-amd64-libvirt-qemuu-debianhvm-amd64-xsm fail
test-amd64-i386-libvirt-qemuu-debianhvm-amd64-xsm fail
test-amd64-amd64-xl-qemuu-debianhvm-i386-xsm fail
test-amd64-i386-xl-qemuu-debianhvm-i386-xsm fail
test-amd64-amd64-libvirt-xsm fail
test-arm64-arm64-libvirt-xsm fail
test-amd64-i386-libvirt-xsm fail
test-amd64-amd64-xl-xsm pass
test-arm64-arm64-xl-xsm pass
test-amd64-i386-xl-xsm pass
test-amd64-amd64-qemuu-nested-amd fail
test-amd64-amd64-xl-pvhv2-amd pass
test-amd64-i386-qemuu-rhel6hvm-amd pass
test-amd64-amd64-dom0pvh-xl-amd pass
test-amd64-amd64-xl-qemuu-debianhvm-amd64 fail
test-amd64-i386-xl-qemuu-debianhvm-amd64 fail
test-amd64-i386-freebsd10-amd64 fail
test-amd64-amd64-qemuu-freebsd11-amd64 fail
test-amd64-amd64-qemuu-freebsd12-amd64 fail
test-amd64-amd64-xl-qemuu-ovmf-amd64 fail
test-amd64-i386-xl-qemuu-ovmf-amd64 fail
test-amd64-amd64-xl-qemuu-win7-amd64 fail
test-amd64-i386-xl-qemuu-win7-amd64 fail
test-amd64-amd64-xl-qemuu-ws16-amd64 fail
test-amd64-i386-xl-qemuu-ws16-amd64 fail
test-armhf-armhf-xl-arndale pass
test-amd64-amd64-xl-credit1 pass
test-arm64-arm64-xl-credit1 pass
test-armhf-armhf-xl-credit1 pass
test-amd64-amd64-xl-credit2 pass
test-arm64-arm64-xl-credit2 pass
test-armhf-armhf-xl-credit2 pass
test-armhf-armhf-xl-cubietruck pass
test-amd64-amd64-xl-qemuu-dmrestrict-amd64-dmrestrict pass
test-amd64-i386-xl-qemuu-dmrestrict-amd64-dmrestrict pass
test-amd64-i386-freebsd10-i386 fail
test-amd64-amd64-qemuu-nested-intel fail
test-amd64-amd64-xl-pvhv2-intel pass
test-amd64-i386-qemuu-rhel6hvm-intel pass
test-amd64-amd64-dom0pvh-xl-intel pass
test-amd64-amd64-libvirt fail
test-armhf-armhf-libvirt fail
test-amd64-i386-libvirt fail
test-amd64-amd64-xl-multivcpu pass
test-armhf-armhf-xl-multivcpu pass
test-amd64-amd64-pair pass
test-amd64-i386-pair pass
test-amd64-amd64-libvirt-pair fail
test-amd64-i386-libvirt-pair fail
test-amd64-amd64-amd64-pvgrub pass
test-amd64-amd64-i386-pvgrub pass
test-amd64-amd64-xl-pvshim pass
test-amd64-i386-xl-pvshim fail
test-amd64-amd64-pygrub pass
test-amd64-amd64-xl-qcow2 pass
test-armhf-armhf-libvirt-raw pass
test-amd64-i386-xl-raw pass
test-amd64-amd64-xl-rtds pass
test-armhf-armhf-xl-rtds fail
test-arm64-arm64-xl-seattle pass
test-amd64-amd64-xl-qemuu-debianhvm-amd64-shadow fail
test-amd64-i386-xl-qemuu-debianhvm-amd64-shadow fail
test-amd64-amd64-xl-shadow pass
test-amd64-i386-xl-shadow pass
test-arm64-arm64-xl-thunderx pass
test-amd64-amd64-libvirt-vhd pass
test-armhf-armhf-xl-vhd pass
------------------------------------------------------------
sg-report-flight on osstest.test-lab.xenproject.org
logs: /home/logs/logs
images: /home/logs/images
Logs, config files, etc. are available at
http://logs.test-lab.xenproject.org/osstest/logs
Explanation of these reports, and of osstest in general, is at
http://xenbits.xen.org/gitweb/?p=osstest.git;a=blob;f=README.email;hb=master
http://xenbits.xen.org/gitweb/?p=osstest.git;a=blob;f=README;hb=master
Test harness code can be found at
http://xenbits.xen.org/gitweb?p=osstest.git;a=summary
Not pushing.
(No revision log; it would be 149396 lines long.)
^ permalink raw reply [flat|nested] only message in thread
only message in thread, other threads:[~2021-05-12 23:06 UTC | newest]
Thread overview: (only message) (download: mbox.gz / follow: Atom feed)
-- links below jump to the message on this page --
2021-05-12 23:05 [qemu-mainline test] 161915: regressions - FAIL osstest service owner
This is a public inbox, see mirroring instructions
for how to clone and mirror all data and code used for this inbox;
as well as URLs for NNTP newsgroup(s).