* [xen-unstable-smoke test] 161923: tolerable all pass - PUSHED
@ 2021-05-13 0:36 osstest service owner
0 siblings, 0 replies; only message in thread
From: osstest service owner @ 2021-05-13 0:36 UTC (permalink / raw)
To: xen-devel, osstest-admin
flight 161923 xen-unstable-smoke real [real]
http://logs.test-lab.xenproject.org/osstest/logs/161923/
Failures :-/ but no regressions.
Tests which did not succeed, but are not blocking:
test-amd64-amd64-libvirt 15 migrate-support-check fail never pass
test-arm64-arm64-xl-xsm 15 migrate-support-check fail never pass
test-arm64-arm64-xl-xsm 16 saverestore-support-check fail never pass
test-armhf-armhf-xl 15 migrate-support-check fail never pass
test-armhf-armhf-xl 16 saverestore-support-check fail never pass
version targeted for testing:
xen 43d4cc7d36503bcc3aa2aa6ebea2b7912808f254
baseline version:
xen 52b91dad6f43afb0c77325e6d54115c280958e57
Last test of basis 161921 2021-05-12 16:01:36 Z 0 days
Testing same since 161923 2021-05-12 21:01:32 Z 0 days 1 attempts
------------------------------------------------------------
People who touched revisions under test:
Julien Grall <jgrall@amazon.com>
jobs:
build-arm64-xsm pass
build-amd64 pass
build-armhf pass
build-amd64-libvirt pass
test-armhf-armhf-xl pass
test-arm64-arm64-xl-xsm pass
test-amd64-amd64-xl-qemuu-debianhvm-amd64 pass
test-amd64-amd64-libvirt pass
------------------------------------------------------------
sg-report-flight on osstest.test-lab.xenproject.org
logs: /home/logs/logs
images: /home/logs/images
Logs, config files, etc. are available at
http://logs.test-lab.xenproject.org/osstest/logs
Explanation of these reports, and of osstest in general, is at
http://xenbits.xen.org/gitweb/?p=osstest.git;a=blob;f=README.email;hb=master
http://xenbits.xen.org/gitweb/?p=osstest.git;a=blob;f=README;hb=master
Test harness code can be found at
http://xenbits.xen.org/gitweb?p=osstest.git;a=summary
Pushing revision :
To xenbits.xen.org:/home/xen/git/xen.git
52b91dad6f..43d4cc7d36 43d4cc7d36503bcc3aa2aa6ebea2b7912808f254 -> smoke
^ permalink raw reply [flat|nested] only message in thread
only message in thread, other threads:[~2021-05-13 0:37 UTC | newest]
Thread overview: (only message) (download: mbox.gz / follow: Atom feed)
-- links below jump to the message on this page --
2021-05-13 0:36 [xen-unstable-smoke test] 161923: tolerable all pass - PUSHED osstest service owner
This is a public inbox, see mirroring instructions
for how to clone and mirror all data and code used for this inbox;
as well as URLs for NNTP newsgroup(s).