* [xen-unstable-smoke test] 162062: regressions - FAIL
@ 2021-05-18 21:53 osstest service owner
0 siblings, 0 replies; only message in thread
From: osstest service owner @ 2021-05-18 21:53 UTC (permalink / raw)
To: xen-devel, osstest-admin
flight 162062 xen-unstable-smoke real [real]
http://logs.test-lab.xenproject.org/osstest/logs/162062/
Regressions :-(
Tests which did not succeed and are blocking,
including tests which could not be run:
build-arm64-xsm 6 xen-build fail REGR. vs. 162023
build-armhf 6 xen-build fail REGR. vs. 162023
Tests which did not succeed, but are not blocking:
test-arm64-arm64-xl-xsm 1 build-check(1) blocked n/a
test-armhf-armhf-xl 1 build-check(1) blocked n/a
test-amd64-amd64-libvirt 15 migrate-support-check fail never pass
version targeted for testing:
xen 01d84420fb4a9be2ec474a7c1910bb22c28b53c8
baseline version:
xen caa9c4471d1d74b2d236467aaf7e63a806ac11a4
Last test of basis 162023 2021-05-18 13:00:27 Z 0 days
Testing same since 162036 2021-05-18 16:00:26 Z 0 days 3 attempts
------------------------------------------------------------
People who touched revisions under test:
Julien Grall <jgrall@amazon.com>
Wei Liu <wl@xen.org>
jobs:
build-arm64-xsm fail
build-amd64 pass
build-armhf fail
build-amd64-libvirt pass
test-armhf-armhf-xl blocked
test-arm64-arm64-xl-xsm blocked
test-amd64-amd64-xl-qemuu-debianhvm-amd64 pass
test-amd64-amd64-libvirt pass
------------------------------------------------------------
sg-report-flight on osstest.test-lab.xenproject.org
logs: /home/logs/logs
images: /home/logs/images
Logs, config files, etc. are available at
http://logs.test-lab.xenproject.org/osstest/logs
Explanation of these reports, and of osstest in general, is at
http://xenbits.xen.org/gitweb/?p=osstest.git;a=blob;f=README.email;hb=master
http://xenbits.xen.org/gitweb/?p=osstest.git;a=blob;f=README;hb=master
Test harness code can be found at
http://xenbits.xen.org/gitweb?p=osstest.git;a=summary
Not pushing.
------------------------------------------------------------
commit 01d84420fb4a9be2ec474a7c1910bb22c28b53c8
Author: Julien Grall <jgrall@amazon.com>
Date: Tue May 18 14:51:48 2021 +0100
tools/xenmon: xenbaked: Mark const the field text in stat_map_t
The field text in stat_map_t will point to string literals. So mark it
as const to allow the compiler to catch any modified of the string.
Signed-off-by: Julien Grall <jgrall@amazon.com>
Reviewed-by: Anthony PERARD <anthony.perard@citrix.com>
Acked-by: Wei Liu <wl@xen.org>
commit 4b7702727a8d89fea0a239adcbeb18aa2c85ede0
Author: Julien Grall <jgrall@amazon.com>
Date: Tue May 18 14:51:28 2021 +0100
tools/top: The string parameter in set_prompt() and set_delay() should be const
Neither string parameter in set_prompt() and set_delay() are meant to
be modified. In particular, new_prompt can point to a literal string.
So mark the two parameters as const and propagate it.
Signed-off-by: Julien Grall <jgrall@amazon.com>
Reviewed-by: Anthony PERARD <anthony.perard@citrix.com>
Acked-by: Wei Liu <wl@xen.org>
commit 5605cfd49a18df41a21fb50cd81528312a39d7c9
Author: Julien Grall <jgrall@amazon.com>
Date: Tue May 18 14:50:32 2021 +0100
tools/misc: Use const whenever we point to literal strings
literal strings are not meant to be modified. So we should use const
char * rather than char * when we we to store a pointer to them.
Signed-off-by: Julien Grall <jgrall@amazon.com>
Reviewed-by: Anthony PERARD <anthony.perard@citrix.com>
Acked-by: Wei Liu <wl@xen.org>
commit 89aae4ad8f495b647de33f2df5046b3ce68225f8
Author: Julien Grall <jgrall@amazon.com>
Date: Tue May 18 14:35:07 2021 +0100
tools/libs: stat: Use const whenever we point to literal strings
literal strings are not meant to be modified. So we should use const
char * rather than char * when we want to store a pointer to them.
Signed-off-by: Julien Grall <jgrall@amazon.com>
Reviewed-by: Anthony PERARD <anthony.perard@citrix.com>
Acked-by: Wei Liu <wl@xen.org>
commit 8fc4916daf2aac34088ebd5ec3d6fd707ac4221d
Author: Julien Grall <jgrall@amazon.com>
Date: Tue May 18 14:34:22 2021 +0100
tools/libs: guest: Use const whenever we point to literal strings
literal strings are not meant to be modified. So we should use const
*char rather than char * when we want to store a pointer to them.
Signed-off-by: Julien Grall <jgrall@amazon.com>
Reviewed-by: Anthony PERARD <anthony.perard@citrix.com>
Acked-by: Wei Liu <wl@xen.org>
(qemu changes not included)
^ permalink raw reply [flat|nested] only message in thread
only message in thread, other threads:[~2021-05-18 21:53 UTC | newest]
Thread overview: (only message) (download: mbox.gz / follow: Atom feed)
-- links below jump to the message on this page --
2021-05-18 21:53 [xen-unstable-smoke test] 162062: regressions - FAIL osstest service owner
This is a public inbox, see mirroring instructions
for how to clone and mirror all data and code used for this inbox;
as well as URLs for NNTP newsgroup(s).